{"id":394,"date":"2019-07-09T00:13:21","date_gmt":"2019-07-08T22:13:21","guid":{"rendered":"https:\/\/www.oaxaca.gob.mx\/gobiernoabierto\/?page_id=394"},"modified":"2019-12-04T13:44:23","modified_gmt":"2019-12-04T19:44:23","slug":"formatos-2","status":"publish","type":"page","link":"https:\/\/www.oaxaca.gob.mx\/transparencia\/formatos-2\/","title":{"rendered":"Formatos"},"content":{"rendered":"<p style=\"text-align: justify;margin-top: 30px\">Estos formatos se podr\u00e1n descargar y requisitar para presentar en la dependencia de la cual necesites realizar una solicitud de acceso a la informaci\u00f3n o una solicitud de derechos ARCO.<\/p>\n<ul class=\"listas-geo\">\n<li><a style=\"font-size: 16px\" target=\"_blank\" rel=\"noopener noreferrer\" href=\"https:\/\/www.oaxaca.gob.mx\/transparencia\/wp-content\/uploads\/sites\/3\/2019\/07\/ACCESO-A-LA-INFORMACION.pdf\"><i class=\"far fa-file-pdf fa-2x\"><\/i>    Solicitud de acceso a la informaci\u00f3n p\u00fablica<\/a><\/li>\n<li><a style=\"font-size: 16px\" target=\"_blank\" rel=\"noopener noreferrer\" href=\"https:\/\/www.oaxaca.gob.mx\/transparencia\/wp-content\/uploads\/sites\/3\/2019\/07\/ARCO.pdf\"><i class=\"far fa-file-pdf fa-2x\"><\/i> Solicitud de acceso, rectificaci\u00f3n, cancelaci\u00f3n u oposici\u00f3n<\/a><\/li>\n<\/ul>\n<p>&nbsp;<\/p>\n<p style=\"text-align: justify\">Este formato se podr\u00e1 descargar y requisitar para presentar un recurso de revisi\u00f3n ante el Instituto de Acceso a la Informaci\u00f3n y Protecci\u00f3n de Datos Personales de Oaxaca (IAIP), o bien, ante la unidad de transparencia de la dependencia.<\/p>\n<ul class=\"listas-geo\" style=\"margin-bottom: 60px\">\n<li><a style=\"font-size: 16px\" target=\"_blank\" rel=\"noopener noreferrer\" href=\"https:\/\/www.oaxaca.gob.mx\/transparencia\/wp-content\/uploads\/sites\/3\/2019\/07\/RECURSO-DE-REVISION.pdf\"><i class=\"far fa-file-pdf fa-2x\"><\/i>    Recurso de revisi\u00f3n ante el instituto de acceso a la informaci\u00f3n p\u00fablica y protecci\u00f3n de datos personales del Estado de Oaxaca<\/a><\/li>\n<\/ul>\n<p style=\"text-align: justify\">MANUAL DE USUARIO SCCO<\/p>\n<ul class=\"listas-geo\" style=\"margin-bottom: 60px\">\n<li><a style=\"font-size: 16px\" target=\"_blank\" rel=\"noopener noreferrer\" href=\"https:\/\/www.oaxaca.gob.mx\/transparencia\/wp-content\/uploads\/sites\/3\/2019\/12\/MANUAL-DE-USUARIO-SCCO.pdf\"><i class=\"far fa-file-pdf fa-2x\"><\/i>   <\/a><\/li>\n<\/ul>\n","protected":false},"excerpt":{"rendered":"<p>Estos formatos se podr\u00e1n descargar y requisitar para presentar en la dependencia de la cual necesites realizar una solicitud de acceso a la informaci\u00f3n o una solicitud de derechos ARCO. Solicitud de acceso a la informaci\u00f3n p\u00fablica Solicitud de acceso, rectificaci\u00f3n, cancelaci\u00f3n u oposici\u00f3n &nbsp; Este formato se podr\u00e1 descargar y requisitar para presentar un [&hellip;]<\/p>\n","protected":false},"author":1,"featured_media":0,"parent":0,"menu_order":0,"comment_status":"closed","ping_status":"closed","template":"","meta":{"episode_type":"","audio_file":"","podmotor_file_id":"","podmotor_episode_id":"","cover_image":"","cover_image_id":"","duration":"","filesize":"","filesize_raw":"","date_recorded":"","explicit":"","block":"","itunes_episode_number":"","itunes_title":"","itunes_season_number":"","itunes_episode_type":"","footnotes":""},"categories":[],"tags":[],"class_list":["post-394","page","type-page","status-publish","hentry"],"publishpress_future_action":{"enabled":false,"date":"2026-05-16 07:37:05","action":"change-status","newStatus":"draft","terms":[],"taxonomy":"category","extraData":[]},"publishpress_future_workflow_manual_trigger":{"enabledWorkflows":[]},"_links":{"self":[{"href":"https:\/\/www.oaxaca.gob.mx\/transparencia\/wp-json\/wp\/v2\/pages\/394","targetHints":{"allow":["GET"]}}],"collection":[{"href":"https:\/\/www.oaxaca.gob.mx\/transparencia\/wp-json\/wp\/v2\/pages"}],"about":[{"href":"https:\/\/www.oaxaca.gob.mx\/transparencia\/wp-json\/wp\/v2\/types\/page"}],"author":[{"embeddable":true,"href":"https:\/\/www.oaxaca.gob.mx\/transparencia\/wp-json\/wp\/v2\/users\/1"}],"replies":[{"embeddable":true,"href":"https:\/\/www.oaxaca.gob.mx\/transparencia\/wp-json\/wp\/v2\/comments?post=394"}],"version-history":[{"count":2,"href":"https:\/\/www.oaxaca.gob.mx\/transparencia\/wp-json\/wp\/v2\/pages\/394\/revisions"}],"predecessor-version":[{"id":1028,"href":"https:\/\/www.oaxaca.gob.mx\/transparencia\/wp-json\/wp\/v2\/pages\/394\/revisions\/1028"}],"wp:attachment":[{"href":"https:\/\/www.oaxaca.gob.mx\/transparencia\/wp-json\/wp\/v2\/media?parent=394"}],"wp:term":[{"taxonomy":"category","embeddable":true,"href":"https:\/\/www.oaxaca.gob.mx\/transparencia\/wp-json\/wp\/v2\/categories?post=394"},{"taxonomy":"post_tag","embeddable":true,"href":"https:\/\/www.oaxaca.gob.mx\/transparencia\/wp-json\/wp\/v2\/tags?post=394"}],"curies":[{"name":"wp","href":"https:\/\/api.w.org\/{rel}","templated":true}]}}