{"id":170,"date":"2019-01-07T17:44:49","date_gmt":"2019-01-07T17:44:49","guid":{"rendered":"https:\/\/q-www.oaxaca.gob.mx\/transparencia\/?page_id=170"},"modified":"2019-01-16T21:38:48","modified_gmt":"2019-01-16T21:38:48","slug":"formatos","status":"publish","type":"page","link":"https:\/\/www.oaxaca.gob.mx\/transparencia\/formatos\/","title":{"rendered":"Formatos"},"content":{"rendered":"<p style=\"text-align: justify;margin-top: 30px\">Estos formatos se podr\u00e1n descargar y requisitar para presentar en la dependencia de la cual necesites realizar una solicitud de acceso a la informaci\u00f3n o una solicitud de derechos ARCO.<\/p>\n<ul class=\"listas-geo\">\n<li><a style=\"font-size: 16px\" target=\"_blank\" rel=\"noopener\" href=\"\/transparencia\/wp-content\/uploads\/sites\/3\/2019\/01\/ACCESO-A-LA-INFORMACION.pdf\"><i class=\"far fa-file-pdf fa-2x\"><\/i>\u00a0\u00a0\u00a0\u00a0Solicitud de acceso a la informaci\u00f3n p\u00fablica<\/a><\/li>\n<li><a style=\"font-size: 16px\" target=\"_blank\" rel=\"noopener\" href=\"\/transparencia\/wp-content\/uploads\/sites\/3\/2019\/01\/ARCO.pdf\"><i class=\"far fa-file-pdf fa-2x\"><\/i>\u00a0\u00a0\u00a0\u00a0Solicitud de acceso, rectificaci\u00f3n, cancelaci\u00f3n u oposici\u00f3n<\/a><\/li>\n<\/ul>\n<p>&nbsp;<\/p>\n<p style=\"text-align: justify\">Este formato se podr\u00e1 descargar y requisitar para presentar un recurso de revisi\u00f3n ante el Instituto de Acceso a la Informaci\u00f3n y Protecci\u00f3n de Datos Personales de Oaxaca (IAIP), o bien, ante la unidad de transparencia de la dependencia.<\/p>\n<ul class=\"listas-geo\" style=\"margin-bottom: 60px\">\n<li><a style=\"font-size: 16px\" target=\"_blank\" rel=\"noopener\" href=\"\/transparencia\/wp-content\/uploads\/sites\/3\/2019\/01\/RECURSO-DE-REVISION.pdf\"><i class=\"far fa-file-pdf fa-2x\"><\/i>\u00a0\u00a0\u00a0\u00a0Recurso de revisi\u00f3n ante el instituto de acceso a la informaci\u00f3n p\u00fablica y protecci\u00f3n de datos personales del Estado de Oaxaca<\/a><\/li>\n<\/ul>\n","protected":false},"excerpt":{"rendered":"<p>Estos formatos se podr\u00e1n descargar y requisitar para presentar en la dependencia de la cual necesites realizar una solicitud de acceso a la informaci\u00f3n o una solicitud de derechos ARCO. \u00a0\u00a0\u00a0\u00a0Solicitud de acceso a la informaci\u00f3n p\u00fablica \u00a0\u00a0\u00a0\u00a0Solicitud de acceso, rectificaci\u00f3n, cancelaci\u00f3n u oposici\u00f3n &nbsp; Este formato se podr\u00e1 descargar y requisitar para presentar un [&hellip;]<\/p>\n","protected":false},"author":1,"featured_media":0,"parent":0,"menu_order":0,"comment_status":"closed","ping_status":"closed","template":"","meta":{"episode_type":"","audio_file":"","podmotor_file_id":"","podmotor_episode_id":"","cover_image":"","cover_image_id":"","duration":"","filesize":"","filesize_raw":"","date_recorded":"","explicit":"","block":"","itunes_episode_number":"","itunes_title":"","itunes_season_number":"","itunes_episode_type":"","footnotes":""},"categories":[],"tags":[],"class_list":["post-170","page","type-page","status-publish","hentry"],"publishpress_future_action":{"enabled":false,"date":"2026-05-16 07:35:59","action":"change-status","newStatus":"draft","terms":[],"taxonomy":"category","extraData":[]},"publishpress_future_workflow_manual_trigger":{"enabledWorkflows":[]},"_links":{"self":[{"href":"https:\/\/www.oaxaca.gob.mx\/transparencia\/wp-json\/wp\/v2\/pages\/170","targetHints":{"allow":["GET"]}}],"collection":[{"href":"https:\/\/www.oaxaca.gob.mx\/transparencia\/wp-json\/wp\/v2\/pages"}],"about":[{"href":"https:\/\/www.oaxaca.gob.mx\/transparencia\/wp-json\/wp\/v2\/types\/page"}],"author":[{"embeddable":true,"href":"https:\/\/www.oaxaca.gob.mx\/transparencia\/wp-json\/wp\/v2\/users\/1"}],"replies":[{"embeddable":true,"href":"https:\/\/www.oaxaca.gob.mx\/transparencia\/wp-json\/wp\/v2\/comments?post=170"}],"version-history":[{"count":1,"href":"https:\/\/www.oaxaca.gob.mx\/transparencia\/wp-json\/wp\/v2\/pages\/170\/revisions"}],"predecessor-version":[{"id":183,"href":"https:\/\/www.oaxaca.gob.mx\/transparencia\/wp-json\/wp\/v2\/pages\/170\/revisions\/183"}],"wp:attachment":[{"href":"https:\/\/www.oaxaca.gob.mx\/transparencia\/wp-json\/wp\/v2\/media?parent=170"}],"wp:term":[{"taxonomy":"category","embeddable":true,"href":"https:\/\/www.oaxaca.gob.mx\/transparencia\/wp-json\/wp\/v2\/categories?post=170"},{"taxonomy":"post_tag","embeddable":true,"href":"https:\/\/www.oaxaca.gob.mx\/transparencia\/wp-json\/wp\/v2\/tags?post=170"}],"curies":[{"name":"wp","href":"https:\/\/api.w.org\/{rel}","templated":true}]}}