{"id":206,"date":"2020-06-22T20:36:41","date_gmt":"2020-06-22T20:36:41","guid":{"rendered":"https:\/\/q-www.oaxaca.gob.mx\/tebceo\/?page_id=206"},"modified":"2021-06-19T01:19:14","modified_gmt":"2021-06-19T01:19:14","slug":"titular-de-la-dependencia","status":"publish","type":"page","link":"https:\/\/www.oaxaca.gob.mx\/tebceo\/titular-de-la-dependencia\/","title":{"rendered":"Titular de la dependencia"},"content":{"rendered":"<p style=\"text-align: justify\">La educaci\u00f3n es un derecho humano fundamental e indispensable para el ejercicio de los dem\u00e1s derechos humanos, es una herramienta que permite a las personas acceder a mejores condiciones de vida, disminuye la brecha de g\u00e9nero de ni\u00f1as y mujeres, provee de conocimientos, enriquece la cultura, el esp\u00edritu, los valores, fomenta el desarrollo econ\u00f3mico y fortalece la democracia.<\/p>\n<p>La educaci\u00f3n es entonces la plataforma que permite a las personas y sociedades puedan acceder a mejores condiciones de vida, a un mejor ejercicio de sus derechos civiles, pol\u00edticos, sociales, econ\u00f3micos, culturales y del medio ambiente. No podr\u00edamos concebir una sociedad con igualdad, tolerante, democr\u00e1tica, sin una educaci\u00f3n integral y de calidad.<\/p>\n<p>La educaci\u00f3n media superior en M\u00e9xico es obligatoria como lo establece la reforma al art\u00edculo 3 de nuestra Constituci\u00f3n Federal del 2012, y en ese tenor la Ley General de Educaci\u00f3n ha reconocido a los Telebachilleratos Comunitarios como un servicio educativo de ese nivel en todo el pa\u00eds. Ello busca cumplir con el objetivo de alcanzar el 80% de cobertura en la educaci\u00f3n media superior, pues los Telebachilleratos Comunitarios resultan ser una opci\u00f3n para llegar a comunidades donde el rezago educativo debe ser abatido.<\/p>\n<p>Oaxaca es uno de los estados de la Rep\u00fablica con mayor riqueza cultural, cuenta con 570 municipios distribuidos en 8 regiones, y en materia educativa, la entidad representa un reto para las autoridades educativas cuya obligaci\u00f3n es garantizar que los adolescentes y j\u00f3venes tengan acceso a la educaci\u00f3n media superior de calidad, incluyente y moderna.<\/p>\n<p>Es as\u00ed, que esta administraci\u00f3n estatal, para cumplir su mandato constitucional y legal, as\u00ed como de los objetivos del Plan Estatal de Desarrollo 2016-2022, el 06 de abril del a\u00f1o 2019, public\u00f3 en el \u00f3rgano de difusi\u00f3n oficial del gobierno del Estado, el Decreto del Titular del Poder Ejecutivo que crea al organismo p\u00fablico descentralizado <strong>Telebachillerato Comunitario del Estado de Oaxaca (TEBCEO),<\/strong> cuyo objetivo es impulsar e impartir la educaci\u00f3n media superior de tipo bachillerato general, garantizando la calidad en la educaci\u00f3n y el m\u00e1ximo logro de aprendizaje en las y los estudiantes de las distintas comunidades de Oaxaca, con la finalidad de aportar al progreso de las y los j\u00f3venes de nuestro Estado, as\u00ed como al progreso de sus comunidades.<\/p>\n<p>Nuestra vocaci\u00f3n es servir. Con 99 planteles en todo el Estado, somos la instituci\u00f3n educativa de bachillerato general m\u00e1s joven y accesible, representamos la aspiraci\u00f3n de progreso para las juventudes de Oaxaca. Los invito a conocernos.<\/p>\n<p>&nbsp;<\/p>\n<p style=\"text-align: center\">\u00a1Bienvenidos a la p\u00e1gina Web oficial del TEBCEO!<\/p>\n<p>&nbsp;<\/p>\n<p style=\"text-align: center\"><strong>DIRECTOR GENERAL<\/strong><\/p>\n","protected":false},"excerpt":{"rendered":"<p>La educaci\u00f3n es un derecho humano fundamental e indispensable para el ejercicio de los dem\u00e1s derechos humanos, es una herramienta que permite a las personas acceder a mejores condiciones de vida, disminuye la brecha de g\u00e9nero de ni\u00f1as y mujeres, provee de conocimientos, enriquece la cultura, el esp\u00edritu, los valores, fomenta el desarrollo econ\u00f3mico y [&hellip;]<\/p>\n","protected":false},"author":1,"featured_media":0,"parent":0,"menu_order":0,"comment_status":"closed","ping_status":"closed","template":"","meta":{"episode_type":"","audio_file":"","podmotor_file_id":"","podmotor_episode_id":"","cover_image":"","cover_image_id":"","duration":"","filesize":"","filesize_raw":"","date_recorded":"","explicit":"","block":"","itunes_episode_number":"","itunes_title":"","itunes_season_number":"","itunes_episode_type":"","footnotes":""},"categories":[],"tags":[],"class_list":["post-206","page","type-page","status-publish","hentry"],"acf":[],"publishpress_future_action":{"enabled":false,"date":"2026-04-20 21:02:06","action":"change-status","newStatus":"draft","terms":[],"taxonomy":"category","extraData":[]},"publishpress_future_workflow_manual_trigger":{"enabledWorkflows":[]},"_links":{"self":[{"href":"https:\/\/www.oaxaca.gob.mx\/tebceo\/wp-json\/wp\/v2\/pages\/206","targetHints":{"allow":["GET"]}}],"collection":[{"href":"https:\/\/www.oaxaca.gob.mx\/tebceo\/wp-json\/wp\/v2\/pages"}],"about":[{"href":"https:\/\/www.oaxaca.gob.mx\/tebceo\/wp-json\/wp\/v2\/types\/page"}],"author":[{"embeddable":true,"href":"https:\/\/www.oaxaca.gob.mx\/tebceo\/wp-json\/wp\/v2\/users\/1"}],"replies":[{"embeddable":true,"href":"https:\/\/www.oaxaca.gob.mx\/tebceo\/wp-json\/wp\/v2\/comments?post=206"}],"version-history":[{"count":1,"href":"https:\/\/www.oaxaca.gob.mx\/tebceo\/wp-json\/wp\/v2\/pages\/206\/revisions"}],"predecessor-version":[{"id":475,"href":"https:\/\/www.oaxaca.gob.mx\/tebceo\/wp-json\/wp\/v2\/pages\/206\/revisions\/475"}],"wp:attachment":[{"href":"https:\/\/www.oaxaca.gob.mx\/tebceo\/wp-json\/wp\/v2\/media?parent=206"}],"wp:term":[{"taxonomy":"category","embeddable":true,"href":"https:\/\/www.oaxaca.gob.mx\/tebceo\/wp-json\/wp\/v2\/categories?post=206"},{"taxonomy":"post_tag","embeddable":true,"href":"https:\/\/www.oaxaca.gob.mx\/tebceo\/wp-json\/wp\/v2\/tags?post=206"}],"curies":[{"name":"wp","href":"https:\/\/api.w.org\/{rel}","templated":true}]}}