{"id":197,"date":"2020-06-22T20:11:08","date_gmt":"2020-06-22T20:11:08","guid":{"rendered":"https:\/\/q-www.oaxaca.gob.mx\/tebceo\/?page_id=197"},"modified":"2020-06-22T20:11:08","modified_gmt":"2020-06-22T20:11:08","slug":"funciones","status":"publish","type":"page","link":"https:\/\/www.oaxaca.gob.mx\/tebceo\/funciones\/","title":{"rendered":"Funciones"},"content":{"rendered":"<p><strong>Para alcanzar el objeto principal, el TEBCEO tiene las siguientes atribuciones:<\/strong><\/p>\n<p><strong>I.<\/strong> Ofrece, imparte y promueve la educaci\u00f3n de nivel bachillerato en las localidades del Estado, bajo la modalidad escolarizada, utilizando recursos did\u00e1cticos y tecnol\u00f3gicos que faciliten el desarrollo de las competencias establecidas en los Planes y Programas de Estudio vigentes;<\/p>\n<p><strong>II.<\/strong> Aplica los Planes y Programas de Estudio que deriven del Gobierno Federal, del Estado o de ambos, procurando su mejoramiento permanente con el fin de ofrecer educaci\u00f3n pertinente y de calidad;<\/p>\n<p><strong>III.<\/strong> Promueve y desarrolla en los educandos conocimientos, actitudes y habilidades productivas de acuerdo a su entorno, mediante el uso y aplicaci\u00f3n de m\u00e9todos en pleno desarrollo y el mejoramiento de su Regi\u00f3n, Estado o Pa\u00eds;<\/p>\n<p><strong>IV.<\/strong> Impulsa que el educando logre adquirir y desarrollar las competencias que requiere el perfil de egreso de nivel medio superior, para su inclusi\u00f3n a la sociedad;<\/p>\n<p><strong>V.<\/strong> Difunde y promueve entre los educandos las actividades culturales en todas sus expresiones tomando en cuenta las costumbres de su localidad;<\/p>\n<p><strong>VI.<\/strong> Orienta a los educandos hacia una participaci\u00f3n creativa en la econom\u00eda y el desarrollo sustentable de su comunidad o regi\u00f3n;<\/p>\n<p><strong>VII.<\/strong> Impulsa convenios de cooperaci\u00f3n y coordinaci\u00f3n acad\u00e9mica, administrativa y de superaci\u00f3n profesional con otras instituciones oficiales, descentralizadas o particulares, de tipo educativo, afines con su objetivo;<\/p>\n<p><strong>VIII.<\/strong> Acredita y certifica estudios de Bachillerato General impartidos dentro del TEBCEO; y<\/p>\n<p><strong>IX.<\/strong> Las dem\u00e1s necesarias para el funcionamiento del TEBCEO<\/p>\n","protected":false},"excerpt":{"rendered":"<p>Para alcanzar el objeto principal, el TEBCEO tiene las siguientes atribuciones: I. Ofrece, imparte y promueve la educaci\u00f3n de nivel bachillerato en las localidades del Estado, bajo la modalidad escolarizada, utilizando recursos did\u00e1cticos y tecnol\u00f3gicos que faciliten el desarrollo de las competencias establecidas en los Planes y Programas de Estudio vigentes; II. Aplica los Planes [&hellip;]<\/p>\n","protected":false},"author":1,"featured_media":0,"parent":0,"menu_order":0,"comment_status":"closed","ping_status":"closed","template":"","meta":{"episode_type":"","audio_file":"","podmotor_file_id":"","podmotor_episode_id":"","cover_image":"","cover_image_id":"","duration":"","filesize":"","filesize_raw":"","date_recorded":"","explicit":"","block":"","itunes_episode_number":"","itunes_title":"","itunes_season_number":"","itunes_episode_type":"","footnotes":""},"categories":[],"tags":[],"class_list":["post-197","page","type-page","status-publish","hentry"],"acf":[],"publishpress_future_action":{"enabled":false,"date":"2026-04-20 16:48:40","action":"change-status","newStatus":"draft","terms":[],"taxonomy":"category","extraData":[]},"publishpress_future_workflow_manual_trigger":{"enabledWorkflows":[]},"_links":{"self":[{"href":"https:\/\/www.oaxaca.gob.mx\/tebceo\/wp-json\/wp\/v2\/pages\/197","targetHints":{"allow":["GET"]}}],"collection":[{"href":"https:\/\/www.oaxaca.gob.mx\/tebceo\/wp-json\/wp\/v2\/pages"}],"about":[{"href":"https:\/\/www.oaxaca.gob.mx\/tebceo\/wp-json\/wp\/v2\/types\/page"}],"author":[{"embeddable":true,"href":"https:\/\/www.oaxaca.gob.mx\/tebceo\/wp-json\/wp\/v2\/users\/1"}],"replies":[{"embeddable":true,"href":"https:\/\/www.oaxaca.gob.mx\/tebceo\/wp-json\/wp\/v2\/comments?post=197"}],"version-history":[{"count":0,"href":"https:\/\/www.oaxaca.gob.mx\/tebceo\/wp-json\/wp\/v2\/pages\/197\/revisions"}],"wp:attachment":[{"href":"https:\/\/www.oaxaca.gob.mx\/tebceo\/wp-json\/wp\/v2\/media?parent=197"}],"wp:term":[{"taxonomy":"category","embeddable":true,"href":"https:\/\/www.oaxaca.gob.mx\/tebceo\/wp-json\/wp\/v2\/categories?post=197"},{"taxonomy":"post_tag","embeddable":true,"href":"https:\/\/www.oaxaca.gob.mx\/tebceo\/wp-json\/wp\/v2\/tags?post=197"}],"curies":[{"name":"wp","href":"https:\/\/api.w.org\/{rel}","templated":true}]}}