{"id":171,"date":"2020-06-22T19:19:25","date_gmt":"2020-06-22T19:19:25","guid":{"rendered":"https:\/\/q-www.oaxaca.gob.mx\/tebceo\/?page_id=171"},"modified":"2020-06-22T19:19:25","modified_gmt":"2020-06-22T19:19:25","slug":"objetivo","status":"publish","type":"page","link":"https:\/\/www.oaxaca.gob.mx\/tebceo\/objetivo\/","title":{"rendered":"Objetivo"},"content":{"rendered":"<p align=\"justify\"> Con fundamento en su Decreto de Creaci\u00f3n, el TEBCEO tiene como objeto impartir e impulsar la educaci\u00f3n media superior de tipo bachillerato general, tendiente al desarrollo arm\u00f3nico del ser humano, garantizando la calidad en la educaci\u00f3n, el m\u00e1ximo logro de aprendizaje en los educandos de las distintas comunidades en donde se encuentren instalados planteles de Telebachillerato Comunitario, esto alineado a lo dispuesto por el art\u00edculo 3\u00b0 de la Constituci\u00f3n Pol\u00edtica de los Estados Unidos Mexicanos, la Ley General de Educaci\u00f3n, la Ley General del Servicio Profesional Docente y dem\u00e1s ordenamientos vigentes que regulen la materia educativa y sus reglamentos.<\/p>\n","protected":false},"excerpt":{"rendered":"<p>Con fundamento en su Decreto de Creaci\u00f3n, el TEBCEO tiene como objeto impartir e impulsar la educaci\u00f3n media superior de tipo bachillerato general, tendiente al desarrollo arm\u00f3nico del ser humano, garantizando la calidad en la educaci\u00f3n, el m\u00e1ximo logro de aprendizaje en los educandos de las distintas comunidades en donde se encuentren instalados planteles de [&hellip;]<\/p>\n","protected":false},"author":1,"featured_media":0,"parent":0,"menu_order":0,"comment_status":"closed","ping_status":"closed","template":"","meta":{"episode_type":"","audio_file":"","podmotor_file_id":"","podmotor_episode_id":"","cover_image":"","cover_image_id":"","duration":"","filesize":"","filesize_raw":"","date_recorded":"","explicit":"","block":"","itunes_episode_number":"","itunes_title":"","itunes_season_number":"","itunes_episode_type":"","footnotes":""},"categories":[],"tags":[],"class_list":["post-171","page","type-page","status-publish","hentry"],"acf":[],"publishpress_future_action":{"enabled":false,"date":"2026-04-20 18:43:53","action":"change-status","newStatus":"draft","terms":[],"taxonomy":"category","extraData":[]},"publishpress_future_workflow_manual_trigger":{"enabledWorkflows":[]},"_links":{"self":[{"href":"https:\/\/www.oaxaca.gob.mx\/tebceo\/wp-json\/wp\/v2\/pages\/171","targetHints":{"allow":["GET"]}}],"collection":[{"href":"https:\/\/www.oaxaca.gob.mx\/tebceo\/wp-json\/wp\/v2\/pages"}],"about":[{"href":"https:\/\/www.oaxaca.gob.mx\/tebceo\/wp-json\/wp\/v2\/types\/page"}],"author":[{"embeddable":true,"href":"https:\/\/www.oaxaca.gob.mx\/tebceo\/wp-json\/wp\/v2\/users\/1"}],"replies":[{"embeddable":true,"href":"https:\/\/www.oaxaca.gob.mx\/tebceo\/wp-json\/wp\/v2\/comments?post=171"}],"version-history":[{"count":0,"href":"https:\/\/www.oaxaca.gob.mx\/tebceo\/wp-json\/wp\/v2\/pages\/171\/revisions"}],"wp:attachment":[{"href":"https:\/\/www.oaxaca.gob.mx\/tebceo\/wp-json\/wp\/v2\/media?parent=171"}],"wp:term":[{"taxonomy":"category","embeddable":true,"href":"https:\/\/www.oaxaca.gob.mx\/tebceo\/wp-json\/wp\/v2\/categories?post=171"},{"taxonomy":"post_tag","embeddable":true,"href":"https:\/\/www.oaxaca.gob.mx\/tebceo\/wp-json\/wp\/v2\/tags?post=171"}],"curies":[{"name":"wp","href":"https:\/\/api.w.org\/{rel}","templated":true}]}}