{"id":163,"date":"2020-06-22T19:10:23","date_gmt":"2020-06-22T19:10:23","guid":{"rendered":"https:\/\/q-www.oaxaca.gob.mx\/tebceo\/?page_id=163"},"modified":"2020-06-22T19:10:23","modified_gmt":"2020-06-22T19:10:23","slug":"mision","status":"publish","type":"page","link":"https:\/\/www.oaxaca.gob.mx\/tebceo\/mision\/","title":{"rendered":"Misi\u00f3n, Visi\u00f3n y Objetivos"},"content":{"rendered":"<p align=\"justify\"><strong>Misi\u00f3n.<\/strong><\/p>\n<p align=\"justify\">Atender las necesidades de educaci\u00f3n del nivel medio superior, en aquellas comunidades que carecen del servicio y que se ubican en comunidades marginadas, con poca poblaci\u00f3n estudiantil y presentan condiciones sociales adversas, para fomentar una comprometida inclusi\u00f3n y equidad educativa de los sectores m\u00e1s vulnerables de la poblaci\u00f3n, en las distintas regiones del Estado de Oaxaca.<\/p>\n<p align=\"justify\"><strong>Visi\u00f3n.<\/strong><\/p>\n<p align=\"justify\">Ser un bachillerato comunitario de compromiso social, que sea un medio aut\u00e9ntico de transformaci\u00f3n de los pueblos y comunidades rurales de la entidad oaxaque\u00f1a.<\/p>\n<p align=\"justify\"><strong>Objetivos.<\/strong><\/p>\n<p align=\"justify\">Con fundamento en su Decreto de Creaci\u00f3n, el TEBCEO tiene como objeto impartir e impulsar la educaci\u00f3n media superior de tipo bachillerato general, tendiente al desarrollo arm\u00f3nico del ser humano, garantizando la calidad en la educaci\u00f3n, el m\u00e1ximo logro de aprendizaje en los educandos de las distintas comunidades en donde se encuentren instalados planteles de Telebachillerato Comunitario, esto alineado a lo dispuesto por el art\u00edculo 3\u00b0 de la Constituci\u00f3n Pol\u00edtica de los Estados Unidos Mexicanos, la Ley General de Educaci\u00f3n, la Ley General del Servicio Profesional Docente y dem\u00e1s ordenamientos vigentes que regulen la materia educativa y sus reglamentos.<\/p>\n","protected":false},"excerpt":{"rendered":"<p>Misi\u00f3n. Atender las necesidades de educaci\u00f3n del nivel medio superior, en aquellas comunidades que carecen del servicio y que se ubican en comunidades marginadas, con poca poblaci\u00f3n estudiantil y presentan condiciones sociales adversas, para fomentar una comprometida inclusi\u00f3n y equidad educativa de los sectores m\u00e1s vulnerables de la poblaci\u00f3n, en las distintas regiones del Estado [&hellip;]<\/p>\n","protected":false},"author":1,"featured_media":0,"parent":0,"menu_order":0,"comment_status":"closed","ping_status":"closed","template":"","meta":{"episode_type":"","audio_file":"","podmotor_file_id":"","podmotor_episode_id":"","cover_image":"","cover_image_id":"","duration":"","filesize":"","filesize_raw":"","date_recorded":"","explicit":"","block":"","itunes_episode_number":"","itunes_title":"","itunes_season_number":"","itunes_episode_type":"","footnotes":""},"categories":[],"tags":[],"class_list":["post-163","page","type-page","status-publish","hentry"],"acf":[],"publishpress_future_action":{"enabled":false,"date":"2026-04-20 16:49:21","action":"change-status","newStatus":"draft","terms":[],"taxonomy":"category","extraData":[]},"publishpress_future_workflow_manual_trigger":{"enabledWorkflows":[]},"_links":{"self":[{"href":"https:\/\/www.oaxaca.gob.mx\/tebceo\/wp-json\/wp\/v2\/pages\/163","targetHints":{"allow":["GET"]}}],"collection":[{"href":"https:\/\/www.oaxaca.gob.mx\/tebceo\/wp-json\/wp\/v2\/pages"}],"about":[{"href":"https:\/\/www.oaxaca.gob.mx\/tebceo\/wp-json\/wp\/v2\/types\/page"}],"author":[{"embeddable":true,"href":"https:\/\/www.oaxaca.gob.mx\/tebceo\/wp-json\/wp\/v2\/users\/1"}],"replies":[{"embeddable":true,"href":"https:\/\/www.oaxaca.gob.mx\/tebceo\/wp-json\/wp\/v2\/comments?post=163"}],"version-history":[{"count":1,"href":"https:\/\/www.oaxaca.gob.mx\/tebceo\/wp-json\/wp\/v2\/pages\/163\/revisions"}],"predecessor-version":[{"id":644,"href":"https:\/\/www.oaxaca.gob.mx\/tebceo\/wp-json\/wp\/v2\/pages\/163\/revisions\/644"}],"wp:attachment":[{"href":"https:\/\/www.oaxaca.gob.mx\/tebceo\/wp-json\/wp\/v2\/media?parent=163"}],"wp:term":[{"taxonomy":"category","embeddable":true,"href":"https:\/\/www.oaxaca.gob.mx\/tebceo\/wp-json\/wp\/v2\/categories?post=163"},{"taxonomy":"post_tag","embeddable":true,"href":"https:\/\/www.oaxaca.gob.mx\/tebceo\/wp-json\/wp\/v2\/tags?post=163"}],"curies":[{"name":"wp","href":"https:\/\/api.w.org\/{rel}","templated":true}]}}