{"id":9277,"date":"2022-08-05T13:19:17","date_gmt":"2022-08-05T18:19:17","guid":{"rendered":"https:\/\/www.oaxaca.gob.mx\/sapao\/?page_id=9277"},"modified":"2022-09-28T15:18:39","modified_gmt":"2022-09-28T20:18:39","slug":"registro-digital-de-acuerdos","status":"publish","type":"page","link":"https:\/\/www.oaxaca.gob.mx\/soapa\/registro-digital-de-acuerdos\/","title":{"rendered":"Registro Digital de Acuerdos"},"content":{"rendered":"<h3>En el marco del Plan de Trabajo de Control Interno, PTCI 2022, atendiendo el componente IV: Informaci\u00f3n y Comunicaci\u00f3n, se implement\u00f3 el Registro Digital de Acuerdos y Compromisos correspondientes a los procesos aprobados en las reuniones de \u00f3rgano de gobierno, comit\u00e9s institucionales o grupos de trabajo.<\/h3>\n<h3>El Registro Digital de Acuerdos y Compromisos es una compilaci\u00f3n y difusi\u00f3n de las acciones y actividades que se determinan en los diversos comit\u00e9s con que cuenta organismo p\u00fablico descentralizado, disponiendo de estrategias de comunicaci\u00f3n digital en observancia al fortalecimiento y mejora de la gesti\u00f3n interna.<\/h3>\n<p>&nbsp;<\/p>\n<div class=\"su-tabs su-tabs-style-default su-tabs-mobile-stack su-tabs-vertical\" data-active=\"1\" data-scroll-offset=\"0\" data-anchor-in-url=\"no\"><div class=\"su-tabs-nav\"><span class=\"\" data-url=\"\" data-target=\"blank\" tabindex=\"0\" role=\"button\">2022<\/span><\/div><div class=\"su-tabs-panes\"><div class=\"su-tabs-pane su-u-clearfix su-u-trim\" data-title=\"2022\">\n<table id=\"tablepress-61\" class=\"tablepress tablepress-id-61\">\n<thead>\n<tr class=\"row-1\">\n\t<td class=\"column-1\"><\/td><td class=\"column-2\"><\/td>\n<\/tr>\n<\/thead>\n<tbody class=\"row-striping row-hover\">\n<tr class=\"row-2\">\n\t<td class=\"column-1\"><a href=\"https:\/\/www.oaxaca.gob.mx\/sapao\/registro-digital-009\/\" rel=\"noopener\" target=\"_blank\">Registro Digital 009<\/a><\/td><td class=\"column-2\"><a href=\"https:\/\/www.oaxaca.gob.mx\/sapao\/registro-digital-009\/\" rel=\"noopener\" target=\"_blank\">Acuerdos tomados en la Tercera Sesi\u00f3n Ordinaria del Comit\u00e9 de Transparencia de fecha seis de junio de dos mil veintid\u00f3s<\/a><\/td>\n<\/tr>\n<tr class=\"row-3\">\n\t<td class=\"column-1\"><a href=\"https:\/\/www.oaxaca.gob.mx\/sapao\/registro-digital-008\/\" rel=\"noopener\" target=\"_blank\">Registro Digital 008<\/a><\/td><td class=\"column-2\"><a href=\"https:\/\/www.oaxaca.gob.mx\/sapao\/registro-digital-008\/\" rel=\"noopener\" target=\"_blank\">Acuerdos tomados en la Primera Sesi\u00f3n Ordinaria del Comit\u00e9 de Transparencia el d\u00eda veinticuatro de enero de dos mil veintid\u00f3s<\/a><\/td>\n<\/tr>\n<tr class=\"row-4\">\n\t<td class=\"column-1\"><a href=\"https:\/\/www.oaxaca.gob.mx\/sapao\/registro-digital-007\/\" rel=\"noopener\" target=\"_blank\">Registro Digital 007<\/a><\/td><td class=\"column-2\"><a href=\"https:\/\/www.oaxaca.gob.mx\/sapao\/registro-digital-007\/\" rel=\"noopener\" target=\"_blank\">Acuerdos del Consejo de Administraci\u00f3n de los Servicios de Agua Potable y Alcantarillado de Oaxaca, Emanados en la Primera Sesi\u00f3n Ordinaria 2022.<\/a><\/td>\n<\/tr>\n<tr class=\"row-5\">\n\t<td class=\"column-1\"><a href=\"https:\/\/www.oaxaca.gob.mx\/sapao\/registro-digital-006\/\" rel=\"noopener\" target=\"_blank\">Registro Digital 006<\/a><\/td><td class=\"column-2\"><a href=\"https:\/\/www.oaxaca.gob.mx\/sapao\/registro-digital-006\/\" rel=\"noopener\" target=\"_blank\">Acuerdo tomado en la Primera Sesi\u00f3n Ordinaria 2022 del Comit\u00e9 de Control Interno del Organismo Operador P\u00fablica denominado \"Servicios de Agua Potable y Alcantarillado de Oaxaca (SAPAO)\".<\/a><\/td>\n<\/tr>\n<tr class=\"row-6\">\n\t<td class=\"column-1\"><a href=\"https:\/\/www.oaxaca.gob.mx\/sapao\/registro-digital-005\/\" rel=\"noopener\" target=\"_blank\">Registro Digital 005<\/a><\/td><td class=\"column-2\"><a href=\"https:\/\/www.oaxaca.gob.mx\/sapao\/registro-digital-005\/\" rel=\"noopener\" target=\"_blank\">Acuerdo tomado en la Primera Sesi\u00f3n Ordinaria 2022 del Comit\u00e9 de Control Interno del Organismo Operador P\u00fablica denominado \"Servicios de Agua Potable y Alcantarillado de Oaxaca (SAPAO)\".<\/a><\/td>\n<\/tr>\n<tr class=\"row-7\">\n\t<td class=\"column-1\"><a href=\"https:\/\/www.oaxaca.gob.mx\/sapao\/registro-digital-004\/\" rel=\"noopener\" target=\"_blank\">Registro Digital 004<\/a><\/td><td class=\"column-2\"><a href=\"https:\/\/www.oaxaca.gob.mx\/sapao\/registro-digital-004\/\" rel=\"noopener\" target=\"_blank\">Acuerdo tomado en la Segunda Sesi\u00f3n Extraordinaria del Subcomit\u00e9 de Adquisiciones, Arrendamientos y Servicios del Organismo Operador Publico denominado Servicios de Agua Potable y Alcantarillado de Oaxaca.<\/a><\/td>\n<\/tr>\n<tr class=\"row-8\">\n\t<td class=\"column-1\"><a href=\"https:\/\/www.oaxaca.gob.mx\/sapao\/registro-digital-003\/\" rel=\"noopener\" target=\"_blank\">Registro Digital 003<\/a><\/td><td class=\"column-2\"><a href=\"https:\/\/www.oaxaca.gob.mx\/sapao\/registro-digital-003\/\" rel=\"noopener\" target=\"_blank\">Acuerdo tomado en la Segunda Sesi\u00f3n Ordinaria del Subcomit\u00e9 de Adquisiciones, Arrendamientos y Servicios del Organismo Operador Publico denominado Servicios de Agua Potable y Alcantarillado de Oaxaca.<\/a><\/td>\n<\/tr>\n<tr class=\"row-9\">\n\t<td class=\"column-1\"><a href=\"https:\/\/www.oaxaca.gob.mx\/sapao\/registro-digital-no-002\/\" rel=\"noopener\" target=\"_blank\">Registro Digital 002<\/a><\/td><td class=\"column-2\"><a href=\"https:\/\/www.oaxaca.gob.mx\/sapao\/registro-digital-no-002\/\" rel=\"noopener\" target=\"_blank\">Acuerdo tomado en la Primera Sesi\u00f3n Extraordinaria del Subcomit\u00e9 de Adquisiciones, Arrendamientos y Servicios del Organismo Operador Publico denominado Servicios de Agua Potable y Alcantarillado de Oaxaca.<\/a><\/td>\n<\/tr>\n<tr class=\"row-10\">\n\t<td class=\"column-1\"><a href=\"https:\/\/www.oaxaca.gob.mx\/sapao\/registro-no-001\/\" rel=\"noopener\" target=\"_blank\">Registro Digital 001<\/a><\/td><td class=\"column-2\"><a href=\"https:\/\/www.oaxaca.gob.mx\/sapao\/registro-no-001\/\" rel=\"noopener\" target=\"_blank\">Acuerdo tomado en la Primera Sesi\u00f3n Extraordinaria del Subcomit\u00e9 de Adquisiciones, Arrendamientos y Servicios del Organismo Operador Publico denominado Servicios de Agua Potable y Alcantarillado de Oaxaca.<\/a><\/td>\n<\/tr>\n<\/tbody>\n<\/table>\n<!-- #tablepress-61 from cache --><\/div><\/div><\/div>\n<p>&nbsp;<\/p>\n<p>&nbsp;<\/p>\n","protected":false},"excerpt":{"rendered":"<p>En el marco del Plan de Trabajo de Control Interno, PTCI 2022, atendiendo el componente IV: Informaci\u00f3n y Comunicaci\u00f3n, se implement\u00f3 el Registro Digital de Acuerdos y Compromisos correspondientes a los procesos aprobados en las reuniones de \u00f3rgano de gobierno, comit\u00e9s institucionales o grupos de trabajo. El Registro Digital de Acuerdos y Compromisos es una [&hellip;]<\/p>\n","protected":false},"author":48,"featured_media":0,"parent":0,"menu_order":0,"comment_status":"closed","ping_status":"closed","template":"","meta":{"episode_type":"","audio_file":"","podmotor_file_id":"","podmotor_episode_id":"","cover_image":"","cover_image_id":"","duration":"","filesize":"","filesize_raw":"","date_recorded":"","explicit":"","block":"","itunes_episode_number":"","itunes_title":"","itunes_season_number":"","itunes_episode_type":"","footnotes":""},"categories":[],"tags":[],"class_list":["post-9277","page","type-page","status-publish","hentry"],"acf":[],"publishpress_future_action":{"enabled":false,"date":"2026-04-23 17:40:08","action":"change-status","newStatus":"draft","terms":[],"taxonomy":"category","extraData":[]},"publishpress_future_workflow_manual_trigger":{"enabledWorkflows":[]},"_links":{"self":[{"href":"https:\/\/www.oaxaca.gob.mx\/soapa\/wp-json\/wp\/v2\/pages\/9277","targetHints":{"allow":["GET"]}}],"collection":[{"href":"https:\/\/www.oaxaca.gob.mx\/soapa\/wp-json\/wp\/v2\/pages"}],"about":[{"href":"https:\/\/www.oaxaca.gob.mx\/soapa\/wp-json\/wp\/v2\/types\/page"}],"author":[{"embeddable":true,"href":"https:\/\/www.oaxaca.gob.mx\/soapa\/wp-json\/wp\/v2\/users\/48"}],"replies":[{"embeddable":true,"href":"https:\/\/www.oaxaca.gob.mx\/soapa\/wp-json\/wp\/v2\/comments?post=9277"}],"version-history":[{"count":9,"href":"https:\/\/www.oaxaca.gob.mx\/soapa\/wp-json\/wp\/v2\/pages\/9277\/revisions"}],"predecessor-version":[{"id":9417,"href":"https:\/\/www.oaxaca.gob.mx\/soapa\/wp-json\/wp\/v2\/pages\/9277\/revisions\/9417"}],"wp:attachment":[{"href":"https:\/\/www.oaxaca.gob.mx\/soapa\/wp-json\/wp\/v2\/media?parent=9277"}],"wp:term":[{"taxonomy":"category","embeddable":true,"href":"https:\/\/www.oaxaca.gob.mx\/soapa\/wp-json\/wp\/v2\/categories?post=9277"},{"taxonomy":"post_tag","embeddable":true,"href":"https:\/\/www.oaxaca.gob.mx\/soapa\/wp-json\/wp\/v2\/tags?post=9277"}],"curies":[{"name":"wp","href":"https:\/\/api.w.org\/{rel}","templated":true}]}}