{"id":6453,"date":"2020-10-19T17:50:39","date_gmt":"2020-10-19T22:50:39","guid":{"rendered":"https:\/\/www.oaxaca.gob.mx\/smo\/?page_id=6453"},"modified":"2021-06-11T12:35:12","modified_gmt":"2021-06-11T17:35:12","slug":"contraloria-social-paimef-2020","status":"publish","type":"page","link":"https:\/\/www.oaxaca.gob.mx\/sm\/contraloria-social-paimef-2020\/","title":{"rendered":"Contralor\u00eda Social PAIMEF 2020"},"content":{"rendered":"[box title=\u00bb\u00bfQu\u00e9 es la Contralor\u00eda Social?\u00bb style=\u00bbdefault\u00bb box_color=\u00bb#3B0859&#8243; title_color=\u00bb#FFFFFF\u00bb radius=\u00bb3&#8243;]Son mecanismos de vigilancia y supervisi\u00f3n ciudadana de los servicios o apoyos brindados por el Gobierno\u00a0 a trav\u00e9s de la participaci\u00f3n y organizaci\u00f3n de las personas beneficiarias de los programas de desarrollo social, a fin de verificar el cumplimiento de metas y la correcta aplicaci\u00f3n de los recursos.<\/p>\n[\/box]\n[box title=\u00bb\u00bfQui\u00e9nes pueden participar en la Contralor\u00eda Social del PAIMEF?\u00bb style=\u00bbdefault\u00bb box_color=\u00bb#3B0859&#8243; title_color=\u00bb#FFFFFF\u00bb radius=\u00bb3&#8243;]\u00danicamente participan las personas beneficiarias del Programa PAIMEF, es decir si participas en una actividad o recibes alg\u00fan apoyo de dicho programa. Adem\u00e1s puedes ser parte de un Comit\u00e9 de Contralor\u00eda Social que supervise y verifique que los servicios que se brinden lleguen a las personas.[\/box]\n<hr \/>\n<p style=\"text-align: center\"><strong>Para mayor informaci\u00f3n te recomendamos consultar los siguientes materiales de difusi\u00f3n:<\/strong><\/p>\n<hr \/>\n[row][column size=\u00bb1\/3&#8243; center=\u00bbno\u00bb class=\u00bb\u00bb]\n[box title=\u00bb<strong>Cartel de Contralor\u00eda Social<\/strong>\u00bb style=\u00bbdefault\u00bb box_color=\u00bb#3B0859&#8243; title_color=\u00bb#FFFFFF\u00bb radius=\u00bb3&#8243;]\n<p><a href=\"https:\/\/www.oaxaca.gob.mx\/smo\/wp-content\/uploads\/sites\/72\/2020\/10\/cartel-PAIMEF-2020.pdf\" target=\"_blank\" rel=\"noopener noreferrer\"><img loading=\"lazy\" decoding=\"async\" class=\"aligncenter wp-image-6468 \" src=\"https:\/\/www.oaxaca.gob.mx\/smo\/wp-content\/uploads\/sites\/72\/2020\/10\/Cartel-de-Contraloria-Social-1-751x1024.png\" alt=\"\" width=\"293\" height=\"400\" srcset=\"https:\/\/www.oaxaca.gob.mx\/sm\/wp-content\/uploads\/sites\/72\/2020\/10\/Cartel-de-Contraloria-Social-1-751x1024.png 751w, https:\/\/www.oaxaca.gob.mx\/sm\/wp-content\/uploads\/sites\/72\/2020\/10\/Cartel-de-Contraloria-Social-1-220x300.png 220w, https:\/\/www.oaxaca.gob.mx\/sm\/wp-content\/uploads\/sites\/72\/2020\/10\/Cartel-de-Contraloria-Social-1-768x1047.png 768w, https:\/\/www.oaxaca.gob.mx\/sm\/wp-content\/uploads\/sites\/72\/2020\/10\/Cartel-de-Contraloria-Social-1.png 921w\" sizes=\"auto, (max-width: 293px) 100vw, 293px\" \/><\/a><\/p>\n[\/box]\n[\/column] [column size=\u00bb1\/3&#8243; center=\u00bbno\u00bb class=\u00bb\u00bb]\n[box title=\u00bb<strong>Tr\u00edptico de Contralor\u00eda Social<\/strong>\u00bb style=\u00bbdefault\u00bb box_color=\u00bb#3B0859&#8243; title_color=\u00bb#FFFFFF\u00bb radius=\u00bb3&#8243;]\n<p><a href=\"https:\/\/www.oaxaca.gob.mx\/smo\/wp-content\/uploads\/sites\/72\/2020\/10\/triptico-PAIMEF-2020-.pdf\" target=\"_blank\" rel=\"noopener noreferrer\"><img loading=\"lazy\" decoding=\"async\" class=\"aligncenter wp-image-6469 \" src=\"https:\/\/www.oaxaca.gob.mx\/smo\/wp-content\/uploads\/sites\/72\/2020\/10\/Triptico-de-Contraloria-Social-1-751x1024.png\" alt=\"\" width=\"294\" height=\"400\" srcset=\"https:\/\/www.oaxaca.gob.mx\/sm\/wp-content\/uploads\/sites\/72\/2020\/10\/Triptico-de-Contraloria-Social-1-751x1024.png 751w, https:\/\/www.oaxaca.gob.mx\/sm\/wp-content\/uploads\/sites\/72\/2020\/10\/Triptico-de-Contraloria-Social-1-220x300.png 220w, https:\/\/www.oaxaca.gob.mx\/sm\/wp-content\/uploads\/sites\/72\/2020\/10\/Triptico-de-Contraloria-Social-1-768x1047.png 768w, https:\/\/www.oaxaca.gob.mx\/sm\/wp-content\/uploads\/sites\/72\/2020\/10\/Triptico-de-Contraloria-Social-1.png 921w\" sizes=\"auto, (max-width: 294px) 100vw, 294px\" \/><\/a><\/p>\n[\/box]\n<p>&nbsp;<\/p>\n[\/column] [column size=\u00bb1\/3&#8243; center=\u00bbno\u00bb class=\u00bb\u00bb]\n[box title=\u00bb<strong>Cuaderno de trabajo <\/strong>\u00bb style=\u00bbdefault\u00bb box_color=\u00bb#3B0859&#8243; title_color=\u00bb#FFFFFF\u00bb radius=\u00bb3&#8243;]\n<p><a href=\"https:\/\/www.oaxaca.gob.mx\/smo\/wp-content\/uploads\/sites\/72\/2020\/10\/Cuaderno-CS-PAIMEF-2020.pdf\" target=\"_blank\" rel=\"noopener noreferrer\"><img loading=\"lazy\" decoding=\"async\" class=\"aligncenter wp-image-6470 \" src=\"https:\/\/www.oaxaca.gob.mx\/smo\/wp-content\/uploads\/sites\/72\/2020\/10\/Cuaderno-de-trabajo-para-integrantes-del-Comite-de-Contraloria-1-751x1024.png\" alt=\"\" width=\"294\" height=\"400\" srcset=\"https:\/\/www.oaxaca.gob.mx\/sm\/wp-content\/uploads\/sites\/72\/2020\/10\/Cuaderno-de-trabajo-para-integrantes-del-Comite-de-Contraloria-1-751x1024.png 751w, https:\/\/www.oaxaca.gob.mx\/sm\/wp-content\/uploads\/sites\/72\/2020\/10\/Cuaderno-de-trabajo-para-integrantes-del-Comite-de-Contraloria-1-220x300.png 220w, https:\/\/www.oaxaca.gob.mx\/sm\/wp-content\/uploads\/sites\/72\/2020\/10\/Cuaderno-de-trabajo-para-integrantes-del-Comite-de-Contraloria-1-768x1047.png 768w, https:\/\/www.oaxaca.gob.mx\/sm\/wp-content\/uploads\/sites\/72\/2020\/10\/Cuaderno-de-trabajo-para-integrantes-del-Comite-de-Contraloria-1.png 921w\" sizes=\"auto, (max-width: 294px) 100vw, 294px\" \/><\/a><\/p>\n[\/box]\n[\/column][\/row]\n<hr \/>\n<hr \/>\n[note note_color=\u00bb #572364&#8243; text_color=\u00bb#ffF\u00bb radius=\u00bb3&#8243;]\n<p style=\"text-align: center\"><strong>Si deseas participar en las actividades de Contralor\u00eda Social del Programa PAIMEF o deseas presentar una queja o denuncia, puedes contactarte con:<\/strong><\/p>\n<p><strong>Enlace de Contralor\u00eda Social:<\/strong> Lcda. Monserrat Hern\u00e1ndez S\u00e1nchez.<\/p>\n<p>Ubicado en Centro PAIMEF de Atenci\u00f3n Integral a Mujeres en Situaci\u00f3n de Violencia de G\u00e9nero.<\/p>\n<p>Calle Belisario Dom\u00ednguez #118 Colonia Reforma, Oaxaca de Ju\u00e1rez.<\/p>\n<p><strong>Tel\u00e9fono:<\/strong> 951 207 2666<\/p>\n<p><strong>Celular:<\/strong> 951 456 3714<\/p>\n<p><strong>Email:<\/strong> analisis.investigacion.smo@oaxaca.gob.mx<\/p>\n[\/note]\n","protected":false},"excerpt":{"rendered":"<p>[box title=\u00bb\u00bfQu\u00e9 es la Contralor\u00eda Social?\u00bb style=\u00bbdefault\u00bb box_color=\u00bb#3B0859&#8243; title_color=\u00bb#FFFFFF\u00bb radius=\u00bb3&#8243;]Son mecanismos de vigilancia y supervisi\u00f3n ciudadana de los servicios o apoyos brindados por el Gobierno\u00a0 a trav\u00e9s de la participaci\u00f3n y organizaci\u00f3n de las personas beneficiarias de los programas de desarrollo social, a fin de verificar el cumplimiento de metas y la correcta aplicaci\u00f3n de [&hellip;]<\/p>\n","protected":false},"author":78,"featured_media":0,"parent":0,"menu_order":0,"comment_status":"closed","ping_status":"closed","template":"","meta":{"episode_type":"","audio_file":"","podmotor_file_id":"","podmotor_episode_id":"","cover_image":"","cover_image_id":"","duration":"","filesize":"","filesize_raw":"","date_recorded":"","explicit":"","block":"","itunes_episode_number":"","itunes_title":"","itunes_season_number":"","itunes_episode_type":"","footnotes":""},"categories":[],"tags":[],"class_list":["post-6453","page","type-page","status-publish","hentry"],"acf":[],"publishpress_future_action":{"enabled":false,"date":"2026-05-05 12:47:55","action":"change-status","newStatus":"draft","terms":[],"taxonomy":"category","extraData":[]},"publishpress_future_workflow_manual_trigger":{"enabledWorkflows":[]},"_links":{"self":[{"href":"https:\/\/www.oaxaca.gob.mx\/sm\/wp-json\/wp\/v2\/pages\/6453","targetHints":{"allow":["GET"]}}],"collection":[{"href":"https:\/\/www.oaxaca.gob.mx\/sm\/wp-json\/wp\/v2\/pages"}],"about":[{"href":"https:\/\/www.oaxaca.gob.mx\/sm\/wp-json\/wp\/v2\/types\/page"}],"author":[{"embeddable":true,"href":"https:\/\/www.oaxaca.gob.mx\/sm\/wp-json\/wp\/v2\/users\/78"}],"replies":[{"embeddable":true,"href":"https:\/\/www.oaxaca.gob.mx\/sm\/wp-json\/wp\/v2\/comments?post=6453"}],"version-history":[{"count":21,"href":"https:\/\/www.oaxaca.gob.mx\/sm\/wp-json\/wp\/v2\/pages\/6453\/revisions"}],"predecessor-version":[{"id":6455,"href":"https:\/\/www.oaxaca.gob.mx\/sm\/wp-json\/wp\/v2\/pages\/6453\/revisions\/6455"}],"wp:attachment":[{"href":"https:\/\/www.oaxaca.gob.mx\/sm\/wp-json\/wp\/v2\/media?parent=6453"}],"wp:term":[{"taxonomy":"category","embeddable":true,"href":"https:\/\/www.oaxaca.gob.mx\/sm\/wp-json\/wp\/v2\/categories?post=6453"},{"taxonomy":"post_tag","embeddable":true,"href":"https:\/\/www.oaxaca.gob.mx\/sm\/wp-json\/wp\/v2\/tags?post=6453"}],"curies":[{"name":"wp","href":"https:\/\/api.w.org\/{rel}","templated":true}]}}

Contraloría Social PAIMEF 2020

[box title=»¿Qué es la Contraloría Social?» style=»default» box_color=»#3B0859&#8243; title_color=»#FFFFFF» radius=»3&#8243;]Son mecanismos de vigilancia y supervisión ciudadana de los servicios o apoyos brindados por el Gobierno  a través de la participación y organización de las personas beneficiarias de los programas de desarrollo social, a fin de verificar el cumplimiento de metas y la correcta aplicación de los recursos.</p>
[/box]
[box title=»¿Quiénes pueden participar en la Contraloría Social del PAIMEF?» style=»default» box_color=»#3B0859&#8243; title_color=»#FFFFFF» radius=»3&#8243;]Únicamente participan las personas beneficiarias del Programa PAIMEF, es decir si participas en una actividad o recibes algún apoyo de dicho programa. Además puedes ser parte de un Comité de Contraloría Social que supervise y verifique que los servicios que se brinden lleguen a las personas.[/box]
<hr />
<p style="text-align: center"><strong>Para mayor información te recomendamos consultar los siguientes materiales de difusión:</strong></p>
<hr />
[row][column size=»1/3&#8243; center=»no» class=»»]
[box title=»<strong>Cartel de Contraloría Social</strong>» style=»default» box_color=»#3B0859&#8243; title_color=»#FFFFFF» radius=»3&#8243;]
<p><a href="https://www.oaxaca.gob.mx/smo/wp-content/uploads/sites/72/2020/10/cartel-PAIMEF-2020.pdf" target="_blank" rel="noopener noreferrer"><img loading="lazy" decoding="async" class="aligncenter wp-image-6468 " src="https://www.oaxaca.gob.mx/smo/wp-content/uploads/sites/72/2020/10/Cartel-de-Contraloria-Social-1-751x1024.png" alt="" width="293" height="400" srcset="https://www.oaxaca.gob.mx/sm/wp-content/uploads/sites/72/2020/10/Cartel-de-Contraloria-Social-1-751x1024.png 751w, https://www.oaxaca.gob.mx/sm/wp-content/uploads/sites/72/2020/10/Cartel-de-Contraloria-Social-1-220x300.png 220w, https://www.oaxaca.gob.mx/sm/wp-content/uploads/sites/72/2020/10/Cartel-de-Contraloria-Social-1-768x1047.png 768w, https://www.oaxaca.gob.mx/sm/wp-content/uploads/sites/72/2020/10/Cartel-de-Contraloria-Social-1.png 921w" sizes="auto, (max-width: 293px) 100vw, 293px" /></a></p>
[/box]
[/column] [column size=»1/3&#8243; center=»no» class=»»]
[box title=»<strong>Tríptico de Contraloría Social</strong>» style=»default» box_color=»#3B0859&#8243; title_color=»#FFFFFF» radius=»3&#8243;]
<p><a href="https://www.oaxaca.gob.mx/smo/wp-content/uploads/sites/72/2020/10/triptico-PAIMEF-2020-.pdf" target="_blank" rel="noopener noreferrer"><img loading="lazy" decoding="async" class="aligncenter wp-image-6469 " src="https://www.oaxaca.gob.mx/smo/wp-content/uploads/sites/72/2020/10/Triptico-de-Contraloria-Social-1-751x1024.png" alt="" width="294" height="400" srcset="https://www.oaxaca.gob.mx/sm/wp-content/uploads/sites/72/2020/10/Triptico-de-Contraloria-Social-1-751x1024.png 751w, https://www.oaxaca.gob.mx/sm/wp-content/uploads/sites/72/2020/10/Triptico-de-Contraloria-Social-1-220x300.png 220w, https://www.oaxaca.gob.mx/sm/wp-content/uploads/sites/72/2020/10/Triptico-de-Contraloria-Social-1-768x1047.png 768w, https://www.oaxaca.gob.mx/sm/wp-content/uploads/sites/72/2020/10/Triptico-de-Contraloria-Social-1.png 921w" sizes="auto, (max-width: 294px) 100vw, 294px" /></a></p>
[/box]
<p>&nbsp;</p>
[/column] [column size=»1/3&#8243; center=»no» class=»»]
[box title=»<strong>Cuaderno de trabajo </strong>» style=»default» box_color=»#3B0859&#8243; title_color=»#FFFFFF» radius=»3&#8243;]
<p><a href="https://www.oaxaca.gob.mx/smo/wp-content/uploads/sites/72/2020/10/Cuaderno-CS-PAIMEF-2020.pdf" target="_blank" rel="noopener noreferrer"><img loading="lazy" decoding="async" class="aligncenter wp-image-6470 " src="https://www.oaxaca.gob.mx/smo/wp-content/uploads/sites/72/2020/10/Cuaderno-de-trabajo-para-integrantes-del-Comite-de-Contraloria-1-751x1024.png" alt="" width="294" height="400" srcset="https://www.oaxaca.gob.mx/sm/wp-content/uploads/sites/72/2020/10/Cuaderno-de-trabajo-para-integrantes-del-Comite-de-Contraloria-1-751x1024.png 751w, https://www.oaxaca.gob.mx/sm/wp-content/uploads/sites/72/2020/10/Cuaderno-de-trabajo-para-integrantes-del-Comite-de-Contraloria-1-220x300.png 220w, https://www.oaxaca.gob.mx/sm/wp-content/uploads/sites/72/2020/10/Cuaderno-de-trabajo-para-integrantes-del-Comite-de-Contraloria-1-768x1047.png 768w, https://www.oaxaca.gob.mx/sm/wp-content/uploads/sites/72/2020/10/Cuaderno-de-trabajo-para-integrantes-del-Comite-de-Contraloria-1.png 921w" sizes="auto, (max-width: 294px) 100vw, 294px" /></a></p>
[/box]
[/column][/row]
<hr />
<hr />
[note note_color=» #572364&#8243; text_color=»#ffF» radius=»3&#8243;]
<p style="text-align: center"><strong>Si deseas participar en las actividades de Contraloría Social del Programa PAIMEF o deseas presentar una queja o denuncia, puedes contactarte con:</strong></p>
<p><strong>Enlace de Contraloría Social:</strong> Lcda. Monserrat Hernández Sánchez.</p>
<p>Ubicado en Centro PAIMEF de Atención Integral a Mujeres en Situación de Violencia de Género.</p>
<p>Calle Belisario Domínguez #118 Colonia Reforma, Oaxaca de Juárez.</p>
<p><strong>Teléfono:</strong> 951 207 2666</p>
<p><strong>Celular:</strong> 951 456 3714</p>
<p><strong>Email:</strong> analisis.investigacion.smo@oaxaca.gob.mx</p>
[/note]

<p>[box title=»¿Qué es la Contraloría Social?» style=»default» box_color=»#3B0859&#8243; title_color=»#FFFFFF» radius=»3&#8243;]Son mecanismos de vigilancia y supervisión ciudadana de los servicios o apoyos brindados por el Gobierno  a través de la participación y organización de las personas beneficiarias de los programas de desarrollo social, a fin de verificar el cumplimiento de metas y la correcta aplicación de [&hellip;]</p>
