{"id":259,"date":"2016-02-10T16:18:30","date_gmt":"2016-02-10T22:18:30","guid":{"rendered":"https:\/\/www.oaxaca.gob.mx\/sinfra\/?page_id=259"},"modified":"2016-02-10T16:18:30","modified_gmt":"2016-02-10T22:18:30","slug":"unidad-de-programacion-de-inversiones","status":"publish","type":"page","link":"https:\/\/www.oaxaca.gob.mx\/sinfra\/unidad-de-programacion-de-inversiones\/","title":{"rendered":"Unidad de Programaci\u00f3n de Inversiones"},"content":{"rendered":"<p>\t\t\t\t<strong>Funciones<\/strong><\/p>\n<p>I. Coordinar la integraci\u00f3n del Programa Anual de Obras P\u00fablicas del Estado, considerando los diferentes fondos y fuentes de financiamiento p\u00fablicos y, en su caso, privados;<\/p>\n<p>II. Gestionar la autorizaci\u00f3n de los recursos presupuestales para la ejecuci\u00f3n de obra y proyectos de infraestructura, ante las instancias correspondientes;<\/p>\n<p>III. Dar seguimiento a los avances f\u00edsico y financiero de las obras, mediante el sistema inform\u00e1tico que se tenga implementado en la Secretar\u00eda;<\/p>\n<p>IV. Organizar el proceso de validaci\u00f3n, autorizaci\u00f3n y aprobaci\u00f3n de recursos de las obras propuestas por la Secretar\u00eda;<span class=\"apple-converted-space\">\u00a0<\/span><\/p>\n<p>V. Coordinar la integraci\u00f3n y tr\u00e1mite de los cierres de ejercicio de las obras y acciones autorizadas a la Secretar\u00eda de todas las fuentes de financiamiento, y<\/p>\n<p>VI. Las dem\u00e1s que le se\u00f1alen las disposiciones normativas aplicables y le confiera su superior jer\u00e1rquico, en el \u00e1mbito de su competencia.\t\t<\/p>\n","protected":false},"excerpt":{"rendered":"<p>Funciones I. Coordinar la integraci\u00f3n del Programa Anual de Obras P\u00fablicas del Estado, considerando los diferentes fondos y fuentes de financiamiento p\u00fablicos y, en su caso, privados; II. Gestionar la autorizaci\u00f3n de los recursos presupuestales para la ejecuci\u00f3n de obra y proyectos de infraestructura, ante las instancias correspondientes; III. Dar seguimiento a los avances f\u00edsico [&hellip;]<\/p>\n","protected":false},"author":1,"featured_media":0,"parent":0,"menu_order":0,"comment_status":"closed","ping_status":"closed","template":"","meta":{"episode_type":"","audio_file":"","podmotor_file_id":"","podmotor_episode_id":"","cover_image":"","cover_image_id":"","duration":"","filesize":"","filesize_raw":"","date_recorded":"","explicit":"","block":"","itunes_episode_number":"","itunes_title":"","itunes_season_number":"","itunes_episode_type":"","footnotes":""},"categories":[],"tags":[],"class_list":["post-259","page","type-page","status-publish","hentry"],"acf":[],"publishpress_future_action":{"enabled":false,"date":"2026-05-23 20:07:26","action":"change-status","newStatus":"draft","terms":[],"taxonomy":"category","extraData":[]},"publishpress_future_workflow_manual_trigger":{"enabledWorkflows":[]},"_links":{"self":[{"href":"https:\/\/www.oaxaca.gob.mx\/sinfra\/wp-json\/wp\/v2\/pages\/259","targetHints":{"allow":["GET"]}}],"collection":[{"href":"https:\/\/www.oaxaca.gob.mx\/sinfra\/wp-json\/wp\/v2\/pages"}],"about":[{"href":"https:\/\/www.oaxaca.gob.mx\/sinfra\/wp-json\/wp\/v2\/types\/page"}],"author":[{"embeddable":true,"href":"https:\/\/www.oaxaca.gob.mx\/sinfra\/wp-json\/wp\/v2\/users\/1"}],"replies":[{"embeddable":true,"href":"https:\/\/www.oaxaca.gob.mx\/sinfra\/wp-json\/wp\/v2\/comments?post=259"}],"version-history":[{"count":0,"href":"https:\/\/www.oaxaca.gob.mx\/sinfra\/wp-json\/wp\/v2\/pages\/259\/revisions"}],"wp:attachment":[{"href":"https:\/\/www.oaxaca.gob.mx\/sinfra\/wp-json\/wp\/v2\/media?parent=259"}],"wp:term":[{"taxonomy":"category","embeddable":true,"href":"https:\/\/www.oaxaca.gob.mx\/sinfra\/wp-json\/wp\/v2\/categories?post=259"},{"taxonomy":"post_tag","embeddable":true,"href":"https:\/\/www.oaxaca.gob.mx\/sinfra\/wp-json\/wp\/v2\/tags?post=259"}],"curies":[{"name":"wp","href":"https:\/\/api.w.org\/{rel}","templated":true}]}}