{"id":253,"date":"2016-02-10T16:08:34","date_gmt":"2016-02-10T22:08:34","guid":{"rendered":"https:\/\/www.oaxaca.gob.mx\/sinfra\/?page_id=253"},"modified":"2016-02-10T16:08:34","modified_gmt":"2016-02-10T22:08:34","slug":"direccion-de-centros-de-poblacion","status":"publish","type":"page","link":"https:\/\/www.oaxaca.gob.mx\/sinfra\/direccion-de-centros-de-poblacion\/","title":{"rendered":"Direcci\u00f3n de Centros de Poblaci\u00f3n"},"content":{"rendered":"<p>\t\t\t\t<strong>Funciones<\/strong><\/p>\n<p>I. Promover en los centros de poblaci\u00f3n la observancia y permanente actualizaci\u00f3n de la normatividad, planes y programas de desarrollo urbano, as\u00ed como las dem\u00e1s disposiciones relativas y vigentes en el Estado de Oaxaca;<\/p>\n<p>II. Promover y coordinar la elaboraci\u00f3n de los planes y programas de desarrollo urbano en concurrencia con los municipios e instituciones que correspondan, con el objeto de orientar el crecimiento y desarrollo de los centros de poblaci\u00f3n, establecer la reserva territorial necesaria, as\u00ed como propiciar la distribuci\u00f3n equitativa de las cargas y los beneficios del desarrollo urbano;<\/p>\n<p>III. Promover e implementar pol\u00edticas y estrategias para el desarrollo urbano de los centros de poblaci\u00f3n con principios de equidad, competitividad y sustentabilidad promoviendo su cumplimiento;<\/p>\n<p>IV. Proponer, concertar e implementar programas, proyectos, acciones y medidas complementarias en materia de desarrollo urbano para el fortalecimiento de zonas prioritarias, zonas estrat\u00e9gicas y zonas marginadas en los centros de poblaci\u00f3n y zonas metropolitanas de la entidad;<\/p>\n<p>V. Proporcionar asesor\u00eda t\u00e9cnica a los ayuntamientos y autoridades para establecer criterios y procedimientos respecto a la expedici\u00f3n de licencias de construcci\u00f3n, alineamiento, fusiones, subdivisiones, lotificaciones, fraccionamientos y propuestas urban\u00edsticas, con base en los planes, programas y\/o estudios de desarrollo urbano, leyes y reglamentos en la materia;<\/p>\n<p>VI. Proporcionar asesor\u00eda y apoyo t\u00e9cnico a centros de poblaci\u00f3n sobre sistemas y procedimientos constructivos sustentables y ecol\u00f3gicamente eficientes que respeten toda aquella organizaci\u00f3n territorial urbana y arquitect\u00f3nica con valor hist\u00f3rico y\/o cultural, para su eficaz integraci\u00f3n y alineamiento a los objetivos y estrategias de los planes y programas de desarrollo urbano del Estado, a petici\u00f3n de las autoridades que correspondan;<\/p>\n<p>VII. Promover pol\u00edticas y programas de asesor\u00eda t\u00e9cnica y jur\u00eddica destinados a las autoridades municipales para la elaboraci\u00f3n, planeaci\u00f3n y ejecuci\u00f3n de pol\u00edticas de gesti\u00f3n de suelo urbano efectivas y sustentables, as\u00ed como de mejoramiento y regeneraci\u00f3n urbana integral;<\/p>\n<p>VIII. Promover el dise\u00f1o y coordinar la implementaci\u00f3n de esquemas innovadores y sostenibles de gesti\u00f3n urbana y metropolitana en materia de gobernanza, servicios urbanos, equipamientos metropolitanos, movilidad, vivienda y medio ambiente;<\/p>\n<p>IX. Orientar y participar en la delimitaci\u00f3n de zonas de riesgo en los centros de poblaci\u00f3n y zonas metropolitanas de la entidad de conformidad con las leyes vigentes en la materia y en coordinaci\u00f3n con las instancias federales, estatales y locales que correspondan;<\/p>\n<p>X. Proponer y coordinar la ejecuci\u00f3n de proyectos para la rehabilitaci\u00f3n y\/o regeneraci\u00f3n de espacio p\u00fablico y para el mejoramiento de zonas urbanas subutilizadas o abandonadas;<\/p>\n<p>XI. Promover y coordinar la realizaci\u00f3n de programas intensivos de informaci\u00f3n y orientaci\u00f3n respecto a las leyes y reglamentos en materia de desarrollo urbano en los centros de poblaci\u00f3n;<\/p>\n<p>XII. Coordinar la revisi\u00f3n y evaluaci\u00f3n t\u00e9cnica de Planes y Programas de Desarrollo Urbano;<\/p>\n<p>XIII. Elaborar el proyecto de Dictamen de Congruencia de conformidad con lo establecido en las leyes vigentes en la materia y a petici\u00f3n de las autoridades que correspondan;<\/p>\n<p>XIV. Supervisar el proceso para la inscripci\u00f3n y publicaci\u00f3n de los planes y programas de desarrollo urbano en el marco de las facultades de la Secretar\u00eda;<\/p>\n<p>XV. Coordinar y dar seguimiento a los trabajos de la Comisi\u00f3n de Admisi\u00f3n de Directores Responsables de Obra;<\/p>\n<p>XVI. Dirigir el registro, clasificaci\u00f3n, revalidaci\u00f3n y reclasificaci\u00f3n de los Directores Responsables de Obra que laboran en el Estado;<\/p>\n<p>XVII. Coordinar y dirigir la permanente integraci\u00f3n y actualizaci\u00f3n del padr\u00f3n de Directores Responsables de Obra del Estado;<span class=\"apple-converted-space\">\u00a0<\/span><\/p>\n<p>XVIII. Disponer del inventario y padr\u00f3n actualizado de las infraestructuras, la obra p\u00fablica y estudios relacionados con las mismas;<\/p>\n<p>XIX. Participar en representaci\u00f3n de la Subsecretar\u00eda de Ordenamiento Territorial, en foros y convocatorias en general en materia de desarrollo urbano;<\/p>\n<p>XX. Intervenir en las reformas y actualizaciones de leyes y reglamentos en materia de asentamientos humanos y desarrollo urbano, a solicitud expresa del Subsecretario o Secretario;<\/p>\n<p>XXI. Coordinar la integraci\u00f3n, consolidaci\u00f3n y administraci\u00f3n del sistema de informaci\u00f3n geogr\u00e1fica para el desarrollo urbano y el ordenamiento territorial del estado de Oaxaca, con el fin de facilitar el control, seguimiento y evaluaci\u00f3n de los procesos de planeaci\u00f3n y de la infraestructura instalada en el territorio estatal;<\/p>\n<p>XXII. Promover la realizaci\u00f3n de investigaciones y publicaciones que documenten el estado que guarda el desarrollo de las ciudades de la entidad;<\/p>\n<p>XXIII. Efectuar reuniones y compromisos de trabajo con los diferentes \u00c1reas Administrativas del \u00e1rea, para definir criterios de acuerdo a los programas de trabajo que se\u00f1ale la Subsecretar\u00eda de Ordenamiento Territorial;<\/p>\n<p>XXIV. Las dem\u00e1s que le se\u00f1alen las disposiciones normativas aplicables y le confiera su superior jer\u00e1rquico, en el \u00e1mbito de su competencia.\t\t<\/p>\n","protected":false},"excerpt":{"rendered":"<p>Funciones I. Promover en los centros de poblaci\u00f3n la observancia y permanente actualizaci\u00f3n de la normatividad, planes y programas de desarrollo urbano, as\u00ed como las dem\u00e1s disposiciones relativas y vigentes en el Estado de Oaxaca; II. Promover y coordinar la elaboraci\u00f3n de los planes y programas de desarrollo urbano en concurrencia con los municipios e [&hellip;]<\/p>\n","protected":false},"author":1,"featured_media":0,"parent":0,"menu_order":0,"comment_status":"closed","ping_status":"closed","template":"","meta":{"episode_type":"","audio_file":"","podmotor_file_id":"","podmotor_episode_id":"","cover_image":"","cover_image_id":"","duration":"","filesize":"","filesize_raw":"","date_recorded":"","explicit":"","block":"","itunes_episode_number":"","itunes_title":"","itunes_season_number":"","itunes_episode_type":"","footnotes":""},"categories":[],"tags":[],"class_list":["post-253","page","type-page","status-publish","hentry"],"acf":[],"publishpress_future_action":{"enabled":false,"date":"2026-04-28 11:20:34","action":"change-status","newStatus":"draft","terms":[],"taxonomy":"category","extraData":[]},"publishpress_future_workflow_manual_trigger":{"enabledWorkflows":[]},"_links":{"self":[{"href":"https:\/\/www.oaxaca.gob.mx\/sinfra\/wp-json\/wp\/v2\/pages\/253","targetHints":{"allow":["GET"]}}],"collection":[{"href":"https:\/\/www.oaxaca.gob.mx\/sinfra\/wp-json\/wp\/v2\/pages"}],"about":[{"href":"https:\/\/www.oaxaca.gob.mx\/sinfra\/wp-json\/wp\/v2\/types\/page"}],"author":[{"embeddable":true,"href":"https:\/\/www.oaxaca.gob.mx\/sinfra\/wp-json\/wp\/v2\/users\/1"}],"replies":[{"embeddable":true,"href":"https:\/\/www.oaxaca.gob.mx\/sinfra\/wp-json\/wp\/v2\/comments?post=253"}],"version-history":[{"count":0,"href":"https:\/\/www.oaxaca.gob.mx\/sinfra\/wp-json\/wp\/v2\/pages\/253\/revisions"}],"wp:attachment":[{"href":"https:\/\/www.oaxaca.gob.mx\/sinfra\/wp-json\/wp\/v2\/media?parent=253"}],"wp:term":[{"taxonomy":"category","embeddable":true,"href":"https:\/\/www.oaxaca.gob.mx\/sinfra\/wp-json\/wp\/v2\/categories?post=253"},{"taxonomy":"post_tag","embeddable":true,"href":"https:\/\/www.oaxaca.gob.mx\/sinfra\/wp-json\/wp\/v2\/tags?post=253"}],"curies":[{"name":"wp","href":"https:\/\/api.w.org\/{rel}","templated":true}]}}