{"id":222,"date":"2016-02-10T12:53:01","date_gmt":"2016-02-10T18:53:01","guid":{"rendered":"https:\/\/www.oaxaca.gob.mx\/sinfra\/?page_id=222"},"modified":"2016-02-10T12:53:01","modified_gmt":"2016-02-10T18:53:01","slug":"subsecretaria-de-obras-publicas","status":"publish","type":"page","link":"https:\/\/www.oaxaca.gob.mx\/sinfra\/subsecretaria-de-obras-publicas\/","title":{"rendered":"Subsecretar\u00eda de Obras P\u00fablicas"},"content":{"rendered":"<p>\t\t\t\t<strong>Funciones<\/strong><\/p>\n<p>I. Coordinar la ejecuci\u00f3n y realizaci\u00f3n de actividades en materia de estudios y proyectos, construcci\u00f3n, supervisi\u00f3n, y evaluaci\u00f3n de las obras p\u00fablicas y servicios relacionados;<\/p>\n<p>II. Participar en la planeaci\u00f3n, programaci\u00f3n y presupuestaci\u00f3n anual del Programa Anual de Obra P\u00fablica;<\/p>\n<p>III. Vigilar el cumplimiento de las normas t\u00e9cnicas y administrativas durante la ejecuci\u00f3n de obras p\u00fablicas y servicios relacionados;<\/p>\n<p>IV. Coordinar la construcci\u00f3n en el \u00e1mbito de su competencia, as\u00ed como la remodelaci\u00f3n y adaptaci\u00f3n de edificios p\u00fablicos, monumentos, plazas p\u00fablicas, \u00e1reas verdes, regeneraci\u00f3n de zonas urbanas y rurales, \u00e1reas de estudio y reposici\u00f3n de elementos arquitect\u00f3nicos, as\u00ed como \u00e1reas de conservaci\u00f3n y reserva;<\/p>\n<p>V. Coordinar las actividades de las diferentes direcciones de \u00e1rea a su cargo para el cumplimiento de las metas previstas en el Programa Anual de Obra P\u00fablica;<\/p>\n<p>VI. Planear y organizar el desarrollo de los programas y actividades encomendadas a las \u00c1reas Administrativas a su cargo;<\/p>\n<p>VII. Fungir como suplente del Presidente, en el Comit\u00e9 de Obras P\u00fablicas de la Secretar\u00eda, en el ejercicio y aplicaci\u00f3n de los recursos federales;<\/p>\n<p>VIII. Participar en la elaboraci\u00f3n del Programa Operativo Anual, en el \u00e1mbito de su competencia, y<\/p>\n<p>IX. Coordinar y supervisar los procedimientos de adjudicaci\u00f3n y contrataci\u00f3n de la obra p\u00fablica y servicios relacionados con apego a la normatividad aplicable;<\/p>\n<p>X. Las dem\u00e1s que le se\u00f1alen las disposiciones normativas aplicables y le confiera el Secretario, en el \u00e1mbito de su competencia.\t\t<\/p>\n","protected":false},"excerpt":{"rendered":"<p>Funciones I. Coordinar la ejecuci\u00f3n y realizaci\u00f3n de actividades en materia de estudios y proyectos, construcci\u00f3n, supervisi\u00f3n, y evaluaci\u00f3n de las obras p\u00fablicas y servicios relacionados; II. Participar en la planeaci\u00f3n, programaci\u00f3n y presupuestaci\u00f3n anual del Programa Anual de Obra P\u00fablica; III. Vigilar el cumplimiento de las normas t\u00e9cnicas y administrativas durante la ejecuci\u00f3n de [&hellip;]<\/p>\n","protected":false},"author":1,"featured_media":0,"parent":0,"menu_order":0,"comment_status":"closed","ping_status":"closed","template":"","meta":{"episode_type":"","audio_file":"","podmotor_file_id":"","podmotor_episode_id":"","cover_image":"","cover_image_id":"","duration":"","filesize":"","filesize_raw":"","date_recorded":"","explicit":"","block":"","itunes_episode_number":"","itunes_title":"","itunes_season_number":"","itunes_episode_type":"","footnotes":""},"categories":[],"tags":[],"class_list":["post-222","page","type-page","status-publish","hentry"],"acf":[],"publishpress_future_action":{"enabled":false,"date":"2026-05-23 20:07:09","action":"change-status","newStatus":"draft","terms":[],"taxonomy":"category","extraData":[]},"publishpress_future_workflow_manual_trigger":{"enabledWorkflows":[]},"_links":{"self":[{"href":"https:\/\/www.oaxaca.gob.mx\/sinfra\/wp-json\/wp\/v2\/pages\/222","targetHints":{"allow":["GET"]}}],"collection":[{"href":"https:\/\/www.oaxaca.gob.mx\/sinfra\/wp-json\/wp\/v2\/pages"}],"about":[{"href":"https:\/\/www.oaxaca.gob.mx\/sinfra\/wp-json\/wp\/v2\/types\/page"}],"author":[{"embeddable":true,"href":"https:\/\/www.oaxaca.gob.mx\/sinfra\/wp-json\/wp\/v2\/users\/1"}],"replies":[{"embeddable":true,"href":"https:\/\/www.oaxaca.gob.mx\/sinfra\/wp-json\/wp\/v2\/comments?post=222"}],"version-history":[{"count":0,"href":"https:\/\/www.oaxaca.gob.mx\/sinfra\/wp-json\/wp\/v2\/pages\/222\/revisions"}],"wp:attachment":[{"href":"https:\/\/www.oaxaca.gob.mx\/sinfra\/wp-json\/wp\/v2\/media?parent=222"}],"wp:term":[{"taxonomy":"category","embeddable":true,"href":"https:\/\/www.oaxaca.gob.mx\/sinfra\/wp-json\/wp\/v2\/categories?post=222"},{"taxonomy":"post_tag","embeddable":true,"href":"https:\/\/www.oaxaca.gob.mx\/sinfra\/wp-json\/wp\/v2\/tags?post=222"}],"curies":[{"name":"wp","href":"https:\/\/api.w.org\/{rel}","templated":true}]}}