{"id":196,"date":"2016-02-09T16:26:00","date_gmt":"2016-02-09T22:26:00","guid":{"rendered":"https:\/\/www.oaxaca.gob.mx\/sinfra\/?page_id=196"},"modified":"2016-02-09T16:26:00","modified_gmt":"2016-02-09T22:26:00","slug":"requisitos-para-la-memoria-de-calculo","status":"publish","type":"page","link":"https:\/\/www.oaxaca.gob.mx\/sinfra\/requisitos-para-la-memoria-de-calculo\/","title":{"rendered":"Requisitos para la Memoria de C\u00e1lculo"},"content":{"rendered":"<p>\t\t\t\t<a href=\"https:\/\/www.oaxaca.gob.mx\/sinfra\/wp-content\/uploads\/sites\/14\/2016\/02\/REQUERIMIENTOS_DE_MEMORIA_CALCULO.pdf\" target=\"_blank\" rel=\"noopener noreferrer\"><img loading=\"lazy\" decoding=\"async\" class=\"aligncenter size-full wp-image-57\" src=\"https:\/\/www.oaxaca.gob.mx\/sinfra\/wp-content\/uploads\/sites\/14\/2016\/02\/descargar.png\" alt=\"descargar\" width=\"30\" height=\"30\" \/> REQUISITOS PARA LA MEMORIA DE C\u00c1LCULO.<\/a><\/p>\n<p>NOTA:<\/p>\n<p>1. Tiempo m\u00e1ximo de respuesta: Un d\u00eda h\u00e1bil.<\/p>\n<p>2. La revisi\u00f3n ser\u00e1 exclusivamente con director responsable de obra y\/o corresponsables.<\/p>\n<p>3. Se dar\u00e1n las observaciones de manera escrita.\t\t<\/p>\n","protected":false},"excerpt":{"rendered":"<p>REQUISITOS PARA LA MEMORIA DE C\u00c1LCULO. NOTA: 1. Tiempo m\u00e1ximo de respuesta: Un d\u00eda h\u00e1bil. 2. La revisi\u00f3n ser\u00e1 exclusivamente con director responsable de obra y\/o corresponsables. 3. Se dar\u00e1n las observaciones de manera escrita.<\/p>\n","protected":false},"author":1,"featured_media":0,"parent":0,"menu_order":0,"comment_status":"closed","ping_status":"closed","template":"","meta":{"episode_type":"","audio_file":"","podmotor_file_id":"","podmotor_episode_id":"","cover_image":"","cover_image_id":"","duration":"","filesize":"","filesize_raw":"","date_recorded":"","explicit":"","block":"","itunes_episode_number":"","itunes_title":"","itunes_season_number":"","itunes_episode_type":"","footnotes":""},"categories":[],"tags":[],"class_list":["post-196","page","type-page","status-publish","hentry"],"acf":[],"publishpress_future_action":{"enabled":false,"date":"2026-05-23 20:07:25","action":"change-status","newStatus":"draft","terms":[],"taxonomy":"category","extraData":[]},"publishpress_future_workflow_manual_trigger":{"enabledWorkflows":[]},"_links":{"self":[{"href":"https:\/\/www.oaxaca.gob.mx\/sinfra\/wp-json\/wp\/v2\/pages\/196","targetHints":{"allow":["GET"]}}],"collection":[{"href":"https:\/\/www.oaxaca.gob.mx\/sinfra\/wp-json\/wp\/v2\/pages"}],"about":[{"href":"https:\/\/www.oaxaca.gob.mx\/sinfra\/wp-json\/wp\/v2\/types\/page"}],"author":[{"embeddable":true,"href":"https:\/\/www.oaxaca.gob.mx\/sinfra\/wp-json\/wp\/v2\/users\/1"}],"replies":[{"embeddable":true,"href":"https:\/\/www.oaxaca.gob.mx\/sinfra\/wp-json\/wp\/v2\/comments?post=196"}],"version-history":[{"count":0,"href":"https:\/\/www.oaxaca.gob.mx\/sinfra\/wp-json\/wp\/v2\/pages\/196\/revisions"}],"wp:attachment":[{"href":"https:\/\/www.oaxaca.gob.mx\/sinfra\/wp-json\/wp\/v2\/media?parent=196"}],"wp:term":[{"taxonomy":"category","embeddable":true,"href":"https:\/\/www.oaxaca.gob.mx\/sinfra\/wp-json\/wp\/v2\/categories?post=196"},{"taxonomy":"post_tag","embeddable":true,"href":"https:\/\/www.oaxaca.gob.mx\/sinfra\/wp-json\/wp\/v2\/tags?post=196"}],"curies":[{"name":"wp","href":"https:\/\/api.w.org\/{rel}","templated":true}]}}