{"id":162,"date":"2016-02-09T10:56:36","date_gmt":"2016-02-09T16:56:36","guid":{"rendered":"https:\/\/www.oaxaca.gob.mx\/sinfra\/?page_id=162"},"modified":"2016-02-09T10:56:36","modified_gmt":"2016-02-09T16:56:36","slug":"planeacion-urbana","status":"publish","type":"page","link":"https:\/\/www.oaxaca.gob.mx\/sinfra\/planeacion-urbana\/","title":{"rendered":"Planeaci\u00f3n Urbana"},"content":{"rendered":"<p>\t\t\t\t<strong>PLAN DE DESARROLLO URBANO<\/strong><\/p>\n<p>Es el conjunto de estudios, pol\u00edticas, normas t\u00e9cnicas y disposiciones relativas para ordenar y regular la fundaci\u00f3n, conservaci\u00f3n, mejoramiento y crecimiento de un centro de poblaci\u00f3n y establecer una estrategia de desarrollo urbano.<\/p>\n<p><strong>DICT\u00c1MENES Y AUTORIZACIONES EN MATERIA DE DESARROLLO URBANO<\/strong><\/p>\n<p>1) Dict\u00e1menes t\u00e9cnicos para determinar la factibilidad de la apertura, prolongaci\u00f3n, ampliaci\u00f3n o cualquier modificaci\u00f3n de una v\u00eda p\u00fablica.<\/p>\n<p>2) Dict\u00e1menes t\u00e9cnicos de procedencia para la regularizaci\u00f3n de la tenencia de la tierra, tanto social como privada, promovida por las dependencias competentes.<\/p>\n<p>3) Dict\u00e1menes t\u00e9cnicos respecto a la autorizaci\u00f3n de la introducci\u00f3n y\/o ampliaci\u00f3n de la red de energ\u00eda el\u00e9ctrica requerida por la dependencia competente.<\/p>\n<p>4) Licencia Estatal de Uso de Suelo, en obras que por su naturaleza y\/o magnitud o por el impacto de las obras de infraestructura en el lugar que la requieran.<\/p>\n<p><strong>ASESOR\u00cdA T\u00c9CNICA<\/strong><br \/>\n1.- Elaboraci\u00f3n y\/o modificaci\u00f3n, en su caso, de planes o estudios de asentamientos humanos para la ordenaci\u00f3n, regulaci\u00f3n y conservaci\u00f3n de centros de poblaci\u00f3n.<\/p>\n<p>2.- Apoyo y capacitaci\u00f3n t\u00e9cnica a los ayuntamientos para la correcta aplicaci\u00f3n de planes o estudios de desarrollo urbano, leyes y reglamentos en la materia.\t\t<\/p>\n","protected":false},"excerpt":{"rendered":"<p>PLAN DE DESARROLLO URBANO Es el conjunto de estudios, pol\u00edticas, normas t\u00e9cnicas y disposiciones relativas para ordenar y regular la fundaci\u00f3n, conservaci\u00f3n, mejoramiento y crecimiento de un centro de poblaci\u00f3n y establecer una estrategia de desarrollo urbano. DICT\u00c1MENES Y AUTORIZACIONES EN MATERIA DE DESARROLLO URBANO 1) Dict\u00e1menes t\u00e9cnicos para determinar la factibilidad de la apertura, [&hellip;]<\/p>\n","protected":false},"author":1,"featured_media":0,"parent":0,"menu_order":0,"comment_status":"closed","ping_status":"closed","template":"","meta":{"episode_type":"","audio_file":"","podmotor_file_id":"","podmotor_episode_id":"","cover_image":"","cover_image_id":"","duration":"","filesize":"","filesize_raw":"","date_recorded":"","explicit":"","block":"","itunes_episode_number":"","itunes_title":"","itunes_season_number":"","itunes_episode_type":"","footnotes":""},"categories":[],"tags":[],"class_list":["post-162","page","type-page","status-publish","hentry"],"acf":[],"publishpress_future_action":{"enabled":false,"date":"2026-05-23 20:07:25","action":"change-status","newStatus":"draft","terms":[],"taxonomy":"category","extraData":[]},"publishpress_future_workflow_manual_trigger":{"enabledWorkflows":[]},"_links":{"self":[{"href":"https:\/\/www.oaxaca.gob.mx\/sinfra\/wp-json\/wp\/v2\/pages\/162","targetHints":{"allow":["GET"]}}],"collection":[{"href":"https:\/\/www.oaxaca.gob.mx\/sinfra\/wp-json\/wp\/v2\/pages"}],"about":[{"href":"https:\/\/www.oaxaca.gob.mx\/sinfra\/wp-json\/wp\/v2\/types\/page"}],"author":[{"embeddable":true,"href":"https:\/\/www.oaxaca.gob.mx\/sinfra\/wp-json\/wp\/v2\/users\/1"}],"replies":[{"embeddable":true,"href":"https:\/\/www.oaxaca.gob.mx\/sinfra\/wp-json\/wp\/v2\/comments?post=162"}],"version-history":[{"count":0,"href":"https:\/\/www.oaxaca.gob.mx\/sinfra\/wp-json\/wp\/v2\/pages\/162\/revisions"}],"wp:attachment":[{"href":"https:\/\/www.oaxaca.gob.mx\/sinfra\/wp-json\/wp\/v2\/media?parent=162"}],"wp:term":[{"taxonomy":"category","embeddable":true,"href":"https:\/\/www.oaxaca.gob.mx\/sinfra\/wp-json\/wp\/v2\/categories?post=162"},{"taxonomy":"post_tag","embeddable":true,"href":"https:\/\/www.oaxaca.gob.mx\/sinfra\/wp-json\/wp\/v2\/tags?post=162"}],"curies":[{"name":"wp","href":"https:\/\/api.w.org\/{rel}","templated":true}]}}