{"id":696,"date":"2016-02-29T16:52:42","date_gmt":"2016-02-29T22:52:42","guid":{"rendered":"https:\/\/www.oaxaca.gob.mx\/sesipinna\/?page_id=696"},"modified":"2024-08-30T11:08:33","modified_gmt":"2024-08-30T17:08:33","slug":"politicas-publicas","status":"publish","type":"page","link":"https:\/\/www.oaxaca.gob.mx\/sesipinna\/politicas-publicas\/","title":{"rendered":"Departamento de Pol\u00edticas P\u00fablicas"},"content":{"rendered":"<p>&nbsp;<\/p>\n<p><img loading=\"lazy\" decoding=\"async\" class=\"alignnone size-medium wp-image-1858\" src=\"https:\/\/www.oaxaca.gob.mx\/sesipinna\/wp-content\/uploads\/sites\/53\/2023\/01\/MTXX_MH20230105131207590-200x300.jpg\" alt=\"\" width=\"200\" height=\"300\" srcset=\"https:\/\/www.oaxaca.gob.mx\/sesipinna\/wp-content\/uploads\/sites\/53\/2023\/01\/MTXX_MH20230105131207590-200x300.jpg 200w, https:\/\/www.oaxaca.gob.mx\/sesipinna\/wp-content\/uploads\/sites\/53\/2023\/01\/MTXX_MH20230105131207590-683x1024.jpg 683w, https:\/\/www.oaxaca.gob.mx\/sesipinna\/wp-content\/uploads\/sites\/53\/2023\/01\/MTXX_MH20230105131207590-768x1152.jpg 768w, https:\/\/www.oaxaca.gob.mx\/sesipinna\/wp-content\/uploads\/sites\/53\/2023\/01\/MTXX_MH20230105131207590-1024x1536.jpg 1024w, https:\/\/www.oaxaca.gob.mx\/sesipinna\/wp-content\/uploads\/sites\/53\/2023\/01\/MTXX_MH20230105131207590-1365x2048.jpg 1365w, https:\/\/www.oaxaca.gob.mx\/sesipinna\/wp-content\/uploads\/sites\/53\/2023\/01\/MTXX_MH20230105131207590-scaled.jpg 1707w\" sizes=\"auto, (max-width: 200px) 100vw, 200px\" \/><\/p>\n<p>Mtro. Eugenio Arafat Ch\u00e1vez Bedolla<\/p>\n<p><strong>Profesi\u00f3n:<\/strong> Licenciado en Derecho<br \/>\n<strong>Cargo:<\/strong> Jefe del Departamento de Pol\u00edticas P\u00fablicas.<\/p>\n<p><strong>Tel\u00e9fono Oficial:<\/strong> 951 688 78 45<br \/>\n<strong>Direcci\u00f3n:<\/strong> Calle Carteros 206 col. Postal, Oaxaca de Ju\u00e1rez, Oaxaca C.P. 68080<br \/>\n<strong>Correo electr\u00f3nico:\u00a0<\/strong><a href=\"mailto:politicas.sipinna@oaxaca.gob.mx\">politicas.sipinna@oaxaca.gob.mx<\/a><\/p>\n<h2>Funciones y atribuciones<\/h2>\n<p>De acuerdo con el Reglamento Interno de la Secretar\u00eda Ejecutiva del Sistema Local de Protecci\u00f3n Integral de los Derechos de Ni\u00f1as, Ni\u00f1os y Adolescentes del Estado de Oaxaca, publicada el 25 de junio del a\u00f1o 2016, en su art\u00edculo 10 establece que el Departamento de Pol\u00edticas P\u00fablicas contar\u00e1 con un Jefe de Departamento, quien depender\u00e1 directamente del Secretario Ejecutivo y tendr\u00e1 las siguientes facultades:<\/p>\n<p>I. Coadyuvar en la elaboraci\u00f3n de diagn\u00f3sticos sobre derechos de ni\u00f1as, ni\u00f1os y adolescentes;<\/p>\n<p>II. Coordinar las comisiones de trabajo en materia de derechos de ni\u00f1as, ni\u00f1os y adolescentes;<\/p>\n<p>III. Promover mecanismos de participaci\u00f3n de la ni\u00f1ez y adolescencia para el dise\u00f1o, ejecuci\u00f3n, seguimiento y evaluaci\u00f3n de las pol\u00edticas p\u00fablicas estatales;<\/p>\n<p>IV. Promover la transversalizaci\u00f3n del enfoque de derechos en los recursos p\u00fablicos para la garant\u00eda de derechos de ni\u00f1as, ni\u00f1os y adolescentes;<\/p>\n<p>V. Coadyuvar en la elaboraci\u00f3n del Programa Estatal de los derechos de ni\u00f1as, ni\u00f1os y adolescentes en el Estado de Oaxaca;<\/p>\n<p>VI. Establecer v\u00ednculos de colaboraci\u00f3n con la Secretar\u00eda Ejecutiva del Sistema Nacional;<\/p>\n<p>VII. Generar y administrar el Sistema de Estad\u00edstica e Informaci\u00f3n de la Ni\u00f1ez y Adolescencia en el Estado;<\/p>\n<p>VIII. Generar los sistemas de informaci\u00f3n que requiera la Secretar\u00eda Ejecutiva;<\/p>\n<p>IX. Capacitar a las autoridades estatales, municipales y a ni\u00f1as, ni\u00f1os y adolescentes en relaci\u00f3n al enfoque de derechos de la ni\u00f1ez y adolescencia, y<\/p>\n<p>X. Las que le se\u00f1alen las dem\u00e1s disposiciones normativas aplicables y las que le confiera su superior jer\u00e1rquico en el \u00e1mbito de su competencia.<\/p>\n","protected":false},"excerpt":{"rendered":"<p>&nbsp; Mtro. Eugenio Arafat Ch\u00e1vez Bedolla Profesi\u00f3n: Licenciado en Derecho Cargo: Jefe del Departamento de Pol\u00edticas P\u00fablicas. Tel\u00e9fono Oficial: 951 688 78 45 Direcci\u00f3n: Calle Carteros 206 col. Postal, Oaxaca de Ju\u00e1rez, Oaxaca C.P. 68080 Correo electr\u00f3nico:\u00a0politicas.sipinna@oaxaca.gob.mx Funciones y atribuciones De acuerdo con el Reglamento Interno de la Secretar\u00eda Ejecutiva del Sistema Local de Protecci\u00f3n [&hellip;]<\/p>\n","protected":false},"author":1,"featured_media":0,"parent":0,"menu_order":0,"comment_status":"closed","ping_status":"closed","template":"","meta":{"episode_type":"","audio_file":"","podmotor_file_id":"","podmotor_episode_id":"","cover_image":"","cover_image_id":"","duration":"","filesize":"","filesize_raw":"","date_recorded":"","explicit":"","block":"","itunes_episode_number":"","itunes_title":"","itunes_season_number":"","itunes_episode_type":"","footnotes":""},"categories":[],"tags":[],"class_list":["post-696","page","type-page","status-publish","hentry"],"acf":[],"publishpress_future_action":{"enabled":false,"date":"2026-04-20 05:21:56","action":"change-status","newStatus":"draft","terms":[],"taxonomy":"category","extraData":[]},"publishpress_future_workflow_manual_trigger":{"enabledWorkflows":[]},"_links":{"self":[{"href":"https:\/\/www.oaxaca.gob.mx\/sesipinna\/wp-json\/wp\/v2\/pages\/696","targetHints":{"allow":["GET"]}}],"collection":[{"href":"https:\/\/www.oaxaca.gob.mx\/sesipinna\/wp-json\/wp\/v2\/pages"}],"about":[{"href":"https:\/\/www.oaxaca.gob.mx\/sesipinna\/wp-json\/wp\/v2\/types\/page"}],"author":[{"embeddable":true,"href":"https:\/\/www.oaxaca.gob.mx\/sesipinna\/wp-json\/wp\/v2\/users\/1"}],"replies":[{"embeddable":true,"href":"https:\/\/www.oaxaca.gob.mx\/sesipinna\/wp-json\/wp\/v2\/comments?post=696"}],"version-history":[{"count":3,"href":"https:\/\/www.oaxaca.gob.mx\/sesipinna\/wp-json\/wp\/v2\/pages\/696\/revisions"}],"predecessor-version":[{"id":2126,"href":"https:\/\/www.oaxaca.gob.mx\/sesipinna\/wp-json\/wp\/v2\/pages\/696\/revisions\/2126"}],"wp:attachment":[{"href":"https:\/\/www.oaxaca.gob.mx\/sesipinna\/wp-json\/wp\/v2\/media?parent=696"}],"wp:term":[{"taxonomy":"category","embeddable":true,"href":"https:\/\/www.oaxaca.gob.mx\/sesipinna\/wp-json\/wp\/v2\/categories?post=696"},{"taxonomy":"post_tag","embeddable":true,"href":"https:\/\/www.oaxaca.gob.mx\/sesipinna\/wp-json\/wp\/v2\/tags?post=696"}],"curies":[{"name":"wp","href":"https:\/\/api.w.org\/{rel}","templated":true}]}}