{"id":37,"date":"2016-02-11T16:42:29","date_gmt":"2016-02-11T22:42:29","guid":{"rendered":"https:\/\/www.oaxaca.gob.mx\/sesipinna\/?page_id=37"},"modified":"2016-02-11T16:42:29","modified_gmt":"2016-02-11T22:42:29","slug":"objetivo-general","status":"publish","type":"page","link":"https:\/\/www.oaxaca.gob.mx\/sesipinna\/objetivo-general\/","title":{"rendered":"Objetivo general"},"content":{"rendered":"<p><span class=\"text_exposed_show\">Promover la garant\u00eda y pleno goce de los derechos de ni\u00f1as, ni\u00f1os y adolescentes en el estado de Oaxaca, mediante la articulaci\u00f3n de acciones interinstitucionales e intersectoriales con las instituciones responsables de las pol\u00edticas p\u00fablicas; impulsando la adecuaci\u00f3n legislativa; promoci\u00f3n, difusi\u00f3n y fortalecimiento del conocimiento de los derechos de ni\u00f1as, ni\u00f1os y adolescentes; la creaci\u00f3n de sistemas municipales de protecci\u00f3n integral, as\u00ed como el seguimiento y monitoreo de la ejecuci\u00f3n del Programa Estatal de Protecci\u00f3n de Ni\u00f1as, Ni\u00f1os y Adolescentes del Estado de Oaxaca.<\/span><\/p>\n","protected":false},"excerpt":{"rendered":"<p>Promover la garant\u00eda y pleno goce de los derechos de ni\u00f1as, ni\u00f1os y adolescentes en el estado de Oaxaca, mediante la articulaci\u00f3n de acciones interinstitucionales e intersectoriales con las instituciones responsables de las pol\u00edticas p\u00fablicas; impulsando la adecuaci\u00f3n legislativa; promoci\u00f3n, difusi\u00f3n y fortalecimiento del conocimiento de los derechos de ni\u00f1as, ni\u00f1os y adolescentes; la creaci\u00f3n [&hellip;]<\/p>\n","protected":false},"author":1,"featured_media":0,"parent":0,"menu_order":0,"comment_status":"closed","ping_status":"closed","template":"","meta":{"episode_type":"","audio_file":"","podmotor_file_id":"","podmotor_episode_id":"","cover_image":"","cover_image_id":"","duration":"","filesize":"","filesize_raw":"","date_recorded":"","explicit":"","block":"","itunes_episode_number":"","itunes_title":"","itunes_season_number":"","itunes_episode_type":"","footnotes":""},"categories":[],"tags":[],"class_list":["post-37","page","type-page","status-publish","hentry"],"acf":[],"publishpress_future_action":{"enabled":false,"date":"2026-04-20 05:21:53","action":"change-status","newStatus":"draft","terms":[],"taxonomy":"category","extraData":[]},"publishpress_future_workflow_manual_trigger":{"enabledWorkflows":[]},"_links":{"self":[{"href":"https:\/\/www.oaxaca.gob.mx\/sesipinna\/wp-json\/wp\/v2\/pages\/37","targetHints":{"allow":["GET"]}}],"collection":[{"href":"https:\/\/www.oaxaca.gob.mx\/sesipinna\/wp-json\/wp\/v2\/pages"}],"about":[{"href":"https:\/\/www.oaxaca.gob.mx\/sesipinna\/wp-json\/wp\/v2\/types\/page"}],"author":[{"embeddable":true,"href":"https:\/\/www.oaxaca.gob.mx\/sesipinna\/wp-json\/wp\/v2\/users\/1"}],"replies":[{"embeddable":true,"href":"https:\/\/www.oaxaca.gob.mx\/sesipinna\/wp-json\/wp\/v2\/comments?post=37"}],"version-history":[{"count":0,"href":"https:\/\/www.oaxaca.gob.mx\/sesipinna\/wp-json\/wp\/v2\/pages\/37\/revisions"}],"wp:attachment":[{"href":"https:\/\/www.oaxaca.gob.mx\/sesipinna\/wp-json\/wp\/v2\/media?parent=37"}],"wp:term":[{"taxonomy":"category","embeddable":true,"href":"https:\/\/www.oaxaca.gob.mx\/sesipinna\/wp-json\/wp\/v2\/categories?post=37"},{"taxonomy":"post_tag","embeddable":true,"href":"https:\/\/www.oaxaca.gob.mx\/sesipinna\/wp-json\/wp\/v2\/tags?post=37"}],"curies":[{"name":"wp","href":"https:\/\/api.w.org\/{rel}","templated":true}]}}