{"id":330,"date":"2016-02-26T13:34:12","date_gmt":"2016-02-26T19:34:12","guid":{"rendered":"https:\/\/www.oaxaca.gob.mx\/sesipinna\/?page_id=330"},"modified":"2016-02-26T13:34:12","modified_gmt":"2016-02-26T19:34:12","slug":"manuales","status":"publish","type":"page","link":"https:\/\/www.oaxaca.gob.mx\/sesipinna\/manuales\/","title":{"rendered":"Manuales"},"content":{"rendered":"<div class=\"row justify-content-center\">\n<div class=\"col-lg-6 col-md-12 col-sm-12\">\n<table id=\"tablepress-tbl-manuales\" class=\"tablepress tablepress-id-tbl-manuales\">\n<thead>\n<tr class=\"row-1\">\n\t<th class=\"column-1\">N\u00famero<\/th><th class=\"column-2\">T\u00edtulo del documento<\/th><th class=\"column-3\">Descarga<\/th>\n<\/tr>\n<\/thead>\n<tbody class=\"row-striping row-hover\">\n<tr class=\"row-2\">\n\t<td class=\"column-1\"><b>001<\/b><\/td><td class=\"column-2\">Manual de Asambleas Juveniles Comunitarias<\/td><td class=\"column-3\"><a href=\"\/sesipinna\/wp-content\/uploads\/sites\/53\/pdf\/manual_asambleasjuv.pdf\" target=\"_blank\" rel=\"noopener noreferrer\"><img loading=\"lazy\" decoding=\"async\" class=\"rounded mx-auto d-block\" src=\"\/sesipinna\/wp-content\/uploads\/sites\/53\/img\/portadas_impresos\/manuales\/asambleas_juveniles.jpg\" alt=\"Portada\" width=\"90\" height=\"90\" \/><\/a><\/td>\n<\/tr>\n<tr class=\"row-3\">\n\t<td class=\"column-1\"><b>002<\/b><\/td><td class=\"column-2\">Manual de Instalaci\u00f3n y Operaci\u00f3n. Comit\u00e9 Municipal de los Derechos de los Ni\u00f1os, Ni\u00f1as y Adolescentes en Oaxaca<\/td><td class=\"column-3\"><a href=\"\/sesipinna\/wp-content\/uploads\/sites\/53\/pdf\/manual_CMDNNA.pdf\" target=\"_blank\" rel=\"noopener noreferrer\"><img loading=\"lazy\" decoding=\"async\" class=\"rounded mx-auto d-block\" src=\"\/sesipinna\/wp-content\/uploads\/sites\/53\/img\/portadas_impresos\/manuales\/CMDNNA.jpg\" alt=\"Portada\" width=\"90\" height=\"90\" \/><\/a><\/td>\n<\/tr>\n<\/tbody>\n<\/table>\n<!-- #tablepress-tbl-manuales from cache --><\/div>\n<\/div>\n","protected":false},"excerpt":{"rendered":"","protected":false},"author":1,"featured_media":0,"parent":0,"menu_order":0,"comment_status":"closed","ping_status":"closed","template":"","meta":{"episode_type":"","audio_file":"","podmotor_file_id":"","podmotor_episode_id":"","cover_image":"","cover_image_id":"","duration":"","filesize":"","filesize_raw":"","date_recorded":"","explicit":"","block":"","itunes_episode_number":"","itunes_title":"","itunes_season_number":"","itunes_episode_type":"","footnotes":""},"categories":[],"tags":[],"class_list":["post-330","page","type-page","status-publish","hentry"],"acf":[],"publishpress_future_action":{"enabled":false,"date":"2026-04-20 05:23:45","action":"change-status","newStatus":"draft","terms":[],"taxonomy":"category","extraData":[]},"publishpress_future_workflow_manual_trigger":{"enabledWorkflows":[]},"_links":{"self":[{"href":"https:\/\/www.oaxaca.gob.mx\/sesipinna\/wp-json\/wp\/v2\/pages\/330","targetHints":{"allow":["GET"]}}],"collection":[{"href":"https:\/\/www.oaxaca.gob.mx\/sesipinna\/wp-json\/wp\/v2\/pages"}],"about":[{"href":"https:\/\/www.oaxaca.gob.mx\/sesipinna\/wp-json\/wp\/v2\/types\/page"}],"author":[{"embeddable":true,"href":"https:\/\/www.oaxaca.gob.mx\/sesipinna\/wp-json\/wp\/v2\/users\/1"}],"replies":[{"embeddable":true,"href":"https:\/\/www.oaxaca.gob.mx\/sesipinna\/wp-json\/wp\/v2\/comments?post=330"}],"version-history":[{"count":0,"href":"https:\/\/www.oaxaca.gob.mx\/sesipinna\/wp-json\/wp\/v2\/pages\/330\/revisions"}],"wp:attachment":[{"href":"https:\/\/www.oaxaca.gob.mx\/sesipinna\/wp-json\/wp\/v2\/media?parent=330"}],"wp:term":[{"taxonomy":"category","embeddable":true,"href":"https:\/\/www.oaxaca.gob.mx\/sesipinna\/wp-json\/wp\/v2\/categories?post=330"},{"taxonomy":"post_tag","embeddable":true,"href":"https:\/\/www.oaxaca.gob.mx\/sesipinna\/wp-json\/wp\/v2\/tags?post=330"}],"curies":[{"name":"wp","href":"https:\/\/api.w.org\/{rel}","templated":true}]}}