{"id":33,"date":"2016-02-11T16:40:24","date_gmt":"2016-02-11T22:40:24","guid":{"rendered":"https:\/\/www.oaxaca.gob.mx\/sesipinna\/?page_id=33"},"modified":"2025-12-15T14:55:58","modified_gmt":"2025-12-15T20:55:58","slug":"integracion-del-sidnna","status":"publish","type":"page","link":"https:\/\/www.oaxaca.gob.mx\/sesipinna\/integracion-del-sipinna\/","title":{"rendered":"Integraci\u00f3n del SIPINNA"},"content":{"rendered":"<p>El SIPINNA, por disposici\u00f3n de la Ley de los Derechos de Ni\u00f1as, Ni\u00f1os y Adolescentes del Estado de Oaxaca (Art\u00edculo 109), est\u00e1 conformado por:<\/p>\n<p>&nbsp;<\/p>\n<p><strong>A. Poder Ejecutivo Estatal:<\/strong><\/p>\n<p>&nbsp;<\/p>\n<p style=\"text-align: left\"><img loading=\"lazy\" decoding=\"async\" class=\"alignnone wp-image-1851 size-medium\" src=\"https:\/\/www.oaxaca.gob.mx\/sesipinna\/wp-content\/uploads\/sites\/53\/2023\/01\/GOBERNADOR-SALOMON-300x300.jpg\" alt=\"\" width=\"300\" height=\"300\" srcset=\"https:\/\/www.oaxaca.gob.mx\/sesipinna\/wp-content\/uploads\/sites\/53\/2023\/01\/GOBERNADOR-SALOMON-300x300.jpg 300w, https:\/\/www.oaxaca.gob.mx\/sesipinna\/wp-content\/uploads\/sites\/53\/2023\/01\/GOBERNADOR-SALOMON-150x150.jpg 150w, https:\/\/www.oaxaca.gob.mx\/sesipinna\/wp-content\/uploads\/sites\/53\/2023\/01\/GOBERNADOR-SALOMON.jpg 400w\" sizes=\"auto, (max-width: 300px) 100vw, 300px\" \/><\/p>\n<p style=\"text-align: left\">Ing. Salom\u00f3n Jara Cruz<\/p>\n<p style=\"text-align: left\">Gobernador Constitucional del Estado Libre y Soberano de Oaxaca.<\/p>\n<p>&nbsp;<\/p>\n<p><img loading=\"lazy\" decoding=\"async\" class=\"alignnone wp-image-1870 size-medium\" src=\"https:\/\/www.oaxaca.gob.mx\/sesipinna\/wp-content\/uploads\/sites\/53\/2023\/01\/JESUS-ROMERO-142x300.png\" alt=\"\" width=\"142\" height=\"300\" srcset=\"https:\/\/www.oaxaca.gob.mx\/sesipinna\/wp-content\/uploads\/sites\/53\/2023\/01\/JESUS-ROMERO-142x300.png 142w, https:\/\/www.oaxaca.gob.mx\/sesipinna\/wp-content\/uploads\/sites\/53\/2023\/01\/JESUS-ROMERO.png 418w\" sizes=\"auto, (max-width: 142px) 100vw, 142px\" \/><\/p>\n<p style=\"text-align: left\">Lic. Jos\u00e9 de Jes\u00fas Romero L\u00f3pez<\/p>\n<p style=\"text-align: left\">Secretario General de Gobierno.<\/p>\n<p>&nbsp;<\/p>\n<p><img loading=\"lazy\" decoding=\"async\" class=\"alignnone size-medium wp-image-1878\" src=\"https:\/\/www.oaxaca.gob.mx\/sesipinna\/wp-content\/uploads\/sites\/53\/2023\/01\/JOSE-ANTONIO-ok-146x300.jpg\" alt=\"\" width=\"146\" height=\"300\" srcset=\"https:\/\/www.oaxaca.gob.mx\/sesipinna\/wp-content\/uploads\/sites\/53\/2023\/01\/JOSE-ANTONIO-ok-146x300.jpg 146w, https:\/\/www.oaxaca.gob.mx\/sesipinna\/wp-content\/uploads\/sites\/53\/2023\/01\/JOSE-ANTONIO-ok.jpg 289w\" sizes=\"auto, (max-width: 146px) 100vw, 146px\" \/><\/p>\n<p style=\"text-align: left\">Mtro. Jos\u00e9 Antonio Rueda M\u00e1rquez<\/p>\n<p style=\"text-align: left\">Titular de la Jefatura de Gabinete Ejecutivo.<\/p>\n<p>&nbsp;<\/p>\n<p><img loading=\"lazy\" decoding=\"async\" class=\"alignnone size-medium wp-image-1868\" src=\"https:\/\/www.oaxaca.gob.mx\/sesipinna\/wp-content\/uploads\/sites\/53\/2023\/01\/farid-acevedo-ok-192x300.jpg\" alt=\"\" width=\"192\" height=\"300\" srcset=\"https:\/\/www.oaxaca.gob.mx\/sesipinna\/wp-content\/uploads\/sites\/53\/2023\/01\/farid-acevedo-ok-192x300.jpg 192w, https:\/\/www.oaxaca.gob.mx\/sesipinna\/wp-content\/uploads\/sites\/53\/2023\/01\/farid-acevedo-ok.jpg 279w\" sizes=\"auto, (max-width: 192px) 100vw, 192px\" \/><\/p>\n<p style=\"text-align: left\">Mtro. Farid Acevedo L\u00f3pez<\/p>\n<p style=\"text-align: left\">Secretario de Finanzas del Estado.<\/p>\n<p><img loading=\"lazy\" decoding=\"async\" class=\"alignnone size-full wp-image-2215\" src=\"https:\/\/www.oaxaca.gob.mx\/sesipinna\/wp-content\/uploads\/sites\/53\/2025\/12\/secre-mujeres.png\" alt=\"\" width=\"142\" height=\"147\" \/><\/p>\n<p>C. Anah\u00ed Monserratt Sarmiento P\u00e9rez<\/p>\n<p>Secretaria de las Mujeres<\/p>\n<p><img loading=\"lazy\" decoding=\"async\" class=\"alignnone size-medium wp-image-1961\" src=\"https:\/\/www.oaxaca.gob.mx\/sesipinna\/wp-content\/uploads\/sites\/53\/2023\/04\/emilio-300x200.jpg\" alt=\"\" width=\"300\" height=\"200\" srcset=\"https:\/\/www.oaxaca.gob.mx\/sesipinna\/wp-content\/uploads\/sites\/53\/2023\/04\/emilio-300x200.jpg 300w, https:\/\/www.oaxaca.gob.mx\/sesipinna\/wp-content\/uploads\/sites\/53\/2023\/04\/emilio-768x512.jpg 768w, https:\/\/www.oaxaca.gob.mx\/sesipinna\/wp-content\/uploads\/sites\/53\/2023\/04\/emilio.jpg 1024w\" sizes=\"auto, (max-width: 300px) 100vw, 300px\" \/><\/p>\n<p>Lic. Emilio Montero P\u00e9rez<\/p>\n<p>Director General del Instituto Estatal de Educaci\u00f3n P\u00fablica de Oaxaca.<\/p>\n<p><img loading=\"lazy\" decoding=\"async\" class=\"alignnone size-full wp-image-2210\" src=\"https:\/\/www.oaxaca.gob.mx\/sesipinna\/wp-content\/uploads\/sites\/53\/2025\/12\/bienestar.jpg\" alt=\"\" width=\"151\" height=\"163\" \/><\/p>\n<p>Lcda. Vilma Mart\u00ednez Cruz<\/p>\n<p>Secretaria de Bienestar, Tequio e Inclusi\u00f3n.<\/p>\n<p><img loading=\"lazy\" decoding=\"async\" class=\"alignnone size-full wp-image-2216\" src=\"https:\/\/www.oaxaca.gob.mx\/sesipinna\/wp-content\/uploads\/sites\/53\/2025\/12\/secre-salud.png\" alt=\"\" width=\"286\" height=\"168\" \/><\/p>\n<p>M.C. Efr\u00e9n Emmanuel Jarqu\u00edn Gonz\u00e1lez<\/p>\n<p>Secretario de Salud y Director de los Servicios de Salud de Oaxaca.<\/p>\n<p>&nbsp;<\/p>\n<p><img loading=\"lazy\" decoding=\"async\" class=\"alignnone size-full wp-image-2214\" src=\"https:\/\/www.oaxaca.gob.mx\/sesipinna\/wp-content\/uploads\/sites\/53\/2025\/12\/secre-intercultura.jpg\" alt=\"\" width=\"142\" height=\"147\" \/><\/p>\n<p>Mtra. Juana Hern\u00e1ndez L\u00f3pez<\/p>\n<p>Secretaria de Interculturalidad, Pueblos y Comunidades Ind\u00edgenas y Afromexicanas<\/p>\n<p>&nbsp;<\/p>\n<p><img loading=\"lazy\" decoding=\"async\" class=\"alignnone size-medium wp-image-1962\" src=\"https:\/\/www.oaxaca.gob.mx\/sesipinna\/wp-content\/uploads\/sites\/53\/2023\/04\/silverio-200x300.jpg\" alt=\"\" width=\"200\" height=\"300\" srcset=\"https:\/\/www.oaxaca.gob.mx\/sesipinna\/wp-content\/uploads\/sites\/53\/2023\/04\/silverio-200x300.jpg 200w, https:\/\/www.oaxaca.gob.mx\/sesipinna\/wp-content\/uploads\/sites\/53\/2023\/04\/silverio-683x1024.jpg 683w, https:\/\/www.oaxaca.gob.mx\/sesipinna\/wp-content\/uploads\/sites\/53\/2023\/04\/silverio-768x1152.jpg 768w, https:\/\/www.oaxaca.gob.mx\/sesipinna\/wp-content\/uploads\/sites\/53\/2023\/04\/silverio.jpg 912w\" sizes=\"auto, (max-width: 200px) 100vw, 200px\" \/><\/p>\n<p>Lic. Silverio \u00c1vila Mart\u00ednez<\/p>\n<p>Titular del Instituto de Atenci\u00f3n al Migrante Oaxaque\u00f1o<\/p>\n<p>&nbsp;<\/p>\n<p><img loading=\"lazy\" decoding=\"async\" class=\"alignnone size-medium wp-image-1869\" src=\"https:\/\/www.oaxaca.gob.mx\/sesipinna\/wp-content\/uploads\/sites\/53\/2023\/01\/flor-estela-ok-298x300.jpg\" alt=\"\" width=\"298\" height=\"300\" srcset=\"https:\/\/www.oaxaca.gob.mx\/sesipinna\/wp-content\/uploads\/sites\/53\/2023\/01\/flor-estela-ok-298x300.jpg 298w, https:\/\/www.oaxaca.gob.mx\/sesipinna\/wp-content\/uploads\/sites\/53\/2023\/01\/flor-estela-ok-150x150.jpg 150w, https:\/\/www.oaxaca.gob.mx\/sesipinna\/wp-content\/uploads\/sites\/53\/2023\/01\/flor-estela-ok.jpg 516w\" sizes=\"auto, (max-width: 298px) 100vw, 298px\" \/><\/p>\n<p>Mtra. Flor Estela Morales Hern\u00e1ndez<\/p>\n<p>Coordinadora para la Atenci\u00f3n de los Derechos Humanos del Gobierno del Estado.<\/p>\n<p>&nbsp;<\/p>\n<p><img loading=\"lazy\" decoding=\"async\" class=\"alignnone size-medium wp-image-1964\" src=\"https:\/\/www.oaxaca.gob.mx\/sesipinna\/wp-content\/uploads\/sites\/53\/2023\/04\/MARIBEL-200x300.jpeg\" alt=\"\" width=\"200\" height=\"300\" srcset=\"https:\/\/www.oaxaca.gob.mx\/sesipinna\/wp-content\/uploads\/sites\/53\/2023\/04\/MARIBEL-200x300.jpeg 200w, https:\/\/www.oaxaca.gob.mx\/sesipinna\/wp-content\/uploads\/sites\/53\/2023\/04\/MARIBEL-682x1024.jpeg 682w, https:\/\/www.oaxaca.gob.mx\/sesipinna\/wp-content\/uploads\/sites\/53\/2023\/04\/MARIBEL-768x1153.jpeg 768w, https:\/\/www.oaxaca.gob.mx\/sesipinna\/wp-content\/uploads\/sites\/53\/2023\/04\/MARIBEL-1023x1536.jpeg 1023w, https:\/\/www.oaxaca.gob.mx\/sesipinna\/wp-content\/uploads\/sites\/53\/2023\/04\/MARIBEL.jpeg 1066w\" sizes=\"auto, (max-width: 200px) 100vw, 200px\" \/><\/p>\n<p>Bi\u00f3loga Maribel Graciela Salinas Velasco<br \/>\nDirectora General del Sistema para el Desarrollo Integral de la Familia del Estado de Oaxaca.<\/p>\n<p><img loading=\"lazy\" decoding=\"async\" class=\"alignnone size-full wp-image-1876\" src=\"https:\/\/www.oaxaca.gob.mx\/sesipinna\/wp-content\/uploads\/sites\/53\/2023\/01\/raul-ruiz.jpg\" alt=\"\" width=\"225\" height=\"225\" srcset=\"https:\/\/www.oaxaca.gob.mx\/sesipinna\/wp-content\/uploads\/sites\/53\/2023\/01\/raul-ruiz.jpg 225w, https:\/\/www.oaxaca.gob.mx\/sesipinna\/wp-content\/uploads\/sites\/53\/2023\/01\/raul-ruiz-150x150.jpg 150w\" sizes=\"auto, (max-width: 225px) 100vw, 225px\" \/><\/p>\n<p>C. Ra\u00fal Ruiz Robles<\/p>\n<p>Secretario de Desarrollo Econ\u00f3mico<\/p>\n<p>&nbsp;<\/p>\n<p>&nbsp;<\/p>\n<p>&nbsp;<\/p>\n<p>&nbsp;<\/p>\n<p>&nbsp;<\/p>\n<p><strong>B. Municipios:<\/strong><\/p>\n<p>Un Presidente Municipal de cada una de las regiones que conforman el Estado, determinados por el Sistema Local, sobre la base del procedimiento que se\u00f1ala el Reglamento.<\/p>\n<p>&nbsp;<\/p>\n<p><strong>C. Organismos P\u00fablicos:<\/strong><\/p>\n<p><img loading=\"lazy\" decoding=\"async\" class=\"alignnone size-medium wp-image-1871\" src=\"https:\/\/www.oaxaca.gob.mx\/sesipinna\/wp-content\/uploads\/sites\/53\/2023\/01\/jose-bernardo-ok-300x167.jpg\" alt=\"\" width=\"300\" height=\"167\" srcset=\"https:\/\/www.oaxaca.gob.mx\/sesipinna\/wp-content\/uploads\/sites\/53\/2023\/01\/jose-bernardo-ok-300x167.jpg 300w, https:\/\/www.oaxaca.gob.mx\/sesipinna\/wp-content\/uploads\/sites\/53\/2023\/01\/jose-bernardo-ok-768x427.jpg 768w, https:\/\/www.oaxaca.gob.mx\/sesipinna\/wp-content\/uploads\/sites\/53\/2023\/01\/jose-bernardo-ok.jpg 900w\" sizes=\"auto, (max-width: 300px) 100vw, 300px\" \/><\/p>\n<p>Mtro. Jos\u00e9 Bernardo Rodr\u00edguez Alamilla<\/p>\n<p>Titular de la Fiscal\u00eda General de Oaxaca.<\/p>\n<p>&nbsp;<\/p>\n<p><img loading=\"lazy\" decoding=\"async\" class=\"alignnone size-full wp-image-2211\" src=\"https:\/\/www.oaxaca.gob.mx\/sesipinna\/wp-content\/uploads\/sites\/53\/2025\/12\/defensora.png\" alt=\"\" width=\"145\" height=\"154\" \/><\/p>\n<p>Licda. Elizabeth Lara Rodr\u00edguez<\/p>\n<p>Titular de la Defensor\u00eda de los Derechos Humanos del Pueblo de Oaxaca<\/p>\n<p>&nbsp;<\/p>\n<p><img loading=\"lazy\" decoding=\"async\" class=\"alignnone size-full wp-image-2217\" src=\"https:\/\/www.oaxaca.gob.mx\/sesipinna\/wp-content\/uploads\/sites\/53\/2025\/12\/worldvision.png\" alt=\"\" width=\"165\" height=\"147\" \/><\/p>\n<p>Mtro. Jos\u00e9 Francisco Ram\u00edrez Jim\u00e9nez<\/p>\n<p>World Visi\u00f3n M\u00e9xico<\/p>\n<p>Representante de la Sociedad Civil.<\/p>\n<p>&nbsp;<\/p>\n<p><img loading=\"lazy\" decoding=\"async\" class=\"alignnone size-full wp-image-2213\" src=\"https:\/\/www.oaxaca.gob.mx\/sesipinna\/wp-content\/uploads\/sites\/53\/2025\/12\/sanjuanpsicolo.png\" alt=\"\" width=\"142\" height=\"147\" \/><\/p>\n<p>Lic. Marco Antonio Sanjuan Santiago<\/p>\n<p>Director General \u201cSan Juan Psicolog\u00eda\u201d<\/p>\n<p>Representante de la Sociedad Civil.<\/p>\n<p>&nbsp;<\/p>\n<p>&nbsp;<\/p>\n<p>&nbsp;<\/p>\n<p>Representante de la Sociedad Civil.<\/p>\n<p>&nbsp;<\/p>\n<p>&nbsp;<\/p>\n<p>&nbsp;<\/p>\n<p>Representante de la Sociedad Civil.<\/p>\n<p>&nbsp;<\/p>\n<p>&nbsp;<\/p>\n<p>&nbsp;<\/p>\n<p>Representante de la Sociedad Civil.<\/p>\n<p>&nbsp;<\/p>\n<p><strong>Invitados permanentes<\/strong><\/p>\n<p>&nbsp;<\/p>\n<p><img loading=\"lazy\" decoding=\"async\" class=\"alignnone size-full wp-image-2212\" src=\"https:\/\/www.oaxaca.gob.mx\/sesipinna\/wp-content\/uploads\/sites\/53\/2025\/12\/magistrada.png\" alt=\"\" width=\"149\" height=\"149\" \/><\/p>\n<p>Magistrada Erika Mar\u00eda Rodr\u00edguez Rodr\u00edguez<\/p>\n<p>Presidenta del Tribunal Superior de Justicia del Estado de Oaxaca.<\/p>\n<p>&nbsp;<\/p>\n<p><img loading=\"lazy\" decoding=\"async\" class=\"alignnone size-medium wp-image-1873\" src=\"https:\/\/www.oaxaca.gob.mx\/sesipinna\/wp-content\/uploads\/sites\/53\/2023\/01\/Luis_Alfonso_Silva_Romo-ok-159x300.png\" alt=\"\" width=\"159\" height=\"300\" srcset=\"https:\/\/www.oaxaca.gob.mx\/sesipinna\/wp-content\/uploads\/sites\/53\/2023\/01\/Luis_Alfonso_Silva_Romo-ok-159x300.png 159w, https:\/\/www.oaxaca.gob.mx\/sesipinna\/wp-content\/uploads\/sites\/53\/2023\/01\/Luis_Alfonso_Silva_Romo-ok-544x1024.png 544w, https:\/\/www.oaxaca.gob.mx\/sesipinna\/wp-content\/uploads\/sites\/53\/2023\/01\/Luis_Alfonso_Silva_Romo-ok.png 572w\" sizes=\"auto, (max-width: 159px) 100vw, 159px\" \/><\/p>\n<p>Diputado Luis Alfonso Silva Romo<\/p>\n<p>Representante del H. Congreso del Estado de Oaxaca<\/p>\n<p>&nbsp;<\/p>\n<p>Los invitados permanentes intervendr\u00e1n con voz pero sin voto.<\/p>\n<p>&nbsp;<\/p>\n<p>&nbsp;<\/p>\n<p><strong>Invitados especiales<\/strong><\/p>\n<p><img loading=\"lazy\" decoding=\"async\" class=\"alignnone size-full wp-image-2219\" src=\"https:\/\/www.oaxaca.gob.mx\/sesipinna\/wp-content\/uploads\/sites\/53\/2025\/12\/universidadcomunal.png\" alt=\"\" width=\"144\" height=\"147\" \/><\/p>\n<p>Dr. Carlos Alberto Rico \u00c1lvarez<\/p>\n<p>Acad\u00e9mico de la Universidad Aut\u00f3noma Comunal de Oaxaca<\/p>\n<p>En las sesiones del Sistema Local, participar\u00e1n, las veces que sean necesarias y de forma especial, personas o instituciones, estatales, nacionales o internacionales, especializadas en la materia; as\u00ed mismo, participar\u00e1n Ni\u00f1as, Ni\u00f1os y Adolescentes seleccionados por el Sistema, quienes solo tendr\u00e1n voz.<\/p>\n","protected":false},"excerpt":{"rendered":"<p>El SIPINNA, por disposici\u00f3n de la Ley de los Derechos de Ni\u00f1as, Ni\u00f1os y Adolescentes del Estado de Oaxaca (Art\u00edculo 109), est\u00e1 conformado por: &nbsp; A. Poder Ejecutivo Estatal: &nbsp; Ing. Salom\u00f3n Jara Cruz Gobernador Constitucional del Estado Libre y Soberano de Oaxaca. &nbsp; Lic. Jos\u00e9 de Jes\u00fas Romero L\u00f3pez Secretario General de Gobierno. &nbsp; [&hellip;]<\/p>\n","protected":false},"author":1,"featured_media":0,"parent":0,"menu_order":0,"comment_status":"closed","ping_status":"closed","template":"","meta":{"episode_type":"","audio_file":"","podmotor_file_id":"","podmotor_episode_id":"","cover_image":"","cover_image_id":"","duration":"","filesize":"","filesize_raw":"","date_recorded":"","explicit":"","block":"","itunes_episode_number":"","itunes_title":"","itunes_season_number":"","itunes_episode_type":"","footnotes":""},"categories":[],"tags":[],"class_list":["post-33","page","type-page","status-publish","hentry"],"acf":[],"publishpress_future_action":{"enabled":false,"date":"2026-04-20 03:25:23","action":"change-status","newStatus":"draft","terms":[],"taxonomy":"category","extraData":[]},"publishpress_future_workflow_manual_trigger":{"enabledWorkflows":[]},"_links":{"self":[{"href":"https:\/\/www.oaxaca.gob.mx\/sesipinna\/wp-json\/wp\/v2\/pages\/33","targetHints":{"allow":["GET"]}}],"collection":[{"href":"https:\/\/www.oaxaca.gob.mx\/sesipinna\/wp-json\/wp\/v2\/pages"}],"about":[{"href":"https:\/\/www.oaxaca.gob.mx\/sesipinna\/wp-json\/wp\/v2\/types\/page"}],"author":[{"embeddable":true,"href":"https:\/\/www.oaxaca.gob.mx\/sesipinna\/wp-json\/wp\/v2\/users\/1"}],"replies":[{"embeddable":true,"href":"https:\/\/www.oaxaca.gob.mx\/sesipinna\/wp-json\/wp\/v2\/comments?post=33"}],"version-history":[{"count":2,"href":"https:\/\/www.oaxaca.gob.mx\/sesipinna\/wp-json\/wp\/v2\/pages\/33\/revisions"}],"predecessor-version":[{"id":2220,"href":"https:\/\/www.oaxaca.gob.mx\/sesipinna\/wp-json\/wp\/v2\/pages\/33\/revisions\/2220"}],"wp:attachment":[{"href":"https:\/\/www.oaxaca.gob.mx\/sesipinna\/wp-json\/wp\/v2\/media?parent=33"}],"wp:term":[{"taxonomy":"category","embeddable":true,"href":"https:\/\/www.oaxaca.gob.mx\/sesipinna\/wp-json\/wp\/v2\/categories?post=33"},{"taxonomy":"post_tag","embeddable":true,"href":"https:\/\/www.oaxaca.gob.mx\/sesipinna\/wp-json\/wp\/v2\/tags?post=33"}],"curies":[{"name":"wp","href":"https:\/\/api.w.org\/{rel}","templated":true}]}}