{"id":301,"date":"2016-02-26T11:19:18","date_gmt":"2016-02-26T17:19:18","guid":{"rendered":"https:\/\/www.oaxaca.gob.mx\/sesipinna\/?page_id=301"},"modified":"2016-02-26T11:19:18","modified_gmt":"2016-02-26T17:19:18","slug":"escuela-de-mis-derechos","status":"publish","type":"page","link":"https:\/\/www.oaxaca.gob.mx\/sesipinna\/escuela-de-mis-derechos\/","title":{"rendered":"Escuela de mis derechos"},"content":{"rendered":"\n<table id=\"tablepress-tbl-escuela-mis-derechos_embed\" class=\"tablepress tablepress-id-tbl-escuela-mis-derechos_embed\">\n<thead>\n<tr class=\"row-1\">\n\t<th class=\"column-1\">N\u00famero<\/th><th class=\"column-2\">C\u00e1psula<\/th><th class=\"column-3\">Escuchar<\/th>\n<\/tr>\n<\/thead>\n<tbody class=\"row-striping row-hover\">\n<tr class=\"row-2\">\n\t<td class=\"column-1\"><b>001<\/b><\/td><td class=\"column-2\">Acoso escolar<\/td><td class=\"column-3\"><audio controls=\"\" src=\"\/sesipinna\/wp-content\/uploads\/sites\/53\/radio\/escuelademisderechos\/capsula1.mp3\" \/><\/td>\n<\/tr>\n<tr class=\"row-3\">\n\t<td class=\"column-1\"><b>002<\/b><\/td><td class=\"column-2\">Caracter\u00edsticas de los derechos<\/td><td class=\"column-3\"><audio controls=\"\" src=\"\/sesipinna\/wp-content\/uploads\/sites\/53\/radio\/escuelademisderechos\/capsula2.mp3\" \/><\/td>\n<\/tr>\n<tr class=\"row-4\">\n\t<td class=\"column-1\"><b>003<\/b><\/td><td class=\"column-2\">Sujetos de derechos<\/td><td class=\"column-3\"><audio controls=\"\" src=\"\/sesipinna\/wp-content\/uploads\/sites\/53\/radio\/escuelademisderechos\/capsula3.mp3\" \/><\/td>\n<\/tr>\n<tr class=\"row-5\">\n\t<td class=\"column-1\"><b>004<\/b><\/td><td class=\"column-2\">Derecho a la libre expresi\u00f3n y participaci\u00f3n en la escuela<\/td><td class=\"column-3\"><audio controls=\"\" src=\"\/sesipinna\/wp-content\/uploads\/sites\/53\/radio\/escuelademisderechos\/capsula4.mp3\" \/><\/td>\n<\/tr>\n<tr class=\"row-6\">\n\t<td class=\"column-1\"><b>005<\/b><\/td><td class=\"column-2\">Derecho al nivel m\u00e1s alto de salud<\/td><td class=\"column-3\"><audio controls=\"\" src=\"\/sesipinna\/wp-content\/uploads\/sites\/53\/radio\/escuelademisderechos\/capsula5.mp3\" \/><\/td>\n<\/tr>\n<tr class=\"row-7\">\n\t<td class=\"column-1\"><b>006<\/b><\/td><td class=\"column-2\">Enemigos de los derechos<\/td><td class=\"column-3\"><audio controls=\"\" src=\"\/sesipinna\/wp-content\/uploads\/sites\/53\/radio\/escuelademisderechos\/capsula6.mp3\" \/><\/td>\n<\/tr>\n<tr class=\"row-8\">\n\t<td class=\"column-1\"><b>007<\/b><\/td><td class=\"column-2\">Derecho a una buena nutrici\u00f3n<\/td><td class=\"column-3\"><audio controls=\"\" src=\"\/sesipinna\/wp-content\/uploads\/sites\/53\/radio\/escuelademisderechos\/capsula7.mp3\" \/><\/td>\n<\/tr>\n<tr class=\"row-9\">\n\t<td class=\"column-1\"><b>008<\/b><\/td><td class=\"column-2\">Derecho al juego, recreaci\u00f3n y descanso<\/td><td class=\"column-3\"><audio controls=\"\" src=\"\/sesipinna\/wp-content\/uploads\/sites\/53\/radio\/escuelademisderechos\/capsula8.mp3\" \/><\/td>\n<\/tr>\n<tr class=\"row-10\">\n\t<td class=\"column-1\"><b>009<\/b><\/td><td class=\"column-2\">Derecho a la participaci\u00f3n<\/td><td class=\"column-3\"><audio controls=\"\" src=\"\/sesipinna\/wp-content\/uploads\/sites\/53\/radio\/escuelademisderechos\/capsula9.mp3\" \/><\/td>\n<\/tr>\n<tr class=\"row-11\">\n\t<td class=\"column-1\"><b>010<\/b><\/td><td class=\"column-2\">Derecho a la educaci\u00f3n<\/td><td class=\"column-3\"><audio controls=\"\" src=\"\/sesipinna\/wp-content\/uploads\/sites\/53\/radio\/escuelademisderechos\/capsula10.mp3\" \/><\/td>\n<\/tr>\n<tr class=\"row-12\">\n\t<td class=\"column-1\"><b>011<\/b><\/td><td class=\"column-2\">Concurso de fotograf\u00eda y video Vivir Nuestros Derechos<\/td><td class=\"column-3\"><audio controls=\"\" src=\"\/sesipinna\/wp-content\/uploads\/sites\/53\/radio\/escuelademisderechos\/capsula11.mp3\" \/><\/td>\n<\/tr>\n<tr class=\"row-13\">\n\t<td class=\"column-1\"><b>012<\/b><\/td><td class=\"column-2\">Derechos de ni\u00f1as, ni\u00f1os y adolescentes ind\u00edgenas<\/td><td class=\"column-3\"><audio controls=\"\" src=\"\/sesipinna\/wp-content\/uploads\/sites\/53\/radio\/escuelademisderechos\/capsula12.mp3\" \/><\/td>\n<\/tr>\n<tr class=\"row-14\">\n\t<td class=\"column-1\"><b>013<\/b><\/td><td class=\"column-2\">Derechos de ni\u00f1as, ni\u00f1os y adolescentes con discapacidad<\/td><td class=\"column-3\"><audio controls=\"\" src=\"\/sesipinna\/wp-content\/uploads\/sites\/53\/radio\/escuelademisderechos\/capsula13.mp3\" \/><\/td>\n<\/tr>\n<tr class=\"row-15\">\n\t<td class=\"column-1\"><b>014<\/b><\/td><td class=\"column-2\">Mis derechos en 10<\/td><td class=\"column-3\"><audio controls=\"\" src=\"\/sesipinna\/wp-content\/uploads\/sites\/53\/radio\/escuelademisderechos\/capsula14.mp3\" \/><\/td>\n<\/tr>\n<tr class=\"row-16\">\n\t<td class=\"column-1\"><b>015<\/b><\/td><td class=\"column-2\">No somos menores, somos ni\u00f1as, ni\u00f1os y adolescentes<\/td><td class=\"column-3\"><audio controls=\"\" src=\"\/sesipinna\/wp-content\/uploads\/sites\/53\/radio\/escuelademisderechos\/capsula15.mp3\" \/><\/td>\n<\/tr>\n<tr class=\"row-17\">\n\t<td class=\"column-1\"><b>016<\/b><\/td><td class=\"column-2\">Resumen de derechos<\/td><td class=\"column-3\"><audio controls=\"\" src=\"\/sesipinna\/wp-content\/uploads\/sites\/53\/radio\/escuelademisderechos\/capsula16.mp3\" \/><\/td>\n<\/tr>\n<tr class=\"row-18\">\n\t<td class=\"column-1\"><b>017<\/b><\/td><td class=\"column-2\">Espacios para la cultura y las artes<\/td><td class=\"column-3\"><audio controls=\"\" src=\"\/sesipinna\/wp-content\/uploads\/sites\/53\/radio\/escuelademisderechos\/capsula17.mp3\" \/><\/td>\n<\/tr>\n<tr class=\"row-19\">\n\t<td class=\"column-1\"><b>018<\/b><\/td><td class=\"column-2\">Derechos a reunirse libremente y formar agrupaciones<\/td><td class=\"column-3\"><audio controls=\"\" src=\"\/sesipinna\/wp-content\/uploads\/sites\/53\/radio\/escuelademisderechos\/capsula18.mp3\" \/><\/td>\n<\/tr>\n<tr class=\"row-20\">\n\t<td class=\"column-1\"><b>019<\/b><\/td><td class=\"column-2\">Embarazo adolescente<\/td><td class=\"column-3\"><audio controls=\"\" src=\"\/sesipinna\/wp-content\/uploads\/sites\/53\/radio\/escuelademisderechos\/capsula19.mp3\" \/><\/td>\n<\/tr>\n<tr class=\"row-21\">\n\t<td class=\"column-1\"><b>020<\/b><\/td><td class=\"column-2\">Derecho a buscar y recibir informaci\u00f3n adecuada<\/td><td class=\"column-3\"><audio controls=\"\" src=\"\/sesipinna\/wp-content\/uploads\/sites\/53\/radio\/escuelademisderechos\/capsula20.mp3\" \/><\/td>\n<\/tr>\n<tr class=\"row-22\">\n\t<td class=\"column-1\"><b>021<\/b><\/td><td class=\"column-2\">Lactancia materna<\/td><td class=\"column-3\"><audio controls=\"\" src=\"\/sesipinna\/wp-content\/uploads\/sites\/53\/radio\/escuelademisderechos\/capsula21.mp3\" \/><\/td>\n<\/tr>\n<tr class=\"row-23\">\n\t<td class=\"column-1\"><b>022<\/b><\/td><td class=\"column-2\">Derecho a un nombre y una nacionalidad<\/td><td class=\"column-3\"><audio controls=\"\" src=\"\/sesipinna\/wp-content\/uploads\/sites\/53\/radio\/escuelademisderechos\/capsula22.mp3\" \/><\/td>\n<\/tr>\n<tr class=\"row-24\">\n\t<td class=\"column-1\"><b>023<\/b><\/td><td class=\"column-2\">Principio de la No discriminaci\u00f3n<\/td><td class=\"column-3\"><audio controls=\"\" src=\"\/sesipinna\/wp-content\/uploads\/sites\/53\/radio\/escuelademisderechos\/capsula23.mp3\" \/><\/td>\n<\/tr>\n<tr class=\"row-25\">\n\t<td class=\"column-1\"><b>024<\/b><\/td><td class=\"column-2\">Contra la retenci\u00f3n ilegal de ni\u00f1as, ni\u00f1os y adolescentes<\/td><td class=\"column-3\"><audio controls=\"\" src=\"\/sesipinna\/wp-content\/uploads\/sites\/53\/radio\/escuelademisderechos\/capsula24.mp3\" \/><\/td>\n<\/tr>\n<tr class=\"row-26\">\n\t<td class=\"column-1\"><b>025<\/b><\/td><td class=\"column-2\">Derecho a la libertad de creencias, ideas y pensamientos<\/td><td class=\"column-3\"><audio controls=\"\" src=\"\/sesipinna\/wp-content\/uploads\/sites\/53\/radio\/escuelademisderechos\/capsula25.mp3\" \/><\/td>\n<\/tr>\n<tr class=\"row-27\">\n\t<td class=\"column-1\"><b>026<\/b><\/td><td class=\"column-2\">Derecho a expresarnos libremente en todos los asuntos que nos involucren<\/td><td class=\"column-3\"><audio controls=\"\" src=\"\/sesipinna\/wp-content\/uploads\/sites\/53\/radio\/escuelademisderechos\/capsula26.mp3\" \/><\/td>\n<\/tr>\n<tr class=\"row-28\">\n\t<td class=\"column-1\"><b>027<\/b><\/td><td class=\"column-2\">Personas adultas responsables de ni\u00f1as, ni\u00f1os y adolescentes<\/td><td class=\"column-3\"><audio controls=\"\" src=\"\/sesipinna\/wp-content\/uploads\/sites\/53\/radio\/escuelademisderechos\/capsula27.mp3\" \/><\/td>\n<\/tr>\n<tr class=\"row-29\">\n\t<td class=\"column-1\"><b>028<\/b><\/td><td class=\"column-2\">Inter\u00e9s Superior del Ni\u00f1o<\/td><td class=\"column-3\"><audio controls=\"\" src=\"\/sesipinna\/wp-content\/uploads\/sites\/53\/radio\/escuelademisderechos\/capsula28.mp3\" \/><\/td>\n<\/tr>\n<tr class=\"row-30\">\n\t<td class=\"column-1\"><b>029<\/b><\/td><td class=\"column-2\">Pr\u00f3ximamente CEDNNA TV<\/td><td class=\"column-3\"><audio controls=\"\" src=\"\/sesipinna\/wp-content\/uploads\/sites\/53\/radio\/escuelademisderechos\/capsula29.mp3\" \/><\/td>\n<\/tr>\n<tr class=\"row-31\">\n\t<td class=\"column-1\"><b>030<\/b><\/td><td class=\"column-2\">Ni\u00f1as, ni\u00f1os y adolescentes migrantes<\/td><td class=\"column-3\"><audio controls=\"\" src=\"\/sesipinna\/wp-content\/uploads\/sites\/53\/radio\/escuelademisderechos\/capsula30.mp3\" \/><\/td>\n<\/tr>\n<tr class=\"row-32\">\n\t<td class=\"column-1\"><b>031<\/b><\/td><td class=\"column-2\">Vacaciones de Escuela de mis derechos<\/td><td class=\"column-3\"><audio controls=\"\" src=\"\/sesipinna\/wp-content\/uploads\/sites\/53\/radio\/escuelademisderechos\/capsula31.mp3\" \/><\/td>\n<\/tr>\n<\/tbody>\n<\/table>\n\n","protected":false},"excerpt":{"rendered":"","protected":false},"author":1,"featured_media":0,"parent":0,"menu_order":0,"comment_status":"closed","ping_status":"closed","template":"","meta":{"episode_type":"","audio_file":"","podmotor_file_id":"","podmotor_episode_id":"","cover_image":"","cover_image_id":"","duration":"","filesize":"","filesize_raw":"","date_recorded":"","explicit":"","block":"","itunes_episode_number":"","itunes_title":"","itunes_season_number":"","itunes_episode_type":"","footnotes":""},"categories":[],"tags":[],"class_list":["post-301","page","type-page","status-publish","hentry"],"acf":[],"publishpress_future_action":{"enabled":false,"date":"2026-04-20 05:23:06","action":"change-status","newStatus":"draft","terms":[],"taxonomy":"category","extraData":[]},"publishpress_future_workflow_manual_trigger":{"enabledWorkflows":[]},"_links":{"self":[{"href":"https:\/\/www.oaxaca.gob.mx\/sesipinna\/wp-json\/wp\/v2\/pages\/301","targetHints":{"allow":["GET"]}}],"collection":[{"href":"https:\/\/www.oaxaca.gob.mx\/sesipinna\/wp-json\/wp\/v2\/pages"}],"about":[{"href":"https:\/\/www.oaxaca.gob.mx\/sesipinna\/wp-json\/wp\/v2\/types\/page"}],"author":[{"embeddable":true,"href":"https:\/\/www.oaxaca.gob.mx\/sesipinna\/wp-json\/wp\/v2\/users\/1"}],"replies":[{"embeddable":true,"href":"https:\/\/www.oaxaca.gob.mx\/sesipinna\/wp-json\/wp\/v2\/comments?post=301"}],"version-history":[{"count":0,"href":"https:\/\/www.oaxaca.gob.mx\/sesipinna\/wp-json\/wp\/v2\/pages\/301\/revisions"}],"wp:attachment":[{"href":"https:\/\/www.oaxaca.gob.mx\/sesipinna\/wp-json\/wp\/v2\/media?parent=301"}],"wp:term":[{"taxonomy":"category","embeddable":true,"href":"https:\/\/www.oaxaca.gob.mx\/sesipinna\/wp-json\/wp\/v2\/categories?post=301"},{"taxonomy":"post_tag","embeddable":true,"href":"https:\/\/www.oaxaca.gob.mx\/sesipinna\/wp-json\/wp\/v2\/tags?post=301"}],"curies":[{"name":"wp","href":"https:\/\/api.w.org\/{rel}","templated":true}]}}