{"id":7339,"date":"2023-06-29T12:39:42","date_gmt":"2023-06-29T18:39:42","guid":{"rendered":"https:\/\/www.oaxaca.gob.mx\/sesesp\/?page_id=7339"},"modified":"2023-06-29T13:00:19","modified_gmt":"2023-06-29T19:00:19","slug":"fasp-2","status":"publish","type":"page","link":"https:\/\/www.oaxaca.gob.mx\/sesesp\/fasp-2\/","title":{"rendered":"FASP"},"content":{"rendered":"<p>El Fondo de Aportaciones para la Seguridad P\u00fablica (FASP) es un fondo presupuestal previsto en la Ley de Coordinaci\u00f3n Fiscal a trav\u00e9s del cual se transfieren recursos a las entidades federativas para dar cumplimiento a estrategias nacionales en materia de seguridad p\u00fablica. El FASP atiende a los cinco Ejes Estrat\u00e9gicos del Sistema Nacional de Seguridad P\u00fablica y se orienta a los diez Programas con Prioridad Nacional:<\/p>\n<ol>\n<li style=\"list-style-type: none\">\n<ol>\n<li style=\"list-style-type: none\">\n<ol>\n<li>Prevenci\u00f3n Social de la Violencia y la Delincuencia con Participaci\u00f3n Ciudadana<\/li>\n<li>Acceso a la Justicia para las mujeres<\/li>\n<li>Profesionalizaci\u00f3n de las Instituciones de Seguridad P\u00fablica<\/li>\n<li>Fortalecimiento de las Capacidades de Evaluaci\u00f3n en Control de Confianza<\/li>\n<li>Sistema nacional de atenci\u00f3n de llamadas de emergencia y denuncias ciudadanas<\/li>\n<li>Implementaci\u00f3n y Desarrollo del Sistema de justicia penal<\/li>\n<li>Fortalecimiento de capacidades para la prevenci\u00f3n y combate a delitos de alto impacto<\/li>\n<li>Fortalecimiento al Sistema penitenciario y de ejecuci\u00f3n de medidas para adolescentes<\/li>\n<li>Especializaci\u00f3n de las instancias responsables de la b\u00fasqueda de personas<\/li>\n<li>Dise\u00f1o de pol\u00edticas p\u00fablicas destinadas a la prevenci\u00f3n social de la violencia y la delincuencia con participaci\u00f3n ciudadana<\/li>\n<\/ol>\n<\/li>\n<\/ol>\n<\/li>\n<\/ol>\n<p>&nbsp;<br \/>\n<a href=\"https:\/\/www.gob.mx\/sesnsp\/acciones-y-programas\/fondo-de-aportaciones-para-la-seguridad-publica-fasp\" target=\"_blank\" rel=\"noopener noreferrer\">Fuente:\u00a0 Fondo de Aportaciones para la Seguridad P\u00fablica (FASP)<\/a><\/p>\n\n<table id=\"tablepress-31\" class=\"tablepress tablepress-id-31\">\n<thead>\n<tr class=\"row-1\">\n\t<th class=\"column-1\">DESCRIPCI\u00d3N<\/th><th class=\"column-2\">ENLACE<\/th>\n<\/tr>\n<\/thead>\n<tbody class=\"row-striping row-hover\">\n<tr class=\"row-2\">\n\t<td class=\"column-1\">Convenios y Anexos<\/td><td class=\"column-2\"><a target=\"_blank\" href=\"https:\/\/www.oaxaca.gob.mx\/sesesp\/fasp\/\" rel=\"noopener noreferrer\"><i class=\"fa fa-link fa-2x\">&nbsp;<\/i><\/a><\/td>\n<\/tr>\n<tr class=\"row-3\">\n\t<td class=\"column-1\">Proyectos<\/td><td class=\"column-2\"><a target=\"_blank\" href=\"https:\/\/www.oaxaca.gob.mx\/sesesp\/proyectos-fasp\/\" rel=\"noopener noreferrer\"><i class=\"fa fa-link fa-2x\">&nbsp;<\/i><\/a><\/td>\n<\/tr>\n<tr class=\"row-4\">\n\t<td class=\"column-1\">Informes Mensuales<\/td><td class=\"column-2\"><a href=\"https:\/\/www.oaxaca.gob.mx\/sesesp\/informes-mensuales-fasp\/\" target=\"_blank\" rel=\"noopener noreferrer\"><i class=\"fa fa-link fa-2x\">&nbsp;<\/i><\/a><\/td>\n<\/tr>\n<tr class=\"row-5\">\n\t<td class=\"column-1\">Informes Trimestrales<\/td><td class=\"column-2\"><a target=\"_blank\" href=\"https:\/\/www.oaxaca.gob.mx\/sesesp\/informe\/\" rel=\"noopener noreferrer\"><i class=\"fa fa-link fa-2x\">&nbsp;<\/i><\/a><\/td>\n<\/tr>\n<tr class=\"row-6\">\n\t<td class=\"column-1\">Evaluaciones<\/td><td class=\"column-2\"><a target=\"_blank\" href=\"https:\/\/www.oaxaca.gob.mx\/sesesp\/transparencia\/evaluacion-fasp\/\" rel=\"noopener noreferrer\"><i class=\"fa fa-link fa-2x\">&nbsp;<\/i><\/a><\/td>\n<\/tr>\n<\/tbody>\n<\/table>\n<!-- #tablepress-31 from cache -->\n","protected":false},"excerpt":{"rendered":"<p>El Fondo de Aportaciones para la Seguridad P\u00fablica (FASP) es un fondo presupuestal previsto en la Ley de Coordinaci\u00f3n Fiscal a trav\u00e9s del cual se transfieren recursos a las entidades federativas para dar cumplimiento a estrategias nacionales en materia de seguridad p\u00fablica. El FASP atiende a los cinco Ejes Estrat\u00e9gicos del Sistema Nacional de Seguridad [&hellip;]<\/p>\n","protected":false},"author":15,"featured_media":0,"parent":0,"menu_order":0,"comment_status":"closed","ping_status":"closed","template":"","meta":{"episode_type":"","audio_file":"","podmotor_file_id":"","podmotor_episode_id":"","cover_image":"","cover_image_id":"","duration":"","filesize":"","filesize_raw":"","date_recorded":"","explicit":"","block":"","itunes_episode_number":"","itunes_title":"","itunes_season_number":"","itunes_episode_type":"","footnotes":""},"categories":[],"tags":[],"class_list":["post-7339","page","type-page","status-publish","hentry"],"acf":[],"publishpress_future_action":{"enabled":false,"date":"2026-05-11 07:16:40","action":"change-status","newStatus":"draft","terms":[],"taxonomy":"category","extraData":[]},"publishpress_future_workflow_manual_trigger":{"enabledWorkflows":[]},"_links":{"self":[{"href":"https:\/\/www.oaxaca.gob.mx\/sesesp\/wp-json\/wp\/v2\/pages\/7339","targetHints":{"allow":["GET"]}}],"collection":[{"href":"https:\/\/www.oaxaca.gob.mx\/sesesp\/wp-json\/wp\/v2\/pages"}],"about":[{"href":"https:\/\/www.oaxaca.gob.mx\/sesesp\/wp-json\/wp\/v2\/types\/page"}],"author":[{"embeddable":true,"href":"https:\/\/www.oaxaca.gob.mx\/sesesp\/wp-json\/wp\/v2\/users\/15"}],"replies":[{"embeddable":true,"href":"https:\/\/www.oaxaca.gob.mx\/sesesp\/wp-json\/wp\/v2\/comments?post=7339"}],"version-history":[{"count":2,"href":"https:\/\/www.oaxaca.gob.mx\/sesesp\/wp-json\/wp\/v2\/pages\/7339\/revisions"}],"predecessor-version":[{"id":7353,"href":"https:\/\/www.oaxaca.gob.mx\/sesesp\/wp-json\/wp\/v2\/pages\/7339\/revisions\/7353"}],"wp:attachment":[{"href":"https:\/\/www.oaxaca.gob.mx\/sesesp\/wp-json\/wp\/v2\/media?parent=7339"}],"wp:term":[{"taxonomy":"category","embeddable":true,"href":"https:\/\/www.oaxaca.gob.mx\/sesesp\/wp-json\/wp\/v2\/categories?post=7339"},{"taxonomy":"post_tag","embeddable":true,"href":"https:\/\/www.oaxaca.gob.mx\/sesesp\/wp-json\/wp\/v2\/tags?post=7339"}],"curies":[{"name":"wp","href":"https:\/\/api.w.org\/{rel}","templated":true}]}}