{"id":8,"date":"2024-01-16T17:32:54","date_gmt":"2024-01-16T16:32:54","guid":{"rendered":"https:\/\/www.oaxaca.gob.mx\/sep\/?page_id=8"},"modified":"2026-04-06T11:58:22","modified_gmt":"2026-04-06T17:58:22","slug":"titular-de-la-dependencia","status":"publish","type":"page","link":"https:\/\/www.oaxaca.gob.mx\/sep\/titular-de-la-dependencia\/","title":{"rendered":"Titular de la Dependencia"},"content":{"rendered":"<p><!--<a href=\"https:\/\/www.facebook.com\/share\/uuQHBZpihUNzwen9\/?mibextid=qi2Omg\"><img loading=\"lazy\" decoding=\"async\" class=\"wp-image-551 aligncenter\" src=\"https:\/\/www.oaxaca.gob.mx\/sep\/wp-content\/uploads\/sites\/97\/2024\/10\/delfina-guzman-diaz-300x300.png\" alt=\"\" width=\"337\" height=\"337\" srcset=\"https:\/\/www.oaxaca.gob.mx\/sep\/wp-content\/uploads\/sites\/97\/2024\/10\/delfina-guzman-diaz-300x300.png 300w, https:\/\/www.oaxaca.gob.mx\/sep\/wp-content\/uploads\/sites\/97\/2024\/10\/delfina-guzman-diaz-1024x1024.png 1024w, https:\/\/www.oaxaca.gob.mx\/sep\/wp-content\/uploads\/sites\/97\/2024\/10\/delfina-guzman-diaz-150x150.png 150w, https:\/\/www.oaxaca.gob.mx\/sep\/wp-content\/uploads\/sites\/97\/2024\/10\/delfina-guzman-diaz-768x768.png 768w, https:\/\/www.oaxaca.gob.mx\/sep\/wp-content\/uploads\/sites\/97\/2024\/10\/delfina-guzman-diaz.png 1080w\" sizes=\"auto, (max-width: 337px) 100vw, 337px\" \/><\/a>\n\n\n<p style=\"text-align: center;\"><em><strong>Delfina Guzm\u00e1n D\u00edaz<\/strong><\/em> es Licenciada en Ciencias de la Educaci\u00f3n. Fue presidenta Municipal de Santiago Jamiltepec y dos veces Diputada: en el Congreso Federal y en la C\u00e1mara Local.\nMujer coste\u00f1a dedicada a la educaci\u00f3n y docencia en Santiago Jamiltepec, donde ejerci\u00f3 como profesora y subdirectora acad\u00e9mica.\nDesde hace m\u00e1s de 20 a\u00f1os ha caminado con las convicciones de izquierda y es protagonista del cambio verdadero.<\/p>\n\n\n\n\n<p style=\"text-align: center;\">Crear condiciones que aseguren el acceso a una educaci\u00f3n de excelencia y garantizar la formaci\u00f3n integral de las y los oaxaque\u00f1os, son los objetivos de Delfina Guzm\u00e1n, titular de la<strong> Secretar\u00eda de Educaci\u00f3n P\u00fablica.<\/strong><\/p>\n\n\n\n\n<p style=\"text-align: center;\">#ConoceATuGabinete<\/p>\n\n--><\/p>\n<p>Actualizaci\u00f3n en proceso<\/p>\n","protected":false},"excerpt":{"rendered":"<p>Actualizaci\u00f3n en proceso<\/p>\n","protected":false},"author":1,"featured_media":0,"parent":0,"menu_order":0,"comment_status":"closed","ping_status":"closed","template":"","meta":{"episode_type":"","audio_file":"","podmotor_file_id":"","podmotor_episode_id":"","cover_image":"","cover_image_id":"","duration":"","filesize":"","filesize_raw":"","date_recorded":"","explicit":"","block":"","itunes_episode_number":"","itunes_title":"","itunes_season_number":"","itunes_episode_type":"","footnotes":""},"categories":[],"tags":[],"class_list":["post-8","page","type-page","status-publish","hentry"],"acf":[],"publishpress_future_action":{"enabled":false,"date":"2026-04-25 23:51:11","action":"change-status","newStatus":"draft","terms":[],"taxonomy":"category","extraData":[]},"publishpress_future_workflow_manual_trigger":{"enabledWorkflows":[]},"_links":{"self":[{"href":"https:\/\/www.oaxaca.gob.mx\/sep\/wp-json\/wp\/v2\/pages\/8","targetHints":{"allow":["GET"]}}],"collection":[{"href":"https:\/\/www.oaxaca.gob.mx\/sep\/wp-json\/wp\/v2\/pages"}],"about":[{"href":"https:\/\/www.oaxaca.gob.mx\/sep\/wp-json\/wp\/v2\/types\/page"}],"author":[{"embeddable":true,"href":"https:\/\/www.oaxaca.gob.mx\/sep\/wp-json\/wp\/v2\/users\/1"}],"replies":[{"embeddable":true,"href":"https:\/\/www.oaxaca.gob.mx\/sep\/wp-json\/wp\/v2\/comments?post=8"}],"version-history":[{"count":3,"href":"https:\/\/www.oaxaca.gob.mx\/sep\/wp-json\/wp\/v2\/pages\/8\/revisions"}],"predecessor-version":[{"id":1863,"href":"https:\/\/www.oaxaca.gob.mx\/sep\/wp-json\/wp\/v2\/pages\/8\/revisions\/1863"}],"wp:attachment":[{"href":"https:\/\/www.oaxaca.gob.mx\/sep\/wp-json\/wp\/v2\/media?parent=8"}],"wp:term":[{"taxonomy":"category","embeddable":true,"href":"https:\/\/www.oaxaca.gob.mx\/sep\/wp-json\/wp\/v2\/categories?post=8"},{"taxonomy":"post_tag","embeddable":true,"href":"https:\/\/www.oaxaca.gob.mx\/sep\/wp-json\/wp\/v2\/tags?post=8"}],"curies":[{"name":"wp","href":"https:\/\/api.w.org\/{rel}","templated":true}]}}