{"id":2116,"date":"2018-01-18T13:01:51","date_gmt":"2018-01-18T19:01:51","guid":{"rendered":"http:\/\/www.sevitra.oaxaca.gob.mx\/?page_id=2116"},"modified":"2023-10-17T12:35:46","modified_gmt":"2023-10-17T18:35:46","slug":"organigrama-2-2","status":"publish","type":"page","link":"https:\/\/www.oaxaca.gob.mx\/semovi\/organigrama-2-2\/","title":{"rendered":"Organigrama"},"content":{"rendered":"<p>&nbsp;<\/p>\n<nav>\n<div id=\"nav-tab\" class=\"nav nav-tabs\" role=\"tablist\"><a id=\"nav-one-tab\" class=\"nav-item nav-link active\" role=\"tab\" href=\"#nav-one\" data-toggle=\"tab\">DIRECCI\u00d3N JUR\u00cdDICA<\/a><br \/>\n<a id=\"nav-two-tab\" class=\"nav-item nav-link\" role=\"tab\" href=\"#nav-two\" data-toggle=\"tab\">DEPARTAMENTOS<\/a><\/div>\n<\/nav>\n<div id=\"nav-tabContent\" class=\"tab-content\">\n<div id=\"nav-one\" class=\"tab-pane fade show active\" role=\"tabpanel\">\n<div class=\"card\" style=\"border-top-style: hidden\">\n<div class=\"card-body\">\n<div class=\"btn-toolbar\" role=\"toolbar\">\n<div class=\"btn-group btn-group-sm mr-2\" role=\"group\"><a class=\"btn btn-info\" href=\"\/semovi\/direccion-juridica\">Descripci\u00f3n<\/a><\/div>\n<div class=\"btn-group btn-group-sm mr-2\" role=\"group\"><a class=\"btn btn-info\" href=\"\/semovi\/mision\">Misi\u00f3n y Visi\u00f3n<\/a><\/div>\n<div class=\"btn-group btn-group-sm mr-2\" role=\"group\"><a class=\"btn btn-info active\" href=\"\/semovi\/organigrama-2-2\">Organigrama<\/a><\/div>\n<div class=\"btn-group btn-group-sm mr-2\" role=\"group\"><a class=\"btn btn-info\" href=\"\/semovi\/facultades\">Facultades<\/a><\/div>\n<div class=\"btn-group btn-group-sm mr-2\" role=\"group\"><a class=\"btn btn-info\" href=\"\/semovi\/procedimientos-operativos\">Procesos Operativos<\/a><\/div>\n<div class=\"btn-group btn-group-sm mr-2\" role=\"group\"><a class=\"btn btn-info\" href=\"\/semovi\/ordenamientos-juridicos\">Ordenamientos Jur\u00eddicos<\/a><\/div>\n<\/div>\n<div class=\"btn-toolbar\" style=\"margin-top: 10px\" role=\"toolbar\">\n<div class=\"btn-group btn-group-sm mr-2\" role=\"group\"><a class=\"btn btn-info\" href=\"\/semovi\/asuntos-atendidos-2017\">Asuntos Atendidos 2017<\/a><\/div>\n<div class=\"btn-group btn-group-sm mr-2\" role=\"group\"><a class=\"btn btn-info\" href=\"\/semovi\/objetivos-2018\">Objetivos 2018<\/a><\/div>\n<div class=\"btn-group btn-group-sm mr-2\" role=\"group\"><a class=\"btn btn-info\" href=\"\/semovi\/metas-2\">Metas<\/a><\/div>\n<\/div>\n<\/div>\n<\/div>\n<\/div>\n<div id=\"nav-two\" class=\"tab-pane fade\" role=\"tabpanel\">\n<div class=\"card\" style=\"border-top-style: hidden\">\n<div class=\"card-body\">\n<div class=\"btn-toolbar\" role=\"toolbar\">\n<div class=\"btn-group btn-group-sm mr-2\" role=\"group\"><a class=\"btn btn-info\" href=\"\/semovi\/depto-asuntos-juridicos-y-derechos-humanos\">Depto. Asuntos Jur\u00eddicos y Derechos Humanos<\/a><\/div>\n<div class=\"btn-group btn-group-sm mr-2\" role=\"group\"><a class=\"btn btn-info\" href=\"\/semovi\/depto-contencioso-administrativo-y-de-amparos\">Depto. Contencioso Administrativo y de Amparos<\/a><\/div>\n<div class=\"btn-group btn-group-sm mr-2\" role=\"group\"><a class=\"btn btn-info\" href=\"\/semovi\/mision-3\">Unidad de Transparencia<\/a><\/div>\n<\/div>\n<\/div>\n<\/div>\n<\/div>\n<\/div>\n<div style=\"margin-top: 20px\">\n<h5 class=\"entry-title\"><\/h5>\n<p><img loading=\"lazy\" decoding=\"async\" class=\"aligncenter wp-image-2115 size-full\" src=\"\/semovi\/wp-content\/uploads\/sites\/34\/2023\/10\/organigramajuridico-1.jpeg\" alt=\"organigrama - DIRECCION JURIDICA\" width=\"800\" height=\"600\" \/><\/p>\n<\/div>\n","protected":false},"excerpt":{"rendered":"<p>&nbsp; DIRECCI\u00d3N JUR\u00cdDICA DEPARTAMENTOS Descripci\u00f3n Misi\u00f3n y Visi\u00f3n Organigrama Facultades Procesos Operativos Ordenamientos Jur\u00eddicos Asuntos Atendidos 2017 Objetivos 2018 Metas Depto. Asuntos Jur\u00eddicos y Derechos Humanos Depto. Contencioso Administrativo y de Amparos Unidad de Transparencia<\/p>\n","protected":false},"author":1,"featured_media":0,"parent":0,"menu_order":0,"comment_status":"closed","ping_status":"closed","template":"","meta":{"episode_type":"","audio_file":"","podmotor_file_id":"","podmotor_episode_id":"","cover_image":"","cover_image_id":"","duration":"","filesize":"","filesize_raw":"","date_recorded":"","explicit":"","block":"","itunes_episode_number":"","itunes_title":"","itunes_season_number":"","itunes_episode_type":"","footnotes":""},"categories":[],"tags":[],"class_list":["post-2116","page","type-page","status-publish","hentry"],"acf":[],"publishpress_future_action":{"enabled":false,"date":"2026-05-20 11:57:15","action":"change-status","newStatus":"draft","terms":[],"taxonomy":"category","extraData":[]},"publishpress_future_workflow_manual_trigger":{"enabledWorkflows":[]},"_links":{"self":[{"href":"https:\/\/www.oaxaca.gob.mx\/semovi\/wp-json\/wp\/v2\/pages\/2116","targetHints":{"allow":["GET"]}}],"collection":[{"href":"https:\/\/www.oaxaca.gob.mx\/semovi\/wp-json\/wp\/v2\/pages"}],"about":[{"href":"https:\/\/www.oaxaca.gob.mx\/semovi\/wp-json\/wp\/v2\/types\/page"}],"author":[{"embeddable":true,"href":"https:\/\/www.oaxaca.gob.mx\/semovi\/wp-json\/wp\/v2\/users\/1"}],"replies":[{"embeddable":true,"href":"https:\/\/www.oaxaca.gob.mx\/semovi\/wp-json\/wp\/v2\/comments?post=2116"}],"version-history":[{"count":3,"href":"https:\/\/www.oaxaca.gob.mx\/semovi\/wp-json\/wp\/v2\/pages\/2116\/revisions"}],"predecessor-version":[{"id":10331,"href":"https:\/\/www.oaxaca.gob.mx\/semovi\/wp-json\/wp\/v2\/pages\/2116\/revisions\/10331"}],"wp:attachment":[{"href":"https:\/\/www.oaxaca.gob.mx\/semovi\/wp-json\/wp\/v2\/media?parent=2116"}],"wp:term":[{"taxonomy":"category","embeddable":true,"href":"https:\/\/www.oaxaca.gob.mx\/semovi\/wp-json\/wp\/v2\/categories?post=2116"},{"taxonomy":"post_tag","embeddable":true,"href":"https:\/\/www.oaxaca.gob.mx\/semovi\/wp-json\/wp\/v2\/tags?post=2116"}],"curies":[{"name":"wp","href":"https:\/\/api.w.org\/{rel}","templated":true}]}}