{"id":13784,"date":"2024-10-30T10:51:57","date_gmt":"2024-10-30T16:51:57","guid":{"rendered":"https:\/\/www.oaxaca.gob.mx\/semovi\/?page_id=13784"},"modified":"2024-10-30T10:51:57","modified_gmt":"2024-10-30T16:51:57","slug":"cumplimiento-financiero-ldf","status":"publish","type":"page","link":"https:\/\/www.oaxaca.gob.mx\/semovi\/cumplimiento-financiero-ldf\/","title":{"rendered":"Cumplimiento Financiero LDF"},"content":{"rendered":"\n<table id=\"tablepress-113\" class=\"tablepress tablepress-id-113 tbody-has-connected-cells\">\n<thead>\n<tr class=\"row-1\">\n\t<th class=\"column-1\">N\u00fam.<\/th><td class=\"column-2\"><\/td><th colspan=\"4\" class=\"column-3\">2023<\/th>\n<\/tr>\n<\/thead>\n<tbody class=\"row-striping row-hover\">\n<tr class=\"row-2\">\n\t<td colspan=\"2\" class=\"column-1\"><\/td><td colspan=\"4\" class=\"column-3\">TRIMESTRE<\/td>\n<\/tr>\n<tr class=\"row-3\">\n\t<td class=\"column-1\"><\/td><td class=\"column-2\">DESCRIPCI\u00d3N<\/td><td class=\"column-3\">1RO<\/td><td class=\"column-4\">2DO<\/td><td class=\"column-5\">3RO<\/td><td class=\"column-6\">4TO<\/td>\n<\/tr>\n<tr class=\"row-4\">\n\t<td class=\"column-1\">1<br \/>\n<\/td><td class=\"column-2\">Estado de Situaci\u00f3n financiera detallado<\/td><td class=\"column-3\"><a href=\"\/semovi\/wp-content\/uploads\/sites\/34\/2024\/11\/T1.pdf\" target=\"_blank\" rel=\"noopener noreferrer\"><i class=\"far fa-file-pdf fa-2x\">\u00a0<\/i><\/a><br \/>\n<br \/>\n<\/td><td class=\"column-4\"><a href=\"\/semovi\/wp-content\/uploads\/sites\/34\/2024\/11\/T2.pdf\" target=\"_blank\" rel=\"noopener noreferrer\"><i class=\"far fa-file-pdf fa-2x\">\u00a0<\/i><\/a><br \/>\n<br \/>\n<\/td><td class=\"column-5\"><a href=\"\/semovi\/wp-content\/uploads\/sites\/34\/2024\/11\/T3.pdf\" target=\"_blank\" rel=\"noopener noreferrer\"><i class=\"far fa-file-pdf fa-2x\">\u00a0<\/i><\/a><br \/>\n<br \/>\n<\/td><td class=\"column-6\"><a href=\"\/semovi\/wp-content\/uploads\/sites\/34\/2024\/11\/T4.pdf\" target=\"_blank\" rel=\"noopener noreferrer\"><i class=\"far fa-file-pdf fa-2x\">\u00a0<\/i><\/a><br \/>\n<br \/>\n<\/td>\n<\/tr>\n<tr class=\"row-5\">\n\t<td class=\"column-1\">2<\/td><td class=\"column-2\">Informe anal\u00edtico de la Deuda p\u00fablica y otros pasivos<\/td><td class=\"column-3\"><a href=\"\/semovi\/wp-content\/uploads\/sites\/34\/2024\/11\/T1-1.pdf\" target=\"_blank\" rel=\"noopener noreferrer\"><i class=\"far fa-file-pdf fa-2x\">\u00a0<\/i><\/a><br \/>\n<\/td><td class=\"column-4\"><a href=\"\/semovi\/wp-content\/uploads\/sites\/34\/2024\/11\/T2-1.pdf\" target=\"_blank\" rel=\"noopener noreferrer\"><i class=\"far fa-file-pdf fa-2x\">\u00a0<\/i><\/a><\/td><td class=\"column-5\"><a href=\"\/semovi\/wp-content\/uploads\/sites\/34\/2024\/11\/T3-1.pdf\" target=\"_blank\" rel=\"noopener noreferrer\"><i class=\"far fa-file-pdf fa-2x\">\u00a0<\/i><\/a><\/td><td class=\"column-6\"><a href=\"\/semovi\/wp-content\/uploads\/sites\/34\/2024\/11\/T4-1.pdf\" target=\"_blank\" rel=\"noopener noreferrer\"><i class=\"far fa-file-pdf fa-2x\">\u00a0<\/i><\/a><\/td>\n<\/tr>\n<tr class=\"row-6\">\n\t<td class=\"column-1\">3<\/td><td class=\"column-2\">Informe anal\u00edtico de Obligaciones Diferentes de Financiamientos<\/td><td class=\"column-3\"><a href=\"\/semovi\/wp-content\/uploads\/sites\/34\/2024\/11\/T1-2.pdf\" target=\"_blank\" rel=\"noopener noreferrer\"><i class=\"far fa-file-pdf fa-2x\">\u00a0<\/i><\/a><br \/>\n<\/td><td class=\"column-4\"><a href=\"\/semovi\/wp-content\/uploads\/sites\/34\/2024\/11\/T2-2.pdf\" target=\"_blank\" rel=\"noopener noreferrer\"><i class=\"far fa-file-pdf fa-2x\">\u00a0<\/i><\/a><\/td><td class=\"column-5\"><a href=\"\/semovi\/wp-content\/uploads\/sites\/34\/2024\/11\/T3-2.pdf\" target=\"_blank\" rel=\"noopener noreferrer\"><i class=\"far fa-file-pdf fa-2x\">\u00a0<\/i><\/a><\/td><td class=\"column-6\"><a href=\"\/semovi\/wp-content\/uploads\/sites\/34\/2024\/11\/T4-2.pdf\" target=\"_blank\" rel=\"noopener noreferrer\"><i class=\"far fa-file-pdf fa-2x\">\u00a0<\/i><\/a><\/td>\n<\/tr>\n<tr class=\"row-7\">\n\t<td class=\"column-1\">4<\/td><td class=\"column-2\">Balance Presupuestario<\/td><td class=\"column-3\"><a href=\"#\" target=\"_blank\" rel=\"noopener noreferrer\"><i class=\"far fa-file-pdf fa-2x\">\u00a0<\/i><\/a><br \/>\n<\/td><td class=\"column-4\"><a href=\"#\" target=\"_blank\" rel=\"noopener noreferrer\"><i class=\"far fa-file-pdf fa-2x\">\u00a0<\/i><\/a><\/td><td class=\"column-5\"><a href=\"#\" target=\"_blank\" rel=\"noopener noreferrer\"><i class=\"far fa-file-pdf fa-2x\">\u00a0<\/i><\/a><\/td><td class=\"column-6\"><a href=\"#\" target=\"_blank\" rel=\"noopener noreferrer\"><i class=\"far fa-file-pdf fa-2x\">\u00a0<\/i><\/a><\/td>\n<\/tr>\n<tr class=\"row-8\">\n\t<td class=\"column-1\">5<\/td><td class=\"column-2\">Estado Anal\u00edtico de Ingreso Detallado<br \/>\n<\/td><td class=\"column-3\"><a href=\"#\" target=\"_blank\" rel=\"noopener noreferrer\"><i class=\"far fa-file-pdf fa-2x\">\u00a0<\/i><\/a><\/td><td class=\"column-4\"><a href=\"#\" target=\"_blank\" rel=\"noopener noreferrer\"><i class=\"far fa-file-pdf fa-2x\">\u00a0<\/i><\/a><\/td><td class=\"column-5\"><a href=\"#\" target=\"_blank\" rel=\"noopener noreferrer\"><i class=\"far fa-file-pdf fa-2x\">\u00a0<\/i><\/a><\/td><td class=\"column-6\"><a href=\"#\" target=\"_blank\" rel=\"noopener noreferrer\"><i class=\"far fa-file-pdf fa-2x\">\u00a0<\/i><\/a><\/td>\n<\/tr>\n<tr class=\"row-9\">\n\t<td class=\"column-1\">6<\/td><td class=\"column-2\">Estado Anal\u00edtico del Ejercicio del Presupuesto de Egresos Detallado Clasificaci\u00f3n por Objeto del Gasto (Cap\u00edtulo y Concepto)<\/td><td class=\"column-3\"><a href=\"\/semovi\/wp-content\/uploads\/sites\/34\/2024\/11\/T1-3.pdf\" target=\"_blank\" rel=\"noopener noreferrer\"><i class=\"far fa-file-pdf fa-2x\">\u00a0<\/i><\/a><br \/>\n<\/td><td class=\"column-4\"><a href=\"\/semovi\/wp-content\/uploads\/sites\/34\/2024\/11\/T2-3.pdf\" target=\"_blank\" rel=\"noopener noreferrer\"><i class=\"far fa-file-pdf fa-2x\">\u00a0<\/i><\/a><\/td><td class=\"column-5\"><a href=\"\/semovi\/wp-content\/uploads\/sites\/34\/2024\/11\/T3-3.pdf\" target=\"_blank\" rel=\"noopener noreferrer\"><i class=\"far fa-file-pdf fa-2x\">\u00a0<\/i><\/a><\/td><td class=\"column-6\"><a href=\"\/semovi\/wp-content\/uploads\/sites\/34\/2024\/11\/T4-3.pdf\" target=\"_blank\" rel=\"noopener noreferrer\"><i class=\"far fa-file-pdf fa-2x\">\u00a0<\/i><\/a><\/td>\n<\/tr>\n<tr class=\"row-10\">\n\t<td class=\"column-1\">7<\/td><td class=\"column-2\">Estado Anal\u00edtico del Ejercicio del Presupuesto de Egresos Detallado - Clasificaci\u00f3n Administrativa<br \/>\n<br \/>\n<\/td><td class=\"column-3\"><a href=\"\/semovi\/wp-content\/uploads\/sites\/34\/2024\/11\/T1-4.pdf\" target=\"_blank\" rel=\"noopener noreferrer\"><i class=\"far fa-file-pdf fa-2x\">\u00a0<\/i><\/a><br \/>\n<\/td><td class=\"column-4\"><a href=\"\/semovi\/wp-content\/uploads\/sites\/34\/2024\/11\/T2-4.pdf\" target=\"_blank\" rel=\"noopener noreferrer\"><i class=\"far fa-file-pdf fa-2x\">\u00a0<\/i><\/a><br \/>\n<\/td><td class=\"column-5\"><a href=\"\/semovi\/wp-content\/uploads\/sites\/34\/2024\/11\/T3-4.pdf\" target=\"_blank\" rel=\"noopener noreferrer\"><i class=\"far fa-file-pdf fa-2x\">\u00a0<\/i><\/a><\/td><td class=\"column-6\"><a href=\"\/semovi\/wp-content\/uploads\/sites\/34\/2024\/11\/T4-4.pdf\" target=\"_blank\" rel=\"noopener noreferrer\"><i class=\"far fa-file-pdf fa-2x\">\u00a0<\/i><\/a><\/td>\n<\/tr>\n<tr class=\"row-11\">\n\t<td class=\"column-1\">8<\/td><td class=\"column-2\">Estado Anal\u00edtico del Ejercicio del Presupuesto de Egresos Detallado - Clasificaci\u00f3n Funcional (Finalidad y Funci\u00f3n)<br \/>\n<\/td><td class=\"column-3\"><a href=\"\/semovi\/wp-content\/uploads\/sites\/34\/2024\/11\/T1-5.pdf\" target=\"_blank\" rel=\"noopener noreferrer\"><i class=\"far fa-file-pdf fa-2x\">\u00a0<\/i><\/a><br \/>\n<\/td><td class=\"column-4\"><a href=\"\/semovi\/wp-content\/uploads\/sites\/34\/2024\/11\/T2-5.pdf\" target=\"_blank\" rel=\"noopener noreferrer\"><i class=\"far fa-file-pdf fa-2x\">\u00a0<\/i><\/a><\/td><td class=\"column-5\"><a href=\"\/semovi\/wp-content\/uploads\/sites\/34\/2024\/11\/T3-5.pdf\" target=\"_blank\" rel=\"noopener noreferrer\"><i class=\"far fa-file-pdf fa-2x\">\u00a0<\/i><\/a><\/td><td class=\"column-6\"><a href=\"\/semovi\/wp-content\/uploads\/sites\/34\/2024\/11\/T4-5.pdf\" target=\"_blank\" rel=\"noopener noreferrer\"><i class=\"far fa-file-pdf fa-2x\">\u00a0<\/i><\/a><\/td>\n<\/tr>\n<tr class=\"row-12\">\n\t<td class=\"column-1\">9<\/td><td class=\"column-2\">Estado Anal\u00edtico del Ejercicio del Presupuesto de Egresos Detallado - Clasificaci\u00f3n de Servicios Personales por Categor\u00eda<\/td><td class=\"column-3\"><a href=\"\/semovi\/wp-content\/uploads\/sites\/34\/2024\/11\/T1-6.pdf\" target=\"_blank\" rel=\"noopener noreferrer\"><i class=\"far fa-file-pdf fa-2x\">\u00a0<\/i><\/a><br \/>\n<\/td><td class=\"column-4\"><a href=\"\/semovi\/wp-content\/uploads\/sites\/34\/2024\/11\/T2-6.pdf\" target=\"_blank\" rel=\"noopener noreferrer\"><i class=\"far fa-file-pdf fa-2x\">\u00a0<\/i><\/a><\/td><td class=\"column-5\"><a href=\"\/semovi\/wp-content\/uploads\/sites\/34\/2024\/11\/T3-6.pdf\" target=\"_blank\" rel=\"noopener noreferrer\"><i class=\"far fa-file-pdf fa-2x\">\u00a0<\/i><\/a><\/td><td class=\"column-6\"><a href=\"\/semovi\/wp-content\/uploads\/sites\/34\/2024\/11\/T4-6.pdf\" target=\"_blank\" rel=\"noopener noreferrer\"><i class=\"far fa-file-pdf fa-2x\">\u00a0<\/i><\/a><\/td>\n<\/tr>\n<tr class=\"row-13\">\n\t<td class=\"column-1\">10<br \/>\n<\/td><td class=\"column-2\">Informe sobre Estudios Actuariales<br \/>\n<\/td><td class=\"column-3\"><\/td><td class=\"column-4\"><\/td><td class=\"column-5\"><\/td><td class=\"column-6\"><a href=\"\/semovi\/wp-content\/uploads\/sites\/34\/2024\/11\/ESTUDIOS-ACTUARIALES-2023-1.pdf\" target=\"_blank\" rel=\"noopener noreferrer\"><i class=\"far fa-file-pdf fa-2x\">\u00a0<\/i><\/a><\/td>\n<\/tr>\n<\/tbody>\n<\/table>\n<!-- #tablepress-113 from cache -->\n","protected":false},"excerpt":{"rendered":"","protected":false},"author":42,"featured_media":0,"parent":0,"menu_order":0,"comment_status":"closed","ping_status":"closed","template":"","meta":{"episode_type":"","audio_file":"","podmotor_file_id":"","podmotor_episode_id":"","cover_image":"","cover_image_id":"","duration":"","filesize":"","filesize_raw":"","date_recorded":"","explicit":"","block":"","itunes_episode_number":"","itunes_title":"","itunes_season_number":"","itunes_episode_type":"","footnotes":""},"categories":[],"tags":[],"class_list":["post-13784","page","type-page","status-publish","hentry"],"acf":[],"publishpress_future_action":{"enabled":false,"date":"2026-05-06 11:23:30","action":"change-status","newStatus":"draft","terms":[],"taxonomy":"category","extraData":[]},"publishpress_future_workflow_manual_trigger":{"enabledWorkflows":[]},"_links":{"self":[{"href":"https:\/\/www.oaxaca.gob.mx\/semovi\/wp-json\/wp\/v2\/pages\/13784","targetHints":{"allow":["GET"]}}],"collection":[{"href":"https:\/\/www.oaxaca.gob.mx\/semovi\/wp-json\/wp\/v2\/pages"}],"about":[{"href":"https:\/\/www.oaxaca.gob.mx\/semovi\/wp-json\/wp\/v2\/types\/page"}],"author":[{"embeddable":true,"href":"https:\/\/www.oaxaca.gob.mx\/semovi\/wp-json\/wp\/v2\/users\/42"}],"replies":[{"embeddable":true,"href":"https:\/\/www.oaxaca.gob.mx\/semovi\/wp-json\/wp\/v2\/comments?post=13784"}],"version-history":[{"count":1,"href":"https:\/\/www.oaxaca.gob.mx\/semovi\/wp-json\/wp\/v2\/pages\/13784\/revisions"}],"predecessor-version":[{"id":13785,"href":"https:\/\/www.oaxaca.gob.mx\/semovi\/wp-json\/wp\/v2\/pages\/13784\/revisions\/13785"}],"wp:attachment":[{"href":"https:\/\/www.oaxaca.gob.mx\/semovi\/wp-json\/wp\/v2\/media?parent=13784"}],"wp:term":[{"taxonomy":"category","embeddable":true,"href":"https:\/\/www.oaxaca.gob.mx\/semovi\/wp-json\/wp\/v2\/categories?post=13784"},{"taxonomy":"post_tag","embeddable":true,"href":"https:\/\/www.oaxaca.gob.mx\/semovi\/wp-json\/wp\/v2\/tags?post=13784"}],"curies":[{"name":"wp","href":"https:\/\/api.w.org\/{rel}","templated":true}]}}