{"id":3376,"date":"2018-09-07T10:04:57","date_gmt":"2018-09-07T16:04:57","guid":{"rendered":"http:\/\/www.segego.oaxaca.gob.mx\/?page_id=3376"},"modified":"2018-09-07T10:04:57","modified_gmt":"2018-09-07T16:04:57","slug":"aviso-de-privacidad-simplificada","status":"publish","type":"page","link":"https:\/\/www.oaxaca.gob.mx\/sego\/aviso-de-privacidad-simplificada\/","title":{"rendered":"Aviso de Privacidad Simplificado"},"content":{"rendered":"<p><img loading=\"lazy\" decoding=\"async\" class=\"wp-image-3152 alignnone\" src=\"https:\/\/www.oaxaca.gob.mx\/segego\/wp-content\/uploads\/sites\/74\/2017\/10\/segego.png\" alt=\"\" width=\"251\" height=\"48\" \/>&nbsp;<\/p>\n<h2 style=\"text-align: center\" align=\"justify\"><strong>Aviso de Privacidad Simplificado<\/strong><\/h2>\n<p>&nbsp;<\/p>\n<h4 align=\"justify\"><\/h4>\n<h4 align=\"justify\">La Secretar\u00eda General de Gobierno del Estado de Oaxaca, es la responsable del tratamiento de los datos personales que se recolectan a trav\u00e9s del portal www.segego.oaxaca.gob.mx.<\/h4>\n<p>&nbsp;<\/p>\n<h4><\/h4>\n<h4>Los datos personales que se recaben ser\u00e1n utilizados con la finalidad de responder las consultas o preguntas que v\u00eda Contacto sean recibidas por medio de correo electr\u00f3nico.<\/h4>\n<p>&nbsp;<\/p>\n<h4><\/h4>\n<h4>Si deseas conocer el aviso de privacidad integral, lo podr\u00e1s consultar en el portal: www.segego.oaxaca.gob.mx<\/h4>\n<p>&nbsp;<\/p>\n<p>&nbsp;<\/p>\n<p>Aprobado por el Comit\u00e9 de Transparencia de la Secretar\u00eda General de Gobierno en sesi\u00f3n extraordinaria del 27 de junio de 2018.<\/p>\n<p>&nbsp;<\/p>\n<p><img loading=\"lazy\" decoding=\"async\" class=\"wp-image-3152 alignnone\" src=\"https:\/\/www.oaxaca.gob.mx\/segego\/wp-content\/uploads\/sites\/74\/2018\/09\/lflor-294x300.png\" alt=\"\" width=\"155\" height=\"158\" \/>&nbsp;\t\t<\/p>\n","protected":false},"excerpt":{"rendered":"<p>&nbsp; Aviso de Privacidad Simplificado &nbsp; La Secretar\u00eda General de Gobierno del Estado de Oaxaca, es la responsable del tratamiento de los datos personales que se recolectan a trav\u00e9s del portal www.segego.oaxaca.gob.mx. &nbsp; Los datos personales que se recaben ser\u00e1n utilizados con la finalidad de responder las consultas o preguntas que v\u00eda Contacto sean recibidas [&hellip;]<\/p>\n","protected":false},"author":1,"featured_media":404,"parent":0,"menu_order":0,"comment_status":"closed","ping_status":"closed","template":"","meta":{"episode_type":"","audio_file":"","podmotor_file_id":"","podmotor_episode_id":"","cover_image":"","cover_image_id":"","duration":"","filesize":"","filesize_raw":"","date_recorded":"","explicit":"","block":"","itunes_episode_number":"","itunes_title":"","itunes_season_number":"","itunes_episode_type":"","footnotes":""},"categories":[],"tags":[],"class_list":["post-3376","page","type-page","status-publish","has-post-thumbnail","hentry"],"acf":[],"publishpress_future_action":{"enabled":false,"date":"2026-05-03 13:33:54","action":"change-status","newStatus":"draft","terms":[],"taxonomy":"category","extraData":[]},"publishpress_future_workflow_manual_trigger":{"enabledWorkflows":[]},"_links":{"self":[{"href":"https:\/\/www.oaxaca.gob.mx\/sego\/wp-json\/wp\/v2\/pages\/3376","targetHints":{"allow":["GET"]}}],"collection":[{"href":"https:\/\/www.oaxaca.gob.mx\/sego\/wp-json\/wp\/v2\/pages"}],"about":[{"href":"https:\/\/www.oaxaca.gob.mx\/sego\/wp-json\/wp\/v2\/types\/page"}],"author":[{"embeddable":true,"href":"https:\/\/www.oaxaca.gob.mx\/sego\/wp-json\/wp\/v2\/users\/1"}],"replies":[{"embeddable":true,"href":"https:\/\/www.oaxaca.gob.mx\/sego\/wp-json\/wp\/v2\/comments?post=3376"}],"version-history":[{"count":1,"href":"https:\/\/www.oaxaca.gob.mx\/sego\/wp-json\/wp\/v2\/pages\/3376\/revisions"}],"predecessor-version":[{"id":8962,"href":"https:\/\/www.oaxaca.gob.mx\/sego\/wp-json\/wp\/v2\/pages\/3376\/revisions\/8962"}],"wp:featuredmedia":[{"embeddable":true,"href":"https:\/\/www.oaxaca.gob.mx\/sego\/wp-json\/wp\/v2\/media\/404"}],"wp:attachment":[{"href":"https:\/\/www.oaxaca.gob.mx\/sego\/wp-json\/wp\/v2\/media?parent=3376"}],"wp:term":[{"taxonomy":"category","embeddable":true,"href":"https:\/\/www.oaxaca.gob.mx\/sego\/wp-json\/wp\/v2\/categories?post=3376"},{"taxonomy":"post_tag","embeddable":true,"href":"https:\/\/www.oaxaca.gob.mx\/sego\/wp-json\/wp\/v2\/tags?post=3376"}],"curies":[{"name":"wp","href":"https:\/\/api.w.org\/{rel}","templated":true}]}}