{"id":3240,"date":"2018-08-30T14:37:45","date_gmt":"2018-08-30T20:37:45","guid":{"rendered":"http:\/\/www.segego.oaxaca.gob.mx\/?page_id=3240"},"modified":"2020-01-27T17:50:10","modified_gmt":"2020-01-27T23:50:10","slug":"dictamen-de-desincorporacion-de-la-setrao-del-padron-de-sujetos-obligados","status":"publish","type":"page","link":"https:\/\/www.oaxaca.gob.mx\/sego\/dictamen-de-desincorporacion-de-la-setrao-del-padron-de-sujetos-obligados\/","title":{"rendered":"Dictamen de Desincorporaci\u00f3n de la SETRAO del Padr\u00f3n de Sujetos Obligados"},"content":{"rendered":"<h3 align=\"justify\"><strong>Dictamen que emite la Direcci\u00f3n de Asuntos Jur\u00eddicos del Instituto de Acceso a la Informaci\u00f3n P\u00fablica y Protecci\u00f3n de Datos Personales del Estado de Oaxaca, sobre la procedencia o no de la desincorporaci\u00f3n de la Secretar\u00eda del Trabajo del Estado de Oaxaca, del Padr\u00f3n de Sujetos Obligados de la Entidad.<\/strong><\/h3>\n<p>&nbsp;<\/p>\n<p>&nbsp;<\/p>\n<p style=\"text-align: center\"><a class=\"btn btn-morado\" role=\"button\" href=\"\/segego\/wp-content\/uploads\/sites\/74\/2018\/08\/Dictamen-2018-SETRAO.pdf\" target=\"_blank\" rel=\"noopener noreferrer\">Descargar<\/a><\/p>\n","protected":false},"excerpt":{"rendered":"<p>Dictamen que emite la Direcci\u00f3n de Asuntos Jur\u00eddicos del Instituto de Acceso a la Informaci\u00f3n P\u00fablica y Protecci\u00f3n de Datos Personales del Estado de Oaxaca, sobre la procedencia o no de la desincorporaci\u00f3n de la Secretar\u00eda del Trabajo del Estado de Oaxaca, del Padr\u00f3n de Sujetos Obligados de la Entidad. &nbsp; &nbsp; Descargar<\/p>\n","protected":false},"author":1,"featured_media":0,"parent":0,"menu_order":0,"comment_status":"closed","ping_status":"closed","template":"","meta":{"episode_type":"","audio_file":"","podmotor_file_id":"","podmotor_episode_id":"","cover_image":"","cover_image_id":"","duration":"","filesize":"","filesize_raw":"","date_recorded":"","explicit":"","block":"","itunes_episode_number":"","itunes_title":"","itunes_season_number":"","itunes_episode_type":"","footnotes":""},"categories":[],"tags":[],"class_list":["post-3240","page","type-page","status-publish","hentry"],"acf":[],"publishpress_future_action":{"enabled":false,"date":"2026-05-03 13:51:01","action":"change-status","newStatus":"draft","terms":[],"taxonomy":"category","extraData":[]},"publishpress_future_workflow_manual_trigger":{"enabledWorkflows":[]},"_links":{"self":[{"href":"https:\/\/www.oaxaca.gob.mx\/sego\/wp-json\/wp\/v2\/pages\/3240","targetHints":{"allow":["GET"]}}],"collection":[{"href":"https:\/\/www.oaxaca.gob.mx\/sego\/wp-json\/wp\/v2\/pages"}],"about":[{"href":"https:\/\/www.oaxaca.gob.mx\/sego\/wp-json\/wp\/v2\/types\/page"}],"author":[{"embeddable":true,"href":"https:\/\/www.oaxaca.gob.mx\/sego\/wp-json\/wp\/v2\/users\/1"}],"replies":[{"embeddable":true,"href":"https:\/\/www.oaxaca.gob.mx\/sego\/wp-json\/wp\/v2\/comments?post=3240"}],"version-history":[{"count":2,"href":"https:\/\/www.oaxaca.gob.mx\/sego\/wp-json\/wp\/v2\/pages\/3240\/revisions"}],"predecessor-version":[{"id":8236,"href":"https:\/\/www.oaxaca.gob.mx\/sego\/wp-json\/wp\/v2\/pages\/3240\/revisions\/8236"}],"wp:attachment":[{"href":"https:\/\/www.oaxaca.gob.mx\/sego\/wp-json\/wp\/v2\/media?parent=3240"}],"wp:term":[{"taxonomy":"category","embeddable":true,"href":"https:\/\/www.oaxaca.gob.mx\/sego\/wp-json\/wp\/v2\/categories?post=3240"},{"taxonomy":"post_tag","embeddable":true,"href":"https:\/\/www.oaxaca.gob.mx\/sego\/wp-json\/wp\/v2\/tags?post=3240"}],"curies":[{"name":"wp","href":"https:\/\/api.w.org\/{rel}","templated":true}]}}

Dictamen de Desincorporación de la SETRAO del Padrón de Sujetos Obligados

<h3 align="justify"><strong>Dictamen que emite la Dirección de Asuntos Jurídicos del Instituto de Acceso a la Información Pública y Protección de Datos Personales del Estado de Oaxaca, sobre la procedencia o no de la desincorporación de la Secretaría del Trabajo del Estado de Oaxaca, del Padrón de Sujetos Obligados de la Entidad.</strong></h3>
<p>&nbsp;</p>
<p>&nbsp;</p>
<p style="text-align: center"><a class="btn btn-morado" role="button" href="/segego/wp-content/uploads/sites/74/2018/08/Dictamen-2018-SETRAO.pdf" target="_blank" rel="noopener noreferrer">Descargar</a></p>

<p>Dictamen que emite la Dirección de Asuntos Jurídicos del Instituto de Acceso a la Información Pública y Protección de Datos Personales del Estado de Oaxaca, sobre la procedencia o no de la desincorporación de la Secretaría del Trabajo del Estado de Oaxaca, del Padrón de Sujetos Obligados de la Entidad. &nbsp; &nbsp; Descargar</p>
