{"id":3077,"date":"2018-08-10T11:13:04","date_gmt":"2018-08-10T17:13:04","guid":{"rendered":"http:\/\/www.segego.oaxaca.gob.mx\/?page_id=3077"},"modified":"2018-08-10T11:13:04","modified_gmt":"2018-08-10T17:13:04","slug":"marco-normativo","status":"publish","type":"page","link":"https:\/\/www.oaxaca.gob.mx\/sego\/marco-normativo\/","title":{"rendered":"Marco Normativo"},"content":{"rendered":"<h2 style=\"text-align: center\"><strong>Marco Normativo<\/strong><\/h2>\n<hr \/>\n<table style=\"height: 32px;text-align: center\" border=\"0\" width=\"750\">\n<tbody>\n<tr>\n<td style=\"text-align: justify\" width=\"80%\"><strong style=\"text-align: justify\">1: <\/strong>Constituci\u00f3n Pol\u00edtica del Estado Libre y Soberano de Oaxaca.<\/td>\n<td style=\"text-align: center\" width=\"20%\"><strong><a href=\"https:\/\/www.oaxaca.gob.mx\/segego\/wp-content\/uploads\/sites\/74\/2018\/08\/CONSTITUCI\u00d3N-POLITICA-DEL-ESTADO-DE-OAXACA-15-SEPT-16.pdf\" target=\"\u201d_blank&quot;\" rel=\"noopener noreferrer\">VER<\/a><\/strong><\/td>\n<\/tr>\n<\/tbody>\n<\/table>\n<hr \/>\n<table style=\"height: 32px;text-align: center\" border=\"0\" width=\"750\">\n<tbody>\n<tr>\n<td style=\"text-align: justify\" width=\"80%\"><strong style=\"text-align: justify\">2: <\/strong>Ley Org\u00e1nica del Poder Ejecutivo del Estado de Oaxaca.<\/td>\n<td style=\"text-align: center\" width=\"20%\"><strong><a href=\"https:\/\/www.oaxaca.gob.mx\/segego\/wp-content\/uploads\/sites\/74\/2018\/09\/Ley_Orga\u0301nica_del_Poder_Ejecutivo_Ref_dto_1532_aprob_LXIII_Legis_17_jul_2018_PO_Extra_2_ago_2018.pdf\" target=\"\u201d_blank&quot;\" rel=\"noopener noreferrer\">VER<\/a><\/strong><\/td>\n<\/tr>\n<\/tbody>\n<\/table>\n<hr \/>\n<table style=\"height: 32px;text-align: center\" border=\"0\" width=\"750\">\n<tbody>\n<tr>\n<td style=\"text-align: justify\" width=\"80%\"><strong style=\"text-align: justify\">3: <\/strong>Ley Transparencia y Acceso a la Informaci\u00f3n P\u00fablica del Estado de Oaxaca.<\/td>\n<td style=\"text-align: center\" width=\"20%\"><strong><a href=\"https:\/\/www.oaxaca.gob.mx\/segego\/wp-content\/uploads\/sites\/74\/2018\/08\/LEY-DE-TRANSPARENCIA-Y-ACCESO-A-LA-INFORMACION-PUBLICA.pdf\" target=\"\u201d_blank&quot;\" rel=\"noopener noreferrer\">VER<\/a><\/strong><\/td>\n<\/tr>\n<\/tbody>\n<\/table>\n<hr \/>\n<table style=\"height: 32px;text-align: center\" border=\"0\" width=\"750\">\n<tbody>\n<tr>\n<td style=\"text-align: justify\" width=\"80%\"><strong style=\"text-align: justify\">4: <\/strong>Ley Protecci\u00f3n de Datos Personales.<\/td>\n<td style=\"text-align: center\" width=\"20%\"><strong><a href=\"https:\/\/www.oaxaca.gob.mx\/segego\/wp-content\/uploads\/sites\/74\/2018\/08\/Ley-Proteccion-Datos-Personales-oaxaca.pdf\" target=\"\u201d_blank&quot;\" rel=\"noopener noreferrer\">VER<\/a><\/strong><\/td>\n<\/tr>\n<\/tbody>\n<\/table>\n<hr \/>\n<table style=\"height: 32px;text-align: center\" border=\"0\" width=\"750\">\n<tbody>\n<tr>\n<td style=\"text-align: justify\" width=\"80%\"><strong style=\"text-align: justify\">5: <\/strong>Reglamento Interno de la Secretar\u00eda General de Gobierno del Estado de Oaxaca.<\/td>\n<td style=\"text-align: center\" width=\"20%\"><strong><a href=\"https:\/\/www.oaxaca.gob.mx\/segego\/wp-content\/uploads\/sites\/74\/2018\/08\/REGLAMENTO-INTERNO-SEGEGO-.pdf\" target=\"\u201d_blank&quot;\" rel=\"noopener noreferrer\">VER<\/a><\/strong><\/td>\n<\/tr>\n<\/tbody>\n<\/table>\n<hr \/>\n<p><img loading=\"lazy\" decoding=\"async\" class=\"wp-image-3152 alignnone\" src=\"https:\/\/www.oaxaca.gob.mx\/segego\/wp-content\/uploads\/sites\/74\/2018\/09\/lflor-294x300.png\" alt=\"\" width=\"155\" height=\"158\" \/>&nbsp;\t\t<\/p>\n","protected":false},"excerpt":{"rendered":"<p>Marco Normativo 1: Constituci\u00f3n Pol\u00edtica del Estado Libre y Soberano de Oaxaca. VER 2: Ley Org\u00e1nica del Poder Ejecutivo del Estado de Oaxaca. VER 3: Ley Transparencia y Acceso a la Informaci\u00f3n P\u00fablica del Estado de Oaxaca. VER 4: Ley Protecci\u00f3n de Datos Personales. VER 5: Reglamento Interno de la Secretar\u00eda General de Gobierno del [&hellip;]<\/p>\n","protected":false},"author":1,"featured_media":0,"parent":0,"menu_order":0,"comment_status":"closed","ping_status":"closed","template":"","meta":{"episode_type":"","audio_file":"","podmotor_file_id":"","podmotor_episode_id":"","cover_image":"","cover_image_id":"","duration":"","filesize":"","filesize_raw":"","date_recorded":"","explicit":"","block":"","itunes_episode_number":"","itunes_title":"","itunes_season_number":"","itunes_episode_type":"","footnotes":""},"categories":[],"tags":[],"class_list":["post-3077","page","type-page","status-publish","hentry"],"acf":[],"publishpress_future_action":{"enabled":false,"date":"2026-05-03 15:09:38","action":"change-status","newStatus":"draft","terms":[],"taxonomy":"category","extraData":[]},"publishpress_future_workflow_manual_trigger":{"enabledWorkflows":[]},"_links":{"self":[{"href":"https:\/\/www.oaxaca.gob.mx\/sego\/wp-json\/wp\/v2\/pages\/3077","targetHints":{"allow":["GET"]}}],"collection":[{"href":"https:\/\/www.oaxaca.gob.mx\/sego\/wp-json\/wp\/v2\/pages"}],"about":[{"href":"https:\/\/www.oaxaca.gob.mx\/sego\/wp-json\/wp\/v2\/types\/page"}],"author":[{"embeddable":true,"href":"https:\/\/www.oaxaca.gob.mx\/sego\/wp-json\/wp\/v2\/users\/1"}],"replies":[{"embeddable":true,"href":"https:\/\/www.oaxaca.gob.mx\/sego\/wp-json\/wp\/v2\/comments?post=3077"}],"version-history":[{"count":0,"href":"https:\/\/www.oaxaca.gob.mx\/sego\/wp-json\/wp\/v2\/pages\/3077\/revisions"}],"wp:attachment":[{"href":"https:\/\/www.oaxaca.gob.mx\/sego\/wp-json\/wp\/v2\/media?parent=3077"}],"wp:term":[{"taxonomy":"category","embeddable":true,"href":"https:\/\/www.oaxaca.gob.mx\/sego\/wp-json\/wp\/v2\/categories?post=3077"},{"taxonomy":"post_tag","embeddable":true,"href":"https:\/\/www.oaxaca.gob.mx\/sego\/wp-json\/wp\/v2\/tags?post=3077"}],"curies":[{"name":"wp","href":"https:\/\/api.w.org\/{rel}","templated":true}]}}

<h2 style="text-align: center"><strong>Marco Normativo</strong></h2>
<hr />
<table style="height: 32px;text-align: center" border="0" width="750">
<tbody>
<tr>
<td style="text-align: justify" width="80%"><strong style="text-align: justify">1: </strong>Constitución Política del Estado Libre y Soberano de Oaxaca.</td>
<td style="text-align: center" width="20%"><strong><a href="https://www.oaxaca.gob.mx/segego/wp-content/uploads/sites/74/2018/08/CONSTITUCIÓN-POLITICA-DEL-ESTADO-DE-OAXACA-15-SEPT-16.pdf" target="”_blank&quot;" rel="noopener noreferrer">VER</a></strong></td>
</tr>
</tbody>
</table>
<hr />
<table style="height: 32px;text-align: center" border="0" width="750">
<tbody>
<tr>
<td style="text-align: justify" width="80%"><strong style="text-align: justify">2: </strong>Ley Orgánica del Poder Ejecutivo del Estado de Oaxaca.</td>
<td style="text-align: center" width="20%"><strong><a href="https://www.oaxaca.gob.mx/segego/wp-content/uploads/sites/74/2018/09/Ley_Orgánica_del_Poder_Ejecutivo_Ref_dto_1532_aprob_LXIII_Legis_17_jul_2018_PO_Extra_2_ago_2018.pdf" target="”_blank&quot;" rel="noopener noreferrer">VER</a></strong></td>
</tr>
</tbody>
</table>
<hr />
<table style="height: 32px;text-align: center" border="0" width="750">
<tbody>
<tr>
<td style="text-align: justify" width="80%"><strong style="text-align: justify">3: </strong>Ley Transparencia y Acceso a la Información Pública del Estado de Oaxaca.</td>
<td style="text-align: center" width="20%"><strong><a href="https://www.oaxaca.gob.mx/segego/wp-content/uploads/sites/74/2018/08/LEY-DE-TRANSPARENCIA-Y-ACCESO-A-LA-INFORMACION-PUBLICA.pdf" target="”_blank&quot;" rel="noopener noreferrer">VER</a></strong></td>
</tr>
</tbody>
</table>
<hr />
<table style="height: 32px;text-align: center" border="0" width="750">
<tbody>
<tr>
<td style="text-align: justify" width="80%"><strong style="text-align: justify">4: </strong>Ley Protección de Datos Personales.</td>
<td style="text-align: center" width="20%"><strong><a href="https://www.oaxaca.gob.mx/segego/wp-content/uploads/sites/74/2018/08/Ley-Proteccion-Datos-Personales-oaxaca.pdf" target="”_blank&quot;" rel="noopener noreferrer">VER</a></strong></td>
</tr>
</tbody>
</table>
<hr />
<table style="height: 32px;text-align: center" border="0" width="750">
<tbody>
<tr>
<td style="text-align: justify" width="80%"><strong style="text-align: justify">5: </strong>Reglamento Interno de la Secretaría General de Gobierno del Estado de Oaxaca.</td>
<td style="text-align: center" width="20%"><strong><a href="https://www.oaxaca.gob.mx/segego/wp-content/uploads/sites/74/2018/08/REGLAMENTO-INTERNO-SEGEGO-.pdf" target="”_blank&quot;" rel="noopener noreferrer">VER</a></strong></td>
</tr>
</tbody>
</table>
<hr />
<p><img loading="lazy" decoding="async" class="wp-image-3152 alignnone" src="https://www.oaxaca.gob.mx/segego/wp-content/uploads/sites/74/2018/09/lflor-294x300.png" alt="" width="155" height="158" />&nbsp;		</p>

<p>Marco Normativo 1: Constitución Política del Estado Libre y Soberano de Oaxaca. VER 2: Ley Orgánica del Poder Ejecutivo del Estado de Oaxaca. VER 3: Ley Transparencia y Acceso a la Información Pública del Estado de Oaxaca. VER 4: Ley Protección de Datos Personales. VER 5: Reglamento Interno de la Secretaría General de Gobierno del [&hellip;]</p>
