{"id":18722,"date":"2025-01-31T20:12:36","date_gmt":"2025-02-01T02:12:36","guid":{"rendered":"https:\/\/www.oaxaca.gob.mx\/sego\/?page_id=18722"},"modified":"2025-01-31T20:23:14","modified_gmt":"2025-02-01T02:23:14","slug":"programa-de-paz-con-justicia-y-bienestar-para-el-pueblo-de-oaxaca","status":"publish","type":"page","link":"https:\/\/www.oaxaca.gob.mx\/sego\/programa-de-paz-con-justicia-y-bienestar-para-el-pueblo-de-oaxaca\/","title":{"rendered":"PROGRAMA DE PAZ CON JUSTICIA Y BIENESTAR PARA EL PUEBLO DE OAXACA"},"content":{"rendered":"<p>Una metodolog\u00eda integral que gu\u00eda el trabajo transversal de la Secretar\u00eda de Gobierno, orientada a construir la gobernabilidad, fortalecer el di\u00e1logo y fomentar el desarrollo social y la paz en el estado. A trav\u00e9s de cuatro ejes: Hablamos no bloqueamos, Pa\u00b4 las Oaxaque\u00f1as, Viviendo la Paz y Paz territorial.<\/p>\n","protected":false},"excerpt":{"rendered":"<p>Una metodolog\u00eda integral que gu\u00eda el trabajo transversal de la Secretar\u00eda de Gobierno, orientada a construir la gobernabilidad, fortalecer el di\u00e1logo y fomentar el desarrollo social y la paz en el estado. A trav\u00e9s de cuatro ejes: Hablamos no bloqueamos, Pa\u00b4 las Oaxaque\u00f1as, Viviendo la Paz y Paz territorial.<\/p>\n","protected":false},"author":1,"featured_media":18732,"parent":0,"menu_order":0,"comment_status":"closed","ping_status":"closed","template":"","meta":{"episode_type":"","audio_file":"","podmotor_file_id":"","podmotor_episode_id":"","cover_image":"","cover_image_id":"","duration":"","filesize":"","filesize_raw":"","date_recorded":"","explicit":"","block":"","itunes_episode_number":"","itunes_title":"","itunes_season_number":"","itunes_episode_type":"","footnotes":""},"categories":[41],"tags":[],"class_list":["post-18722","page","type-page","status-publish","has-post-thumbnail","hentry","category-programas-sociales"],"acf":[],"publishpress_future_action":{"enabled":false,"date":"2026-05-03 13:53:33","action":"change-status","newStatus":"draft","terms":[],"taxonomy":"category","extraData":[]},"publishpress_future_workflow_manual_trigger":{"enabledWorkflows":[]},"_links":{"self":[{"href":"https:\/\/www.oaxaca.gob.mx\/sego\/wp-json\/wp\/v2\/pages\/18722","targetHints":{"allow":["GET"]}}],"collection":[{"href":"https:\/\/www.oaxaca.gob.mx\/sego\/wp-json\/wp\/v2\/pages"}],"about":[{"href":"https:\/\/www.oaxaca.gob.mx\/sego\/wp-json\/wp\/v2\/types\/page"}],"author":[{"embeddable":true,"href":"https:\/\/www.oaxaca.gob.mx\/sego\/wp-json\/wp\/v2\/users\/1"}],"replies":[{"embeddable":true,"href":"https:\/\/www.oaxaca.gob.mx\/sego\/wp-json\/wp\/v2\/comments?post=18722"}],"version-history":[{"count":2,"href":"https:\/\/www.oaxaca.gob.mx\/sego\/wp-json\/wp\/v2\/pages\/18722\/revisions"}],"predecessor-version":[{"id":18731,"href":"https:\/\/www.oaxaca.gob.mx\/sego\/wp-json\/wp\/v2\/pages\/18722\/revisions\/18731"}],"wp:featuredmedia":[{"embeddable":true,"href":"https:\/\/www.oaxaca.gob.mx\/sego\/wp-json\/wp\/v2\/media\/18732"}],"wp:attachment":[{"href":"https:\/\/www.oaxaca.gob.mx\/sego\/wp-json\/wp\/v2\/media?parent=18722"}],"wp:term":[{"taxonomy":"category","embeddable":true,"href":"https:\/\/www.oaxaca.gob.mx\/sego\/wp-json\/wp\/v2\/categories?post=18722"},{"taxonomy":"post_tag","embeddable":true,"href":"https:\/\/www.oaxaca.gob.mx\/sego\/wp-json\/wp\/v2\/tags?post=18722"}],"curies":[{"name":"wp","href":"https:\/\/api.w.org\/{rel}","templated":true}]}}