{"id":18721,"date":"2025-01-31T20:13:28","date_gmt":"2025-02-01T02:13:28","guid":{"rendered":"https:\/\/www.oaxaca.gob.mx\/sego\/?page_id=18721"},"modified":"2025-01-31T20:22:47","modified_gmt":"2025-02-01T02:22:47","slug":"aulas-de-paz","status":"publish","type":"page","link":"https:\/\/www.oaxaca.gob.mx\/sego\/aulas-de-paz\/","title":{"rendered":"Aulas de Paz"},"content":{"rendered":"<p>Aulas de paz es una plataforma de pol\u00edtica p\u00fablica del Programa Paz con Justicia y Bienestar para el Pueblo de Oaxaca. Nuestro objetivo es desarrollar y coordinar estrategias institucionales para educar en la no-violencia y cultura de paz.<br \/>\nOfrecemos un espacio en l\u00ednea abierto y gratuito que facilita un camino informado hacia la resoluci\u00f3n pac\u00edfica de los conflictos sociales en Oaxaca.<\/p>\n","protected":false},"excerpt":{"rendered":"<p>Aulas de paz es una plataforma de pol\u00edtica p\u00fablica del Programa Paz con Justicia y Bienestar para el Pueblo de Oaxaca. Nuestro objetivo es desarrollar y coordinar estrategias institucionales para educar en la no-violencia y cultura de paz. Ofrecemos un espacio en l\u00ednea abierto y gratuito que facilita un camino informado hacia la resoluci\u00f3n pac\u00edfica [&hellip;]<\/p>\n","protected":false},"author":1,"featured_media":18733,"parent":0,"menu_order":0,"comment_status":"closed","ping_status":"closed","template":"","meta":{"episode_type":"","audio_file":"","podmotor_file_id":"","podmotor_episode_id":"","cover_image":"","cover_image_id":"","duration":"","filesize":"","filesize_raw":"","date_recorded":"","explicit":"","block":"","itunes_episode_number":"","itunes_title":"","itunes_season_number":"","itunes_episode_type":"","footnotes":""},"categories":[41],"tags":[],"class_list":["post-18721","page","type-page","status-publish","has-post-thumbnail","hentry","category-programas-sociales"],"acf":[],"publishpress_future_action":{"enabled":false,"date":"2026-05-03 13:38:53","action":"change-status","newStatus":"draft","terms":[],"taxonomy":"category","extraData":[]},"publishpress_future_workflow_manual_trigger":{"enabledWorkflows":[]},"_links":{"self":[{"href":"https:\/\/www.oaxaca.gob.mx\/sego\/wp-json\/wp\/v2\/pages\/18721","targetHints":{"allow":["GET"]}}],"collection":[{"href":"https:\/\/www.oaxaca.gob.mx\/sego\/wp-json\/wp\/v2\/pages"}],"about":[{"href":"https:\/\/www.oaxaca.gob.mx\/sego\/wp-json\/wp\/v2\/types\/page"}],"author":[{"embeddable":true,"href":"https:\/\/www.oaxaca.gob.mx\/sego\/wp-json\/wp\/v2\/users\/1"}],"replies":[{"embeddable":true,"href":"https:\/\/www.oaxaca.gob.mx\/sego\/wp-json\/wp\/v2\/comments?post=18721"}],"version-history":[{"count":2,"href":"https:\/\/www.oaxaca.gob.mx\/sego\/wp-json\/wp\/v2\/pages\/18721\/revisions"}],"predecessor-version":[{"id":18728,"href":"https:\/\/www.oaxaca.gob.mx\/sego\/wp-json\/wp\/v2\/pages\/18721\/revisions\/18728"}],"wp:featuredmedia":[{"embeddable":true,"href":"https:\/\/www.oaxaca.gob.mx\/sego\/wp-json\/wp\/v2\/media\/18733"}],"wp:attachment":[{"href":"https:\/\/www.oaxaca.gob.mx\/sego\/wp-json\/wp\/v2\/media?parent=18721"}],"wp:term":[{"taxonomy":"category","embeddable":true,"href":"https:\/\/www.oaxaca.gob.mx\/sego\/wp-json\/wp\/v2\/categories?post=18721"},{"taxonomy":"post_tag","embeddable":true,"href":"https:\/\/www.oaxaca.gob.mx\/sego\/wp-json\/wp\/v2\/tags?post=18721"}],"curies":[{"name":"wp","href":"https:\/\/api.w.org\/{rel}","templated":true}]}}

<p>Aulas de paz es una plataforma de política pública del Programa Paz con Justicia y Bienestar para el Pueblo de Oaxaca. Nuestro objetivo es desarrollar y coordinar estrategias institucionales para educar en la no-violencia y cultura de paz.<br />
Ofrecemos un espacio en línea abierto y gratuito que facilita un camino informado hacia la resolución pacífica de los conflictos sociales en Oaxaca.</p>

<p>Aulas de paz es una plataforma de política pública del Programa Paz con Justicia y Bienestar para el Pueblo de Oaxaca. Nuestro objetivo es desarrollar y coordinar estrategias institucionales para educar en la no-violencia y cultura de paz. Ofrecemos un espacio en línea abierto y gratuito que facilita un camino informado hacia la resolución pacífica [&hellip;]</p>
