{"id":18377,"date":"2025-01-14T14:44:18","date_gmt":"2025-01-14T20:44:18","guid":{"rendered":"https:\/\/www.oaxaca.gob.mx\/sego\/?page_id=18377"},"modified":"2026-03-13T09:50:54","modified_gmt":"2026-03-13T15:50:54","slug":"paz-territorial","status":"publish","type":"page","link":"https:\/\/www.oaxaca.gob.mx\/sego\/paz-territorial\/","title":{"rendered":"Paz Territorial"},"content":{"rendered":"<p><span style=\"color: #5b1f30\"><b>OBJETIVO<\/b><\/span><\/p>\n<hr \/>\n<p>Prevenir y resolver conflictos agrarios y territoriales a trav\u00e9s de conciliaci\u00f3n.<\/p>\n<ul>\n<li><span style=\"color: #5b1f30\"><b>ACCIONES CLAVE:<\/b><\/span>\n<ol>\n<li>Convenios de resoluci\u00f3n de conflictos agrarios \/ acuerdos de paz armados.<\/li>\n<li>Enlaces interinstitucionales para fortalecer la paz territorial.<\/li>\n<li>Colocaci\u00f3n de mojones de paz.<\/li>\n<li>Fomento de los valores y el respeto mutuo, as\u00ed como la resoluci\u00f3n de conflictos.<img loading=\"lazy\" decoding=\"async\" class=\"aligncenter wp-image-19864 size-full\" src=\"https:\/\/www.oaxaca.gob.mx\/sego\/wp-content\/uploads\/sites\/74\/2026\/03\/MAPEO-51-CONVENIOS_Mesa-de-trabajo-1-scaled.png\" alt=\"\" width=\"2560\" height=\"1440\" srcset=\"https:\/\/www.oaxaca.gob.mx\/sego\/wp-content\/uploads\/sites\/74\/2026\/03\/MAPEO-51-CONVENIOS_Mesa-de-trabajo-1-scaled.png 2560w, https:\/\/www.oaxaca.gob.mx\/sego\/wp-content\/uploads\/sites\/74\/2026\/03\/MAPEO-51-CONVENIOS_Mesa-de-trabajo-1-300x169.png 300w, https:\/\/www.oaxaca.gob.mx\/sego\/wp-content\/uploads\/sites\/74\/2026\/03\/MAPEO-51-CONVENIOS_Mesa-de-trabajo-1-1024x576.png 1024w, https:\/\/www.oaxaca.gob.mx\/sego\/wp-content\/uploads\/sites\/74\/2026\/03\/MAPEO-51-CONVENIOS_Mesa-de-trabajo-1-768x432.png 768w, https:\/\/www.oaxaca.gob.mx\/sego\/wp-content\/uploads\/sites\/74\/2026\/03\/MAPEO-51-CONVENIOS_Mesa-de-trabajo-1-1536x864.png 1536w, https:\/\/www.oaxaca.gob.mx\/sego\/wp-content\/uploads\/sites\/74\/2026\/03\/MAPEO-51-CONVENIOS_Mesa-de-trabajo-1-2048x1152.png 2048w\" sizes=\"auto, (max-width: 2560px) 100vw, 2560px\" \/><\/li>\n<\/ol>\n<\/li>\n<\/ul>\n<p>&nbsp;<\/p>\n","protected":false},"excerpt":{"rendered":"<p>OBJETIVO Prevenir y resolver conflictos agrarios y territoriales a trav\u00e9s de conciliaci\u00f3n. ACCIONES CLAVE: Convenios de resoluci\u00f3n de conflictos agrarios \/ acuerdos de paz armados. Enlaces interinstitucionales para fortalecer la paz territorial. Colocaci\u00f3n de mojones de paz. Fomento de los valores y el respeto mutuo, as\u00ed como la resoluci\u00f3n de conflictos. &nbsp;<\/p>\n","protected":false},"author":1,"featured_media":18719,"parent":0,"menu_order":0,"comment_status":"closed","ping_status":"closed","template":"","meta":{"episode_type":"","audio_file":"","podmotor_file_id":"","podmotor_episode_id":"","cover_image":"","cover_image_id":"","duration":"","filesize":"","filesize_raw":"","date_recorded":"","explicit":"","block":"","itunes_episode_number":"","itunes_title":"","itunes_season_number":"","itunes_episode_type":"","footnotes":""},"categories":[42],"tags":[],"class_list":["post-18377","page","type-page","status-publish","has-post-thumbnail","hentry","category-ejes"],"acf":[],"publishpress_future_action":{"enabled":false,"date":"2026-05-03 13:23:17","action":"change-status","newStatus":"draft","terms":[],"taxonomy":"category","extraData":[]},"publishpress_future_workflow_manual_trigger":{"enabledWorkflows":[]},"_links":{"self":[{"href":"https:\/\/www.oaxaca.gob.mx\/sego\/wp-json\/wp\/v2\/pages\/18377","targetHints":{"allow":["GET"]}}],"collection":[{"href":"https:\/\/www.oaxaca.gob.mx\/sego\/wp-json\/wp\/v2\/pages"}],"about":[{"href":"https:\/\/www.oaxaca.gob.mx\/sego\/wp-json\/wp\/v2\/types\/page"}],"author":[{"embeddable":true,"href":"https:\/\/www.oaxaca.gob.mx\/sego\/wp-json\/wp\/v2\/users\/1"}],"replies":[{"embeddable":true,"href":"https:\/\/www.oaxaca.gob.mx\/sego\/wp-json\/wp\/v2\/comments?post=18377"}],"version-history":[{"count":3,"href":"https:\/\/www.oaxaca.gob.mx\/sego\/wp-json\/wp\/v2\/pages\/18377\/revisions"}],"predecessor-version":[{"id":19865,"href":"https:\/\/www.oaxaca.gob.mx\/sego\/wp-json\/wp\/v2\/pages\/18377\/revisions\/19865"}],"wp:featuredmedia":[{"embeddable":true,"href":"https:\/\/www.oaxaca.gob.mx\/sego\/wp-json\/wp\/v2\/media\/18719"}],"wp:attachment":[{"href":"https:\/\/www.oaxaca.gob.mx\/sego\/wp-json\/wp\/v2\/media?parent=18377"}],"wp:term":[{"taxonomy":"category","embeddable":true,"href":"https:\/\/www.oaxaca.gob.mx\/sego\/wp-json\/wp\/v2\/categories?post=18377"},{"taxonomy":"post_tag","embeddable":true,"href":"https:\/\/www.oaxaca.gob.mx\/sego\/wp-json\/wp\/v2\/tags?post=18377"}],"curies":[{"name":"wp","href":"https:\/\/api.w.org\/{rel}","templated":true}]}}

<p><span style="color: #5b1f30"><b>OBJETIVO</b></span></p>
<hr />
<p>Prevenir y resolver conflictos agrarios y territoriales a través de conciliación.</p>
<ul>
<li><span style="color: #5b1f30"><b>ACCIONES CLAVE:</b></span>
<ol>
<li>Convenios de resolución de conflictos agrarios / acuerdos de paz armados.</li>
<li>Enlaces interinstitucionales para fortalecer la paz territorial.</li>
<li>Colocación de mojones de paz.</li>
<li>Fomento de los valores y el respeto mutuo, así como la resolución de conflictos.<img loading="lazy" decoding="async" class="aligncenter wp-image-19864 size-full" src="https://www.oaxaca.gob.mx/sego/wp-content/uploads/sites/74/2026/03/MAPEO-51-CONVENIOS_Mesa-de-trabajo-1-scaled.png" alt="" width="2560" height="1440" srcset="https://www.oaxaca.gob.mx/sego/wp-content/uploads/sites/74/2026/03/MAPEO-51-CONVENIOS_Mesa-de-trabajo-1-scaled.png 2560w, https://www.oaxaca.gob.mx/sego/wp-content/uploads/sites/74/2026/03/MAPEO-51-CONVENIOS_Mesa-de-trabajo-1-300x169.png 300w, https://www.oaxaca.gob.mx/sego/wp-content/uploads/sites/74/2026/03/MAPEO-51-CONVENIOS_Mesa-de-trabajo-1-1024x576.png 1024w, https://www.oaxaca.gob.mx/sego/wp-content/uploads/sites/74/2026/03/MAPEO-51-CONVENIOS_Mesa-de-trabajo-1-768x432.png 768w, https://www.oaxaca.gob.mx/sego/wp-content/uploads/sites/74/2026/03/MAPEO-51-CONVENIOS_Mesa-de-trabajo-1-1536x864.png 1536w, https://www.oaxaca.gob.mx/sego/wp-content/uploads/sites/74/2026/03/MAPEO-51-CONVENIOS_Mesa-de-trabajo-1-2048x1152.png 2048w" sizes="auto, (max-width: 2560px) 100vw, 2560px" /></li>
</ol>
</li>
</ul>
<p>&nbsp;</p>

<p>OBJETIVO Prevenir y resolver conflictos agrarios y territoriales a través de conciliación. ACCIONES CLAVE: Convenios de resolución de conflictos agrarios / acuerdos de paz armados. Enlaces interinstitucionales para fortalecer la paz territorial. Colocación de mojones de paz. Fomento de los valores y el respeto mutuo, así como la resolución de conflictos. &nbsp;</p>
