{"id":10055,"date":"2021-04-25T23:10:23","date_gmt":"2021-04-26T04:10:23","guid":{"rendered":"https:\/\/www.oaxaca.gob.mx\/segego\/?page_id=10055"},"modified":"2021-04-25T23:12:32","modified_gmt":"2021-04-26T04:12:32","slug":"invitacion-al-seminario-de-capacitacion-para-el-fortalecimiento-de-la-recaudacion-del-impuesto-predial","status":"publish","type":"page","link":"https:\/\/www.oaxaca.gob.mx\/sego\/invitacion-al-seminario-de-capacitacion-para-el-fortalecimiento-de-la-recaudacion-del-impuesto-predial\/","title":{"rendered":"Invitaci\u00f3n al Seminario de Capacitaci\u00f3n para el Fortalecimiento de la Recaudaci\u00f3n del Impuesto Predial"},"content":{"rendered":"<p>Presidentas, Presidentes Municipales y Autoridades Municipales del Estado de Oaxaca.<\/p>\n[document url=\u00bbhttps:\/\/www.oaxaca.gob.mx\/segego\/wp-content\/uploads\/sites\/74\/2021\/04\/27042020_Seminario_Capacitacion_Predial_SEFIN.pdf\u00bb height=\u00bb320&#8243;]\n","protected":false},"excerpt":{"rendered":"<p>Presidentas, Presidentes Municipales y Autoridades Municipales del Estado de Oaxaca. [document url=\u00bbhttps:\/\/www.oaxaca.gob.mx\/segego\/wp-content\/uploads\/sites\/74\/2021\/04\/27042020_Seminario_Capacitacion_Predial_SEFIN.pdf\u00bb height=\u00bb320&#8243;]<\/p>\n","protected":false},"author":82,"featured_media":0,"parent":0,"menu_order":0,"comment_status":"closed","ping_status":"closed","template":"","meta":{"episode_type":"","audio_file":"","podmotor_file_id":"","podmotor_episode_id":"","cover_image":"","cover_image_id":"","duration":"","filesize":"","filesize_raw":"","date_recorded":"","explicit":"","block":"","itunes_episode_number":"","itunes_title":"","itunes_season_number":"","itunes_episode_type":"","footnotes":""},"categories":[1],"tags":[],"class_list":["post-10055","page","type-page","status-publish","hentry","category-sin-categoria"],"acf":[],"publishpress_future_action":{"enabled":false,"date":"2026-05-03 13:53:27","action":"change-status","newStatus":"draft","terms":[],"taxonomy":"category","extraData":[]},"publishpress_future_workflow_manual_trigger":{"enabledWorkflows":[]},"_links":{"self":[{"href":"https:\/\/www.oaxaca.gob.mx\/sego\/wp-json\/wp\/v2\/pages\/10055","targetHints":{"allow":["GET"]}}],"collection":[{"href":"https:\/\/www.oaxaca.gob.mx\/sego\/wp-json\/wp\/v2\/pages"}],"about":[{"href":"https:\/\/www.oaxaca.gob.mx\/sego\/wp-json\/wp\/v2\/types\/page"}],"author":[{"embeddable":true,"href":"https:\/\/www.oaxaca.gob.mx\/sego\/wp-json\/wp\/v2\/users\/82"}],"replies":[{"embeddable":true,"href":"https:\/\/www.oaxaca.gob.mx\/sego\/wp-json\/wp\/v2\/comments?post=10055"}],"version-history":[{"count":1,"href":"https:\/\/www.oaxaca.gob.mx\/sego\/wp-json\/wp\/v2\/pages\/10055\/revisions"}],"predecessor-version":[{"id":10056,"href":"https:\/\/www.oaxaca.gob.mx\/sego\/wp-json\/wp\/v2\/pages\/10055\/revisions\/10056"}],"wp:attachment":[{"href":"https:\/\/www.oaxaca.gob.mx\/sego\/wp-json\/wp\/v2\/media?parent=10055"}],"wp:term":[{"taxonomy":"category","embeddable":true,"href":"https:\/\/www.oaxaca.gob.mx\/sego\/wp-json\/wp\/v2\/categories?post=10055"},{"taxonomy":"post_tag","embeddable":true,"href":"https:\/\/www.oaxaca.gob.mx\/sego\/wp-json\/wp\/v2\/tags?post=10055"}],"curies":[{"name":"wp","href":"https:\/\/api.w.org\/{rel}","templated":true}]}}

Invitación al Seminario de Capacitación para el Fortalecimiento de la Recaudación del Impuesto Predial
