{"id":6691,"date":"2020-12-17T13:07:15","date_gmt":"2020-12-17T19:07:15","guid":{"rendered":"https:\/\/www.oaxaca.gob.mx\/sedapa\/?page_id=6691"},"modified":"2020-12-17T13:11:46","modified_gmt":"2020-12-17T19:11:46","slug":"noche-de-rabanos-2020","status":"publish","type":"page","link":"https:\/\/www.oaxaca.gob.mx\/sefader\/noche-de-rabanos-2020\/","title":{"rendered":"\u201cNoche de R\u00e1banos\u201d 2020"},"content":{"rendered":"<p><strong>Salvaguarda Sedapa salud de poblaci\u00f3n, suspende actividades relativas a la \u201cNoche de R\u00e1banos\u201d<\/strong><\/p>\n<p><strong>\u00a0<\/strong><\/p>\n<ul>\n<li>Atiende protocolos sanitarios emitidos por los Servicios de Salud de Oaxaca<\/li>\n<\/ul>\n<p>Reyes Mantec\u00f3n, Oax; 16 de diciembre de 2020.- La Secretar\u00eda de Desarrollo Agropecuario, Pesca y Acuacultura (Sedapa) suspendi\u00f3 todas las actividades correspondientes a la tradicional celebraci\u00f3n de \u201cNoche de R\u00e1banos\u201d con la finalidad de salvaguardar la vida de las personas.<\/p>\n<p>&nbsp;<\/p>\n<p>En atenci\u00f3n a las disposiciones emitidas por el gobierno de Oaxaca que preside el Mtro. Alejandro Murat y los protocolos sanitarios establecidos por los Servicios de Salud de Oaxaca (SSO), la Sedapa decidi\u00f3 suspender la cosecha de r\u00e1banos como parte de las actividades concernientes a la \u201cNoche de R\u00e1banos\u201d.<\/p>\n<p>&nbsp;<\/p>\n<p>Para conmemorar esta celebraci\u00f3n con m\u00e1s de un siglo de antig\u00fcedad en Oaxaca y que a\u00f1o con a\u00f1o atrae a miles de turistas al z\u00f3calo de la capital de estado, en el mes de octubre, la Unidad de Conservaci\u00f3n de Viveros de la Sedapa llev\u00f3 a cabo la siembra de una hect\u00e1rea de r\u00e1banos bartender y champion.<\/p>\n<p>&nbsp;<\/p>\n<p>Tras el anuncio oficial de suspender todos los eventos p\u00fablicos, con el fin de reducir el n\u00famero de contagios y evitar la concentraci\u00f3n de personas, la Sedapa determin\u00f3 suspender la cosecha, esto con la \u00fanica intenci\u00f3n de proteger la salud de los hortelanos que cada 18 de diciembre se daban cita en el vivero para cosechar el tub\u00e9rculo que los artesanos trasformaban en creaciones art\u00edsticas que se pod\u00edan apreciar la noche del 23 de diciembre.<\/p>\n<p>&nbsp;<\/p>\n<p>Ante \u00e9sta situaci\u00f3n y aprovechar el cultivo realizado, se utilizar\u00e1 como abono para enriquecer la tierra en un proceso org\u00e1nico llamado bioperforaci\u00f3n que contribuye a la creaci\u00f3n de materia org\u00e1nica, mejorando la calidad del suelo.<\/p>\n<p>&nbsp;<\/p>\n<p>La Sedapa reitera que ante la contingencia sanitaria debido al nuevo coronavirus SARS-CoV2 (Covid-19), su compromiso es proteger la salud de la poblaci\u00f3n.<\/p>\n<p><img loading=\"lazy\" decoding=\"async\" class=\"wp-image-6692 aligncenter\" src=\"https:\/\/www.oaxaca.gob.mx\/sedapa\/wp-content\/uploads\/sites\/35\/2020\/12\/Sedapa-Ribanos-Foto-1-300x225.jpeg\" alt=\"\" width=\"336\" height=\"252\" srcset=\"https:\/\/www.oaxaca.gob.mx\/sefader\/wp-content\/uploads\/sites\/35\/2020\/12\/Sedapa-Ribanos-Foto-1-300x225.jpeg 300w, https:\/\/www.oaxaca.gob.mx\/sefader\/wp-content\/uploads\/sites\/35\/2020\/12\/Sedapa-Ribanos-Foto-1-1024x768.jpeg 1024w, https:\/\/www.oaxaca.gob.mx\/sefader\/wp-content\/uploads\/sites\/35\/2020\/12\/Sedapa-Ribanos-Foto-1-768x576.jpeg 768w, https:\/\/www.oaxaca.gob.mx\/sefader\/wp-content\/uploads\/sites\/35\/2020\/12\/Sedapa-Ribanos-Foto-1.jpeg 1280w\" sizes=\"auto, (max-width: 336px) 100vw, 336px\" \/><\/p>\n<p>-0-<\/p>\n","protected":false},"excerpt":{"rendered":"<p>Salvaguarda Sedapa salud de poblaci\u00f3n, suspende actividades relativas a la \u201cNoche de R\u00e1banos\u201d \u00a0 Atiende protocolos sanitarios emitidos por los Servicios de Salud de Oaxaca Reyes Mantec\u00f3n, Oax; 16 de diciembre de 2020.- La Secretar\u00eda de Desarrollo Agropecuario, Pesca y Acuacultura (Sedapa) suspendi\u00f3 todas las actividades correspondientes a la tradicional celebraci\u00f3n de \u201cNoche de R\u00e1banos\u201d [&hellip;]<\/p>\n","protected":false},"author":44,"featured_media":0,"parent":0,"menu_order":0,"comment_status":"closed","ping_status":"closed","template":"","meta":{"episode_type":"","audio_file":"","podmotor_file_id":"","podmotor_episode_id":"","cover_image":"","cover_image_id":"","duration":"","filesize":"","filesize_raw":"","date_recorded":"","explicit":"","block":"","footnotes":""},"categories":[2,5,7,8],"tags":[],"class_list":["post-6691","page","type-page","status-publish","hentry","category-actividades","category-destacado","category-noticias","category-noticias-anteriores"],"acf":[],"publishpress_future_action":{"enabled":false,"date":"2026-04-27 07:15:33","action":"change-status","newStatus":"draft","terms":[],"taxonomy":"category","extraData":[]},"publishpress_future_workflow_manual_trigger":{"enabledWorkflows":[]},"_links":{"self":[{"href":"https:\/\/www.oaxaca.gob.mx\/sefader\/wp-json\/wp\/v2\/pages\/6691","targetHints":{"allow":["GET"]}}],"collection":[{"href":"https:\/\/www.oaxaca.gob.mx\/sefader\/wp-json\/wp\/v2\/pages"}],"about":[{"href":"https:\/\/www.oaxaca.gob.mx\/sefader\/wp-json\/wp\/v2\/types\/page"}],"author":[{"embeddable":true,"href":"https:\/\/www.oaxaca.gob.mx\/sefader\/wp-json\/wp\/v2\/users\/44"}],"replies":[{"embeddable":true,"href":"https:\/\/www.oaxaca.gob.mx\/sefader\/wp-json\/wp\/v2\/comments?post=6691"}],"version-history":[{"count":1,"href":"https:\/\/www.oaxaca.gob.mx\/sefader\/wp-json\/wp\/v2\/pages\/6691\/revisions"}],"predecessor-version":[{"id":6693,"href":"https:\/\/www.oaxaca.gob.mx\/sefader\/wp-json\/wp\/v2\/pages\/6691\/revisions\/6693"}],"wp:attachment":[{"href":"https:\/\/www.oaxaca.gob.mx\/sefader\/wp-json\/wp\/v2\/media?parent=6691"}],"wp:term":[{"taxonomy":"category","embeddable":true,"href":"https:\/\/www.oaxaca.gob.mx\/sefader\/wp-json\/wp\/v2\/categories?post=6691"},{"taxonomy":"post_tag","embeddable":true,"href":"https:\/\/www.oaxaca.gob.mx\/sefader\/wp-json\/wp\/v2\/tags?post=6691"}],"curies":[{"name":"wp","href":"https:\/\/api.w.org\/{rel}","templated":true}]}}