{"id":4319,"date":"2019-07-03T22:25:04","date_gmt":"2019-07-03T20:25:04","guid":{"rendered":"https:\/\/www.oaxaca.gob.mx\/sedapa\/?page_id=4319"},"modified":"2019-07-03T22:25:04","modified_gmt":"2019-07-03T20:25:04","slug":"titulo-de-fierro-de-herrar-refrendo","status":"publish","type":"page","link":"https:\/\/www.oaxaca.gob.mx\/sefader\/titulo-de-fierro-de-herrar-refrendo\/","title":{"rendered":"T\u00edtulo de fierro de herrar refrendo"},"content":{"rendered":"<h4>Descripci\u00f3n del objetivo del servicio<\/h4>\n<p>F\u00cdSICA Y MORAL<\/p>\n<h4>Requisitos para obtener el servicio<\/h4>\n<p>&#8211;<\/p>\n<h4>Documentos requeridos, en su caso<\/h4>\n<p>PRESENTAR 3 A 5 DISE\u00d1OS, OFICIO DIRIGIDO SOLICITANDO LA REVISI\u00d3N DE LOS DISE\u00d1OS, COPIA ACTUALIZADA DE CREDENCIAL DE ELECTOR, CONSTANCIA DE LA PRESIDENCIA MUNICIPAL QUE LO ACREDITA COMO GANADERO, COPIA ACTUALIZADA DE LA UPP.<\/p>\n<h4>Hiperv\u00ednculo a los formatos respectivo(s) publicado(s) en medio oficial<\/h4>\n<p>&#8211;<\/p>\n<h4>Tiempo de respuesta<\/h4>\n<p>DE 10 A 15 D\u00cdAS H\u00c1BILES.<\/p>\n<h4>\u00c1rea en la que se proporciona el servicio y los datos de contacto Tabla_375406<\/h4>\n<p>4802124<\/p>\n<h4>Costo, en su caso especificar que es gratuito<\/h4>\n<p>19\t\t<\/p>\n","protected":false},"excerpt":{"rendered":"<p>Descripci\u00f3n del objetivo del servicio F\u00cdSICA Y MORAL Requisitos para obtener el servicio &#8211; Documentos requeridos, en su caso PRESENTAR 3 A 5 DISE\u00d1OS, OFICIO DIRIGIDO SOLICITANDO LA REVISI\u00d3N DE LOS DISE\u00d1OS, COPIA ACTUALIZADA DE CREDENCIAL DE ELECTOR, CONSTANCIA DE LA PRESIDENCIA MUNICIPAL QUE LO ACREDITA COMO GANADERO, COPIA ACTUALIZADA DE LA UPP. Hiperv\u00ednculo a [&hellip;]<\/p>\n","protected":false},"author":1,"featured_media":0,"parent":0,"menu_order":0,"comment_status":"closed","ping_status":"closed","template":"","meta":{"episode_type":"","audio_file":"","podmotor_file_id":"","podmotor_episode_id":"","cover_image":"","cover_image_id":"","duration":"","filesize":"","filesize_raw":"","date_recorded":"","explicit":"","block":"","footnotes":""},"categories":[],"tags":[],"class_list":["post-4319","page","type-page","status-publish","hentry"],"acf":[],"publishpress_future_action":{"enabled":false,"date":"2026-04-25 23:36:02","action":"change-status","newStatus":"draft","terms":[],"taxonomy":"category","extraData":[]},"publishpress_future_workflow_manual_trigger":{"enabledWorkflows":[]},"_links":{"self":[{"href":"https:\/\/www.oaxaca.gob.mx\/sefader\/wp-json\/wp\/v2\/pages\/4319","targetHints":{"allow":["GET"]}}],"collection":[{"href":"https:\/\/www.oaxaca.gob.mx\/sefader\/wp-json\/wp\/v2\/pages"}],"about":[{"href":"https:\/\/www.oaxaca.gob.mx\/sefader\/wp-json\/wp\/v2\/types\/page"}],"author":[{"embeddable":true,"href":"https:\/\/www.oaxaca.gob.mx\/sefader\/wp-json\/wp\/v2\/users\/1"}],"replies":[{"embeddable":true,"href":"https:\/\/www.oaxaca.gob.mx\/sefader\/wp-json\/wp\/v2\/comments?post=4319"}],"version-history":[{"count":0,"href":"https:\/\/www.oaxaca.gob.mx\/sefader\/wp-json\/wp\/v2\/pages\/4319\/revisions"}],"wp:attachment":[{"href":"https:\/\/www.oaxaca.gob.mx\/sefader\/wp-json\/wp\/v2\/media?parent=4319"}],"wp:term":[{"taxonomy":"category","embeddable":true,"href":"https:\/\/www.oaxaca.gob.mx\/sefader\/wp-json\/wp\/v2\/categories?post=4319"},{"taxonomy":"post_tag","embeddable":true,"href":"https:\/\/www.oaxaca.gob.mx\/sefader\/wp-json\/wp\/v2\/tags?post=4319"}],"curies":[{"name":"wp","href":"https:\/\/api.w.org\/{rel}","templated":true}]}}