{"id":4279,"date":"2019-07-03T21:28:42","date_gmt":"2019-07-03T19:28:42","guid":{"rendered":"https:\/\/www.oaxaca.gob.mx\/sedapa\/?page_id=4279"},"modified":"2019-07-03T21:28:42","modified_gmt":"2019-07-03T19:28:42","slug":"expedicion-del-formato-unico-de-la-guia-de-transito","status":"publish","type":"page","link":"https:\/\/www.oaxaca.gob.mx\/sefader\/expedicion-del-formato-unico-de-la-guia-de-transito\/","title":{"rendered":"Expedici\u00f3n del formato \u00fanico de la gu\u00eda de tr\u00e1nsito"},"content":{"rendered":"<h4>Descripci\u00f3n del objetivo del servicio<\/h4>\n<p>Otorgar la gu\u00eda de tr\u00e1nsito para la movilizaci\u00f3n del ganado en el territorio del estado de Oaxaca.<\/p>\n<h4>Requisitos para obtener el servicio<\/h4>\n<p>COMPROBAR LA LEG\u00cdTIMA PROPIEDAD DE LOS ANIMALES, SUS PRODUCTOS, SUBPRODUCTOS Y ESQUILMOS, POR MEDIO DE SU TITULO DE FIERRO DE HERRAR VIGENTE O POR MEDIO DE LA FACTURA DE COMPRA-VENTA CUANDO SE HAYA REALIZADO LA TRASLACI\u00d3N DE DOMINIO, SEG\u00daN SEA EL CASO;  EL PAGO  DE IMPUESTOS Y DERECHOS CORRESPONDIENTES.<\/p>\n<h4>Documentos requeridos, en su caso<\/h4>\n<p>FACTURA DE COMPRA, ARETE SINIIGA, PATENTE DE FIERRO QUEMADOR, CERTIFICADO ZOOSANITARIO (CUANDO SEA NECESARIO).<\/p>\n<h4>Hiperv\u00ednculo a los formatos respectivo(s) publicado(s) en medio oficial<\/h4>\n<p>&#8211;<\/p>\n<h4>Tiempo de respuesta<\/h4>\n<p>1 DIA<\/p>\n<h4>\u00c1rea en la que se proporciona el servicio y los datos de contacto Tabla_375406<\/h4>\n<p>4802127<\/p>\n<h4>Costo, en su caso especificar que es gratuito<\/h4>\n<p>CON COSTO\/DEPENDIENDO DEL CATALOGO DE CLAVES PARA EL PAGO DE DERECHOS 2017, POR SERVICIOS QUE PRESTA EN LA ENTIDAD.\t\t<\/p>\n","protected":false},"excerpt":{"rendered":"<p>Descripci\u00f3n del objetivo del servicio Otorgar la gu\u00eda de tr\u00e1nsito para la movilizaci\u00f3n del ganado en el territorio del estado de Oaxaca. Requisitos para obtener el servicio COMPROBAR LA LEG\u00cdTIMA PROPIEDAD DE LOS ANIMALES, SUS PRODUCTOS, SUBPRODUCTOS Y ESQUILMOS, POR MEDIO DE SU TITULO DE FIERRO DE HERRAR VIGENTE O POR MEDIO DE LA FACTURA [&hellip;]<\/p>\n","protected":false},"author":1,"featured_media":0,"parent":0,"menu_order":0,"comment_status":"closed","ping_status":"closed","template":"","meta":{"episode_type":"","audio_file":"","podmotor_file_id":"","podmotor_episode_id":"","cover_image":"","cover_image_id":"","duration":"","filesize":"","filesize_raw":"","date_recorded":"","explicit":"","block":"","footnotes":""},"categories":[],"tags":[],"class_list":["post-4279","page","type-page","status-publish","hentry"],"acf":[],"publishpress_future_action":{"enabled":false,"date":"2026-04-25 21:51:51","action":"change-status","newStatus":"draft","terms":[],"taxonomy":"category","extraData":[]},"publishpress_future_workflow_manual_trigger":{"enabledWorkflows":[]},"_links":{"self":[{"href":"https:\/\/www.oaxaca.gob.mx\/sefader\/wp-json\/wp\/v2\/pages\/4279","targetHints":{"allow":["GET"]}}],"collection":[{"href":"https:\/\/www.oaxaca.gob.mx\/sefader\/wp-json\/wp\/v2\/pages"}],"about":[{"href":"https:\/\/www.oaxaca.gob.mx\/sefader\/wp-json\/wp\/v2\/types\/page"}],"author":[{"embeddable":true,"href":"https:\/\/www.oaxaca.gob.mx\/sefader\/wp-json\/wp\/v2\/users\/1"}],"replies":[{"embeddable":true,"href":"https:\/\/www.oaxaca.gob.mx\/sefader\/wp-json\/wp\/v2\/comments?post=4279"}],"version-history":[{"count":0,"href":"https:\/\/www.oaxaca.gob.mx\/sefader\/wp-json\/wp\/v2\/pages\/4279\/revisions"}],"wp:attachment":[{"href":"https:\/\/www.oaxaca.gob.mx\/sefader\/wp-json\/wp\/v2\/media?parent=4279"}],"wp:term":[{"taxonomy":"category","embeddable":true,"href":"https:\/\/www.oaxaca.gob.mx\/sefader\/wp-json\/wp\/v2\/categories?post=4279"},{"taxonomy":"post_tag","embeddable":true,"href":"https:\/\/www.oaxaca.gob.mx\/sefader\/wp-json\/wp\/v2\/tags?post=4279"}],"curies":[{"name":"wp","href":"https:\/\/api.w.org\/{rel}","templated":true}]}}