{"id":1633,"date":"2017-04-17T13:30:01","date_gmt":"2017-04-17T18:30:01","guid":{"rendered":"https:\/\/www.oaxaca.gob.mx\/sedapa\/?page_id=1633"},"modified":"2017-04-17T13:30:01","modified_gmt":"2017-04-17T18:30:01","slug":"informacion-publica","status":"publish","type":"page","link":"https:\/\/www.oaxaca.gob.mx\/sefader\/informacion-publica\/","title":{"rendered":"Informaci\u00f3n P\u00fablica &#8211; Anterior"},"content":{"rendered":"<ul class=\"book\">\n<li><a href=\"\/sedapa\/fraccion-i-marco-normativo\/\">Fracci\u00f3n I &#8211; Marco Normativo<\/a><\/li>\n<li><a href=\"\/sedapa\/fraccion-ii-estructura-organica\">Fracci\u00f3n II &#8211; Estructura Organica<\/a><\/li>\n<li><a href=\"\/sedapa\/fraccion-iii-facultades-de-cada-area\">Fracci\u00f3n III &#8211; Facultades de Cada \u00c1rea<\/a><\/li>\n<li><a href=\"\/sedapa\/fraccion-iv-metas-y-objetivos\/\">Fracci\u00f3n IV &#8211; Metas y Objetivos<\/a><\/li>\n<li>Fracci\u00f3n V &#8211; Indicadores Relacionados con Temas de Inter\u00e9s P\u00fablico<\/li>\n<li>Fracci\u00f3n VI &#8211; Indicadores que Permitan Rendir Cuenta de Objetivos y Resultados<\/li>\n<li><a href=\"\/sedapa\/fraccion-vii-directorio-de-todos-los-servidores-publicos\">Fracci\u00f3n VII &#8211; Directorio de Todos los Servidores P\u00fablicos<\/a><\/li>\n<li><a href=\"\/sedapa\/fraccion-viii\/\">Fracci\u00f3n VIII &#8211; Remuneraci\u00f3n Bruta y Neta de los Servidores P\u00fablicos<\/a><\/li>\n<li><a href=\"\/sedapa\/fraccion-ix-gastos-de-representacion-y-viaticos\">Fracci\u00f3n IX &#8211; Gastos de Representaci\u00f3n y Vi\u00e1ticos<\/a><\/li>\n<li><a href=\"\/sedapa\/fraccion-x-numero-total-de-plazas\">Fracci\u00f3n X &#8211; N\u00famero Total de Plazas<\/a><\/li>\n<li>Fracci\u00f3n XI &#8211; <strong>(No aplica)<\/strong> Contrataciones de Servicios Profesionales por Honorarios<\/li>\n<li><a href=\"\/sedapa\/fraccion-xii-declaraciones-patrimoniales-de-los-servidores-publicos\">Fracci\u00f3n XII &#8211; Declaraciones Patrimoniales de los Servidores P\u00fablicos<\/a><\/li>\n<li><a href=\"\/sedapa\/fraccion-xiii-domicilio-y-direccion-electronica-de-la-unidad-de-transparencia\">Fracci\u00f3n XIII &#8211; Domicilio y Direcci\u00f3n Electr\u00f3nica de la Unidad de Transparencia<\/a><\/li>\n<li>Fracci\u00f3n XIV &#8211; Convocatorias a Concursos para Ocupar Cargos P\u00fablicos<\/li>\n<li>Fracci\u00f3n XV &#8211; Informaci\u00f3n de los Programas de Subsidios<\/li>\n<li>Fracci\u00f3n XVI &#8211; Condiciones Generales de Trabajo<\/li>\n<li><a href=\"\/sedapa\/fraccion-xvii-informacion-curricular\">Fracci\u00f3n XVII &#8211; Informaci\u00f3n Curricular<\/a><\/li>\n<li>Fracci\u00f3n XVIII &#8211; Servidores P\u00fablicos con Sanciones Administrativas Definitivas<\/li>\n<li><a href=\"\/sedapa\/fraccion-xix-servicios-que-se-ofrecen\">Fracci\u00f3n XIX &#8211; Servicios que se Ofrecen<\/a><\/li>\n<li><a href=\"\/sedapa\/fraccion-xx-tramites-requisitos-y-formatos-que-ofrecen\">Fracci\u00f3n XX &#8211; Tr\u00e1mites, Requisitos y Formatos que Ofrecen<\/a><\/li>\n<li><a href=\"\/sedapa\/fraccion-xxi-informacion-financiera-sobre-el-presupuesto-asignado\">Fracci\u00f3n XXI &#8211; Informaci\u00f3n Financiera Sobre el Presupuesto Asignado<\/a><\/li>\n<li>Fracci\u00f3n XXII &#8211;\u00a0 Informaci\u00f3n Relativa a la Deuda P\u00fablica<\/li>\n<li><a href=\"\/sedapa\/fraccion-xxiii-montos-destinados-a-comunicacion-social-y-publicidad\">Fracci\u00f3n XXIII &#8211; Montos Destinados a Comunicaci\u00f3n Social y Publicidad<\/a><\/li>\n<li><a href=\"\/sedapa\/fraccion-xxiv-informes-de-resultados-de-las-auditorias-al-ejercicio-presupuestal\/\">Fracci\u00f3n XXIV &#8211; Informes de Resultados de las Auditor\u00edas al Ejercicio Presupuestal<\/a><\/li>\n<li><a href=\"\/sedapa\/fraccion-xxv-resultado-de-la-dictaminacion-de-los-estados-financieros\">Fracci\u00f3n XXV &#8211; Resultado de la Dictaminaci\u00f3n de los Estados Financieros<\/a><\/li>\n<li>Fracci\u00f3n XXVI &#8211; Montos, criterios, convocatorias y listado de personas f\u00edsicas o morales a quienes, por cualquier motivo, se les asigne o permita usar recursos p\u00fablicos<\/li>\n<li>Fracci\u00f3n XXVII &#8211; Concesiones, contratos, convenios, permisos, licencias o autorizaciones otorgados<\/li>\n<li>Fracci\u00f3n XXVIII &#8211; Resultados Sobre Procedimientos de Adjudicaci\u00f3n<\/li>\n<li><a href=\"\/sedapa\/informacion-publica\/fraccion-xxix\/\">Fracci\u00f3n XXIX &#8211; Informes Emitidos<\/a><\/li>\n<li>Fracci\u00f3n XXX &#8211; Estad\u00edsticas que Generen en Cumplimiento de sus Facultades<\/li>\n<li><a href=\"\/sedapa\/fraccion-xxxi-informe-de-avances-programaticos-o-presupuestales\">Fracci\u00f3n XXXI &#8211; Informe de Avances Program\u00e1ticos o Presupuestales<\/a><\/li>\n<li><a href=\"\/sedapa\/wp-content\/fraccion-xxxii-padron-de-proveedores-y-contratistas\">Fracci\u00f3n XXXII &#8211; Padr\u00f3n de proveedores y contratistas<\/a><\/li>\n<li>Fracci\u00f3n XXXIII &#8211; Convenios de coordinaci\u00f3n de concertaci\u00f3n con los sectores social y privado<\/li>\n<li><a href=\"\/sedapa\/fraccion-xxxiv-el-inventario-de-bienes-muebles-e-inmuebles-en-posesion-y-propiedad\">Fracci\u00f3n XXXIV &#8211; El inventario de bienes muebles e inmuebles en posesi\u00f3n y propiedad<\/a><\/li>\n<li>Fracci\u00f3n XXXV &#8211; <strong>(No se ha generado informaci\u00f3n contemplada en el periodo 01 de Mayo de 2015 al 04 de Mayo de 2017) <\/strong>Recomendaciones emitidas por los \u00f3rganos p\u00fablicos del Estado mexicano u organismos internacionales garantes de los derechos humanos<\/li>\n<li>Fracci\u00f3n XXXVI &#8211; <strong>(No se ha generado informaci\u00f3n contemplada en el periodo 01 de Mayo de 2015 al 04 de Mayo de 2017)<\/strong> Resoluciones y laudos que se emitan en procesos o procedimientos seguidos en forma de juicio<\/li>\n<li>Fracci\u00f3n XXXVII &#8211; Mecanismos de participaci\u00f3n ciudadana<\/li>\n<li>Fracci\u00f3n XXXVIII &#8211; Programas que se Ofrecen<\/li>\n<li><a href=\"\/sedapa\/fraccion-xxxix-actas-y-resoluciones-del-comite-de-transparencia\">Fracci\u00f3n XXXIX &#8211; Actas y resoluciones del Comit\u00e9 de Transparencia<\/a><\/li>\n<li><a href=\"\/sedapa\/fraccion-xl\">Fracci\u00f3n XL &#8211; Evaluaciones y encuestas a programas financiados con recursos p\u00fablicos<\/a><\/li>\n<li>Fracci\u00f3n XLI &#8211; Estudios financiados con recursos p\u00fablicos<\/li>\n<li>Fracci\u00f3n XLII &#8211; Listado de jubilados y pensionados y el monto que reciben<\/li>\n<li><a href=\"\/sedapa\/fraccion-xliii-ingresos-recibidos-por-cualquier-concepto\">Fracci\u00f3n XLIII &#8211; Ingresos recibidos por cualquier concepto<\/a><\/li>\n<li>Fracci\u00f3n XLIV &#8211; Donaciones hechas a terceros en dinero o en especie<\/li>\n<li>Fracci\u00f3n XLV &#8211; Cat\u00e1logo de disposici\u00f3n y gu\u00eda de archivo documental<\/li>\n<li>Fracci\u00f3n XLVI &#8211;\u00a0<strong>(No se ha generado informaci\u00f3n contemplada en el periodo 01 de Mayo de 2015 al 04 de Mayo de 2017)<\/strong> Actas de sesiones ordinarias y extraordinarias<\/li>\n<li>Fracci\u00f3n XLVII &#8211; Listado de solicitudes a las empresas concesionarias de telecomunicaciones y proveedores de servicios o aplicaciones de Internet<\/li>\n<li>Fracci\u00f3n XLVIII &#8211; Cualquier otra informaci\u00f3n que sea de utilidad o se considere relevante<\/li>\n<\/ul>\n","protected":false},"excerpt":{"rendered":"<p>Fracci\u00f3n I &#8211; Marco Normativo Fracci\u00f3n II &#8211; Estructura Organica Fracci\u00f3n III &#8211; Facultades de Cada \u00c1rea Fracci\u00f3n IV &#8211; Metas y Objetivos Fracci\u00f3n V &#8211; Indicadores Relacionados con Temas de Inter\u00e9s P\u00fablico Fracci\u00f3n VI &#8211; Indicadores que Permitan Rendir Cuenta de Objetivos y Resultados Fracci\u00f3n VII &#8211; Directorio de Todos los Servidores P\u00fablicos Fracci\u00f3n [&hellip;]<\/p>\n","protected":false},"author":1,"featured_media":0,"parent":0,"menu_order":0,"comment_status":"closed","ping_status":"closed","template":"","meta":{"episode_type":"","audio_file":"","podmotor_file_id":"","podmotor_episode_id":"","cover_image":"","cover_image_id":"","duration":"","filesize":"","filesize_raw":"","date_recorded":"","explicit":"","block":"","footnotes":""},"categories":[],"tags":[],"class_list":["post-1633","page","type-page","status-publish","hentry"],"acf":[],"publishpress_future_action":{"enabled":false,"date":"2026-04-25 23:19:23","action":"change-status","newStatus":"draft","terms":[],"taxonomy":"category","extraData":[]},"publishpress_future_workflow_manual_trigger":{"enabledWorkflows":[]},"_links":{"self":[{"href":"https:\/\/www.oaxaca.gob.mx\/sefader\/wp-json\/wp\/v2\/pages\/1633","targetHints":{"allow":["GET"]}}],"collection":[{"href":"https:\/\/www.oaxaca.gob.mx\/sefader\/wp-json\/wp\/v2\/pages"}],"about":[{"href":"https:\/\/www.oaxaca.gob.mx\/sefader\/wp-json\/wp\/v2\/types\/page"}],"author":[{"embeddable":true,"href":"https:\/\/www.oaxaca.gob.mx\/sefader\/wp-json\/wp\/v2\/users\/1"}],"replies":[{"embeddable":true,"href":"https:\/\/www.oaxaca.gob.mx\/sefader\/wp-json\/wp\/v2\/comments?post=1633"}],"version-history":[{"count":0,"href":"https:\/\/www.oaxaca.gob.mx\/sefader\/wp-json\/wp\/v2\/pages\/1633\/revisions"}],"wp:attachment":[{"href":"https:\/\/www.oaxaca.gob.mx\/sefader\/wp-json\/wp\/v2\/media?parent=1633"}],"wp:term":[{"taxonomy":"category","embeddable":true,"href":"https:\/\/www.oaxaca.gob.mx\/sefader\/wp-json\/wp\/v2\/categories?post=1633"},{"taxonomy":"post_tag","embeddable":true,"href":"https:\/\/www.oaxaca.gob.mx\/sefader\/wp-json\/wp\/v2\/tags?post=1633"}],"curies":[{"name":"wp","href":"https:\/\/api.w.org\/{rel}","templated":true}]}}