{"id":10245,"date":"2021-09-27T22:50:40","date_gmt":"2021-09-28T03:50:40","guid":{"rendered":"https:\/\/www.oaxaca.gob.mx\/se\/?page_id=10245"},"modified":"2021-09-27T22:51:33","modified_gmt":"2021-09-28T03:51:33","slug":"prueba_acordeon","status":"publish","type":"page","link":"https:\/\/www.oaxaca.gob.mx\/sedeco\/prueba_acordeon\/","title":{"rendered":"prueba_acordeon"},"content":{"rendered":"<!DOCTYPE html>\r\n<html lang=\"es-ES\">\r\n<head>\r\n    <meta http-equiv=\"Content-Type\" content=\"text\/html; charset=UTF-8\">\r\n    <meta name=\"viewport\" content=\"width=device-width, initial-scale=1.0\">\r\n   <title>Marca Hecho en Oaxaca<\/title>\r\n<style type=\"text\/css\">\r\n   html {\r\n  box-sizing: border-box;\r\n  height: 100%\r\n}\r\n\r\n*,\r\n:after,\r\n:before {\r\n  box-sizing: inherit\r\n}\r\n\r\n#__layout,\r\n#__nuxt,\r\nbody,\r\nhtml {\r\n  width: 100%\r\n}\r\n\r\n#__content,\r\n#__layout,\r\n#__nuxt,\r\nbody {\r\n  display: flex;\r\n  flex: 1;\r\n  flex-direction: column\r\n}\r\n\r\nbody {\r\n  background-color: #fff;\r\n  background-color: var(--c-white);\r\n  -moz-osx-font-smoothing: grayscale;\r\n  -webkit-font-smoothing: antialiased;\r\n  min-height: 100%;\r\n  -webkit-overflow-scrolling: touch;\r\n  overflow-x: hidden\r\n}\r\n\r\n.e-homeHero {\r\n  background-color: var(--c-black);\r\n  color: var(--c-white);\r\n  height: 100vh;\r\n  height: calc(var(--vh, 1vh)*100);\r\n  position: relative;\r\n  -webkit-user-select: none;\r\n  -moz-user-select: none;\r\n  -ms-user-select: none;\r\n  user-select: none\r\n}\r\n\r\n.e-homeHero:after {\r\n  background-color: currentColor;\r\n  bottom: 0;\r\n  content: \"\";\r\n  height: clamp(100px, 10vh, 166px);\r\n  height: clamp(100px, calc(var(--vh, 1vh)*10), 166px);\r\n  left: 50%;\r\n  position: absolute;\r\n  transform: translate(-50%) scaleY(0);\r\n  transform: translate(-50%) scaleY(var(--progress, 0));\r\n  transform-origin: center top;\r\n  width: 1px\r\n}\r\n\r\n.e-homeHero__inner {\r\n  align-items: center;\r\n  display: flex;\r\n  height: 100%;\r\n  justify-content: center;\r\n  opacity: 1;\r\n}\r\n<\/style>\r\n<!--\r\n<link rel=\"stylesheet\" href=\"css\/style1.css\">\r\n<link rel=\"stylesheet\" href=\"https:\/\/cdn.jsdelivr.net\/npm\/bootstrap@5.1.0\/dist\/css\/bootstrap.min.css\" integrity=\"sha384-KyZXEAg3QhqLMpG8r+8fhAXLRk2vvoC2f3B09zVXn8CA5QIVfZOJ3BCsw2P0p\/We\" crossorigin=\"anonymous\">\r\n\r\n<link rel=\"stylesheet\" href=\"https:\/\/pro.fontawesome.com\/releases\/v5.10.0\/css\/all.css\" integrity=\"sha384-AYmEC3Yw5cVb3ZcuHtOA93w35dYTsvhLPVnYs9eStHfGJvOvKxVfELGroGkvsg+p\" crossorigin=\"anonymous\"\/>\r\n<link rel=\"stylesheet\" type=\"text\/css\" href=\"css\/style_wp.css\"> \r\n\r\n<script src=\"https:\/\/cdn.jsdelivr.net\/npm\/bootstrap@5.1.0\/dist\/js\/bootstrap.min.js\" integrity=\"sha384-cn7l7gDp0eyniUwwAZgrzD06kc\/tftFf19TOAs2zVinnD\/C7E91j9yyk5\/\/jjpt\/\" crossorigin=\"anonymous\"><\/script>\r\n<script src=\"https:\/\/code.jquery.com\/jquery-3.6.0.min.js\" integrity=\"sha256-\/xUj+3OJU5yExlq6GSYGSHk7tPXikynS7ogEvDej\/m4=\" crossorigin=\"anonymous\"><\/script>\r\n-->\r\n<!--PRUEBAS -->\r\n\r\n<style type=\"text\/css\">\r\np,li{\r\n   font-family: 'UniviaPro-Regular', sans-serif !important;\r\n}\r\n<\/style>\r\n<\/head>\r\n<body>\r\n<div class=\"container-fluid nopadding\">\r\n   <section id=\"onceava_seccion\" class=\"\">\r\n      <div class=\"container-fluid\">\r\n         <div class=\"row\">\r\n            <div class=\"col-lg-12\">\r\n               <h1>PREGUNTAS FRECUENTES<\/h1> \r\n            <\/div>\r\n         <\/div>\r\n         <div class=\"row\" style=\"color:#2D9789 important!;\">\r\n            <div class=\"col-md-8 align-self-center\">\r\n               <div class=\"accordion\" id=\"accordionExample\">\r\n                 <div class=\"card\">\r\n                   <div class=\"card-header\" id=\"headingOne\">\r\n                     <h2 class=\"mb-0\">\r\n                       <button class=\"btn btn-link\" type=\"button\" data-toggle=\"collapse\" data-target=\"#collapseOne\" aria-expanded=\"true\" aria-controls=\"collapseOne\">\r\n                       1. \u00bfQu\u00e9 es la Marca de Certificaci\u00f3n Hecho en Oaxaca?\r\n                       <\/button>\r\n                     <\/h2>\r\n                   <\/div>\r\n\r\n                   <div id=\"collapseOne\" class=\"collapse show\" aria-labelledby=\"headingOne\" data-parent=\"#accordionExample\">\r\n                     <div class=\"card-body\">\r\n                        Es un signo distintivo o MARCA, reconocida y regulada por la Ley Federal de Protecci\u00f3n a la Propiedad Industrial bajo la figura de marca de certificaci\u00f3n y tiene como finalidad certificar la calidad y el origen geogr\u00e1fico de los productos elaborados y producidos en Oaxaca, que se encuentran vinculados a las caracter\u00edsticas culturales, folkl\u00f3ricas y \u00e9tnicas del Estado.\r\n                     <\/div>\r\n                   <\/div>\r\n                 <\/div>\r\n              <\/div>\r\n           <\/div>\r\n        <\/div>\r\n     <\/div>\r\n   <\/section>\r\n<\/div>\r\n<\/body>\r\n<\/html>\n","protected":false},"excerpt":{"rendered":"","protected":false},"author":66,"featured_media":0,"parent":0,"menu_order":0,"comment_status":"closed","ping_status":"closed","template":"","meta":{"episode_type":"","audio_file":"","podmotor_file_id":"","podmotor_episode_id":"","cover_image":"","cover_image_id":"","duration":"","filesize":"","filesize_raw":"","date_recorded":"","explicit":"","block":"","itunes_episode_number":"","itunes_title":"","itunes_season_number":"","itunes_episode_type":"","footnotes":""},"categories":[],"tags":[],"class_list":["post-10245","page","type-page","status-publish","hentry"],"acf":[],"publishpress_future_action":{"enabled":false,"date":"2026-04-16 13:15:39","action":"change-status","newStatus":"draft","terms":[],"taxonomy":"category","extraData":[]},"publishpress_future_workflow_manual_trigger":{"enabledWorkflows":[]},"_links":{"self":[{"href":"https:\/\/www.oaxaca.gob.mx\/sedeco\/wp-json\/wp\/v2\/pages\/10245","targetHints":{"allow":["GET"]}}],"collection":[{"href":"https:\/\/www.oaxaca.gob.mx\/sedeco\/wp-json\/wp\/v2\/pages"}],"about":[{"href":"https:\/\/www.oaxaca.gob.mx\/sedeco\/wp-json\/wp\/v2\/types\/page"}],"author":[{"embeddable":true,"href":"https:\/\/www.oaxaca.gob.mx\/sedeco\/wp-json\/wp\/v2\/users\/66"}],"replies":[{"embeddable":true,"href":"https:\/\/www.oaxaca.gob.mx\/sedeco\/wp-json\/wp\/v2\/comments?post=10245"}],"version-history":[{"count":1,"href":"https:\/\/www.oaxaca.gob.mx\/sedeco\/wp-json\/wp\/v2\/pages\/10245\/revisions"}],"predecessor-version":[{"id":10249,"href":"https:\/\/www.oaxaca.gob.mx\/sedeco\/wp-json\/wp\/v2\/pages\/10245\/revisions\/10249"}],"wp:attachment":[{"href":"https:\/\/www.oaxaca.gob.mx\/sedeco\/wp-json\/wp\/v2\/media?parent=10245"}],"wp:term":[{"taxonomy":"category","embeddable":true,"href":"https:\/\/www.oaxaca.gob.mx\/sedeco\/wp-json\/wp\/v2\/categories?post=10245"},{"taxonomy":"post_tag","embeddable":true,"href":"https:\/\/www.oaxaca.gob.mx\/sedeco\/wp-json\/wp\/v2\/tags?post=10245"}],"curies":[{"name":"wp","href":"https:\/\/api.w.org\/{rel}","templated":true}]}}