{"id":9318,"date":"2025-07-03T11:11:09","date_gmt":"2025-07-03T17:11:09","guid":{"rendered":"https:\/\/www.oaxaca.gob.mx\/sectur\/?page_id=9318"},"modified":"2025-07-03T11:13:15","modified_gmt":"2025-07-03T17:13:15","slug":"inventario-de-tramites-y-servicios","status":"publish","type":"page","link":"https:\/\/www.oaxaca.gob.mx\/sectur\/inventario-de-tramites-y-servicios\/","title":{"rendered":"Inventario de tr\u00e1mites y servicios"},"content":{"rendered":"\n<table id=\"tablepress-15\" class=\"tablepress tablepress-id-15\">\n<thead>\n<tr class=\"row-1\">\n\t<th class=\"column-1\">Tipo: Tr\u00e1mite                       o Servicio<br \/>\n<br \/>\n<\/th><th class=\"column-2\">Nombre del tr\u00e1mite o servicio<\/th><th class=\"column-3\">DESCRIPCI\u00d3N<\/th><th class=\"column-4\">LINK<\/th><th class=\"column-5\">Modalidad: Persona Fisica \/ Moral o Sector en especifico<\/th><th class=\"column-6\">Producto final:<\/th><th class=\"column-7\">Presencial o en linea (de inicio a fin)<\/th><th class=\"column-8\">Unidad administrativa responsable<\/th><th class=\"column-9\">Costos (en caso de aplicar)<\/th><th class=\"column-10\">Direcci\u00f3n de oficinas<\/th><th class=\"column-11\">Categoria<\/th>\n<\/tr>\n<\/thead>\n<tbody class=\"row-striping row-hover\">\n<tr class=\"row-2\">\n\t<td class=\"column-1\">Tramite<\/td><td class=\"column-2\">Canje de credencial<\/td><td class=\"column-3\">Sustituci\u00f3n de credencial debido al deterioro de la misma o para adicionar idioma.<\/td><td class=\"column-4\"><a href=\"https:\/\/guiadeturistas.sectur.gob.mx\/\">https:\/\/guiadeturistas.sectur.gob.mx\/<\/a><\/td><td class=\"column-5\">Persona f\u00edsica<\/td><td class=\"column-6\">Credencial<\/td><td class=\"column-7\">En linea<\/td><td class=\"column-8\">Direcci\u00f3n de Profesionalizaci\u00f3n Tur\u00edstica<\/td><td class=\"column-9\">Gratuito<\/td><td class=\"column-10\">Oaxaca, Oaxaca de Ju\u00e1rez, Avenida Benito Ju\u00e1rez Oaxaca de Ju\u00e1rez, Oaxaca, 703, C.P.68000.<\/td><td class=\"column-11\">FEDERAL<\/td>\n<\/tr>\n<tr class=\"row-3\">\n\t<td class=\"column-1\">Servicio<\/td><td class=\"column-2\">Reposici\u00f3n por robo o extrav\u00edo de credencial de gu\u00eda de turistas<\/td><td class=\"column-3\">Gu\u00eda de turista acreditado que solicita la reposici\u00f3n de su credencial por robo o extrav\u00edo.<\/td><td class=\"column-4\"><a href=\"https:\/\/guiadeturistas.sectur.gob.mx\/\">https:\/\/guiadeturistas.sectur.gob.mx\/<\/a><\/td><td class=\"column-5\">Persona f\u00edsica<\/td><td class=\"column-6\">Credencial<\/td><td class=\"column-7\">En linea<\/td><td class=\"column-8\">Direcci\u00f3n de Profesionalizaci\u00f3n Tur\u00edstica<\/td><td class=\"column-9\">Gratuito<\/td><td class=\"column-10\">Oaxaca, Oaxaca de Ju\u00e1rez, Avenida Benito Ju\u00e1rez Oaxaca de Ju\u00e1rez, Oaxaca, 703, C.P.68000.<\/td><td class=\"column-11\">FEDERAL<\/td>\n<\/tr>\n<tr class=\"row-4\">\n\t<td class=\"column-1\">Servicio<\/td><td class=\"column-2\">Asesor\u00eda para la elaboraci\u00f3n de proyectos o programas de infraestructura y equipamiento tur\u00edstico.<\/td><td class=\"column-3\">Apoyo a comunidades, grupos organizados y particulares en la elaboraci\u00f3n de proyectos y programas de infraestructura y equipamiento tur\u00edstico.<\/td><td class=\"column-4\">oficialiasectur@oaxaca.gob.mx<\/td><td class=\"column-5\">Persona f\u00edsica y moral<\/td><td class=\"column-6\">asesoria<\/td><td class=\"column-7\">Presencial<\/td><td class=\"column-8\">Direcci\u00f3n de Desarrollo Turistica<\/td><td class=\"column-9\">Gratuito<\/td><td class=\"column-10\">Oaxaca, Oaxaca de Ju\u00e1rez, Avenida Benito Ju\u00e1rez Oaxaca de Ju\u00e1rez, Oaxaca, 703, C.P.68000.<\/td><td class=\"column-11\">ESTATAL<\/td>\n<\/tr>\n<tr class=\"row-5\">\n\t<td class=\"column-1\">Tr\u00e1mite<\/td><td class=\"column-2\">Modificaci\u00f3n de los datos de inscripci\u00f3n al Registro Nacional de Turismo<\/td><td class=\"column-3\">Cambio de los datos de inscripci\u00f3n como domicilio, raz\u00f3n social o nombre comercial en el Registro Nacional de Turismo<\/td><td class=\"column-4\"> La o el interesado podr\u00e1 solicitar informaci\u00f3n al correo ventanilladeatencion@oaxaca.travel sobre los requisitos para la modificaci\u00f3n, SECTUR Oaxaca enviar\u00e1 los requisitos generales y el formato correspondiente<br \/>\nLa o el interesado podr\u00e1 ingresar al siguiente link: <a href=\"https:\/\/rnt.sectur.gob.mx\/\">https:\/\/rnt.sectur.gob.mx\/<\/a> para poder dar inicio a su tr\u00e1mite desde el portal de SECTUR Federal<\/td><td class=\"column-5\">Persona f\u00edsica y moral<\/td><td class=\"column-6\">Otro<\/td><td class=\"column-7\">Presencial<\/td><td class=\"column-8\">Direcci\u00f3n de Profesionalizaci\u00f3n Tur\u00edstica<\/td><td class=\"column-9\">Gratuito<\/td><td class=\"column-10\">Oaxaca, Oaxaca de Ju\u00e1rez, Avenida Benito Ju\u00e1rez Oaxaca de Ju\u00e1rez, Oaxaca, 703, C.P.68000.<\/td><td class=\"column-11\">FEDERAL<\/td>\n<\/tr>\n<tr class=\"row-6\">\n\t<td class=\"column-1\">Servicio<\/td><td class=\"column-2\">Distintivos de los programas de calidad turistica.<\/td><td class=\"column-3\">Asesorar y proporcionar informaci\u00f3n relacionada con la obtenci\u00f3n y renovaci\u00f3n de los distintivos de los programas de calidad tur\u00edstica<\/td><td class=\"column-4\">La persona interesada solicita informaci\u00f3n acerca de los programas de calidad disponibles en las oficinas de la Secretar\u00eda de Turismo (SECTUR)<\/td><td class=\"column-5\">Persona moral<\/td><td class=\"column-6\">Certificaci\u00f3n, sellos y distintivos<\/td><td class=\"column-7\">En linea<\/td><td class=\"column-8\">Direcci\u00f3n de Profesionalizaci\u00f3n Tur\u00edstica<\/td><td class=\"column-9\">Gratuito<\/td><td class=\"column-10\">Oaxaca, Oaxaca de Ju\u00e1rez, Avenida Benito Ju\u00e1rez Oaxaca de Ju\u00e1rez, Oaxaca, 703, C.P.68000.<\/td><td class=\"column-11\">FEDERAL<\/td>\n<\/tr>\n<tr class=\"row-7\">\n\t<td class=\"column-1\">Tr\u00e1mite<\/td><td class=\"column-2\">Baja definitiva de Gu\u00eda de Turistas<\/td><td class=\"column-3\">Los gu\u00edas de turistas podr\u00e1n solicitar la baja definitiva de la credencial que los acredita como gu\u00edas de turistas ante la Secretar\u00eda de Turismo.<\/td><td class=\"column-4\"><a href=\"https:\/\/guiadeturistas.sectur.gob.mx\/\">https:\/\/guiadeturistas.sectur.gob.mx\/<\/a><\/td><td class=\"column-5\">Persona f\u00edsica<\/td><td class=\"column-6\">Otro<\/td><td class=\"column-7\">En linea<\/td><td class=\"column-8\">Direcci\u00f3n de Profesionalizaci\u00f3n Tur\u00edstica<\/td><td class=\"column-9\">Gratuito<\/td><td class=\"column-10\">Oaxaca, Oaxaca de Ju\u00e1rez, Avenida Benito Ju\u00e1rez Oaxaca de Ju\u00e1rez, Oaxaca, 703, C.P.68000.<\/td><td class=\"column-11\">FEDERAL<\/td>\n<\/tr>\n<tr class=\"row-8\">\n\t<td class=\"column-1\">Servicio<\/td><td class=\"column-2\">Atenci\u00f3n en M\u00f3dulos de Informaci\u00f3n<\/td><td class=\"column-3\">Las personas se presentan a los m\u00f3dulos de informaci\u00f3n ubicados en diferentes puntos de la Ciudad, donde podr\u00e1n solicitar informaci\u00f3n ya sea tur\u00edstica o general.<\/td><td class=\"column-4\">Consulta aqui el m\u00f3dulo m\u00e1s cerca t\u00ed, <a href=\"https:\/\/drive.google.com\/file\/d\/1RaYjH9KxurvZYuDMgcZmUG_L63Xc0Q5J\/view?usp=sharing\">https:\/\/drive.google.com\/file\/d\/1RaYjH9KxurvZYuDMgcZmUG_L63Xc0Q5J\/view?usp=sharing<\/a><\/td><td class=\"column-5\">Persona f\u00edsica<\/td><td class=\"column-6\">Informaci\u00f3n y Material impreso<\/td><td class=\"column-7\">Presencial<\/td><td class=\"column-8\">Direcci\u00f3n de Profesionalizaci\u00f3n Tur\u00edstica<\/td><td class=\"column-9\">Gratuito<\/td><td class=\"column-10\">Oaxaca, Oaxaca de Ju\u00e1rez, Avenida Benito Ju\u00e1rez Oaxaca de Ju\u00e1rez, Oaxaca, 703, C.P.68000<\/td><td class=\"column-11\">ESTATAL<\/td>\n<\/tr>\n<tr class=\"row-9\">\n\t<td class=\"column-1\">Tr\u00e1mite<\/td><td class=\"column-2\">Acreditaci\u00f3n inicial\/expedici\u00f3n de gu\u00edas tur\u00edsticos<\/td><td class=\"column-3\">Para obtener la acreditaci\u00f3n para ser gu\u00eda de turistas, gu\u00eda de turistas general, gu\u00eda especializado en temas o localidades espec\u00edficas de car\u00e1cter cultural y gu\u00eda especializado en actividades espec\u00edficas<\/td><td class=\"column-4\"><a href=\"https:\/\/guiadeturistas.sectur.gob.mx\/\">https:\/\/guiadeturistas.sectur.gob.mx\/<\/a><\/td><td class=\"column-5\">Personas f\u00edsicas<\/td><td class=\"column-6\">Credencial<\/td><td class=\"column-7\">En linea<\/td><td class=\"column-8\">Direcci\u00f3n de Profesionalizaci\u00f3n Tur\u00edstica<\/td><td class=\"column-9\">Gratuito<\/td><td class=\"column-10\">Oaxaca, Oaxaca de Ju\u00e1rez, Avenida Benito Ju\u00e1rez Oaxaca de Ju\u00e1rez, Oaxaca, 703, C.P.68000<\/td><td class=\"column-11\">FEDERAL<\/td>\n<\/tr>\n<tr class=\"row-10\">\n\t<td class=\"column-1\">Tr\u00e1mite<\/td><td class=\"column-2\">Asesor\u00eda de solicitud o renovaci\u00f3n de Clasificaci\u00f3n Hotelera o aviso de cierre de operaciones<\/td><td class=\"column-3\">Asesor\u00eda sobre el sistema de clasificaci\u00f3n hotelera que es una fuente de informaci\u00f3n que da certeza a los turistas, nacionales e internacionales, sobre la categor\u00eda que ostentan los establecimientos de hospedaje en el pa\u00eds.<\/td><td class=\"column-4\"><a href=\"http:\/\/sch.sectur.gob.mx\">http:\/\/sch.sectur.gob.mx<\/a><\/td><td class=\"column-5\">Persona fisica y moral<\/td><td class=\"column-6\">Actualizaci\u00f3n De Datos<\/td><td class=\"column-7\">En linea<\/td><td class=\"column-8\">Direcci\u00f3n de Profesionalizaci\u00f3n Tur\u00edstica<\/td><td class=\"column-9\">Gratuito<\/td><td class=\"column-10\">Oaxaca, Oaxaca de Ju\u00e1rez, Avenida Benito Ju\u00e1rez Oaxaca de Ju\u00e1rez, Oaxaca, 703, C.P.68000<\/td><td class=\"column-11\">FEDERAL<\/td>\n<\/tr>\n<tr class=\"row-11\">\n\t<td class=\"column-1\">Servicio<\/td><td class=\"column-2\">Cursos de Capacitaci\u00f3n<\/td><td class=\"column-3\">Atenci\u00f3n a solicitudes de cursos de capacitaci\u00f3n para prestadores de servicios tur\u00edsticos.<\/td><td class=\"column-4\">oficialiasectur@oaxaca.gob.mx<\/td><td class=\"column-5\">Persona fisica y moral<\/td><td class=\"column-6\">Constancias<\/td><td class=\"column-7\">Presencial<\/td><td class=\"column-8\">Direcci\u00f3n de Profesionalizaci\u00f3n Tur\u00edstica<\/td><td class=\"column-9\">Gratuito<\/td><td class=\"column-10\">Oaxaca, Oaxaca de Ju\u00e1rez, Avenida Benito Ju\u00e1rez Oaxaca de Ju\u00e1rez, Oaxaca, 703, C.P.68000<\/td><td class=\"column-11\">ESTATAL<\/td>\n<\/tr>\n<tr class=\"row-12\">\n\t<td class=\"column-1\">Servicio<\/td><td class=\"column-2\">Inscripci\u00f3n al Registro Nacional de Turismo<\/td><td class=\"column-3\">El Registro Nacional de Turismo es un cat\u00e1logo p\u00fablico de prestadores de servicios tur\u00edsticos en el pa\u00eds con informaci\u00f3n sobre los prestadores de servicios tur\u00edsticos a nivel nacional, con objeto de conocer mejor el mercado tur\u00edstico y establecer comunicaci\u00f3n con las empresas cuando se requiera.<\/td><td class=\"column-4\">La o el interesado podr\u00e1 solicitar informaci\u00f3n al correo ventanilladeatencion@oaxaca.travel  sobre los requisitos para la inscripci\u00f3n, SECTUR Oaxaca enviar\u00e1 los requisitos generales y espec\u00edficos conforme al giro (se podr\u00e1 visualizar en el siguiente link <a href=\"https:\/\/drive.google.com\/file\/d\/1sUziT5pN3o5pHMJgzDd81W9NMN-41r4p\/view\">https:\/\/drive.google.com\/file\/d\/1sUziT5pN3o5pHMJgzDd81W9NMN-41r4p\/view<\/a>) y el formato correspondiente<\/td><td class=\"column-5\">Persona fisica y moral<\/td><td class=\"column-6\">Certificado<\/td><td class=\"column-7\">En linea<\/td><td class=\"column-8\">Direcci\u00f3n de Profesionalizaci\u00f3n Tur\u00edstica<\/td><td class=\"column-9\">Gratuito<\/td><td class=\"column-10\">Oaxaca, Oaxaca de Ju\u00e1rez, Avenida Benito Ju\u00e1rez Oaxaca de Ju\u00e1rez, Oaxaca, 703, C.P.68000<\/td><td class=\"column-11\">FEDERAL<\/td>\n<\/tr>\n<tr class=\"row-13\">\n\t<td class=\"column-1\">Tr\u00e1mite<\/td><td class=\"column-2\">Refrendo de credencial de Gu\u00edas de Turistas.<\/td><td class=\"column-3\">Una vez concluido el termino de vigencia de la credencial inicial deber\u00e1 realizar el refrendo con 60 d\u00edas de anticipaci\u00f3n.<\/td><td class=\"column-4\"><a href=\"https:\/\/guiadeturistas.sectur.gob.mx\/\">https:\/\/guiadeturistas.sectur.gob.mx\/<\/a><\/td><td class=\"column-5\">Persona f\u00edsica.<\/td><td class=\"column-6\">Refrendo<\/td><td class=\"column-7\">En linea<\/td><td class=\"column-8\">Direcci\u00f3n de Profesionalizaci\u00f3n Tur\u00edstica<\/td><td class=\"column-9\">Gratuito<\/td><td class=\"column-10\">Oaxaca, Oaxaca de Ju\u00e1rez, Avenida Benito Ju\u00e1rez Oaxaca de Ju\u00e1rez, Oaxaca, 703, C.P.68000<\/td><td class=\"column-11\">FEDERAL<\/td>\n<\/tr>\n<tr class=\"row-14\">\n\t<td class=\"column-1\">Servico<\/td><td class=\"column-2\">Renovaci\u00f3n de vigencia al Registro Nacional de Turismo<\/td><td class=\"column-3\">La renovaci\u00f3n al Registro Nacional de Turismo permite continuar en el padr\u00f3n del Registro Nacional de Turismo y seguir obteniendo los beneficios correspondientes.<\/td><td class=\"column-4\">La o el interesado podr\u00e1 solicitar informaci\u00f3n al correo ventanilladeatencion@oaxaca.travel sobre los requisitos para la renovaci\u00f3n, SECTUR Oaxaca enviar\u00e1 el formato correspondiente<br \/>\nLa o el interesado podr\u00e1 ingresar al siguiente link: <a href=\"https:\/\/rnt.sectur.gob.mx\/\">https:\/\/rnt.sectur.gob.mx\/<\/a> para poder dar inicio a su tr\u00e1mite desde el portal de SECTUR Federal <\/td><td class=\"column-5\">Persona fisica y moral<\/td><td class=\"column-6\">Renovaci\u00f3n<\/td><td class=\"column-7\">Presencial<\/td><td class=\"column-8\">Direcci\u00f3n de Profesionalizaci\u00f3n Tur\u00edstica<\/td><td class=\"column-9\">Gratuito<\/td><td class=\"column-10\">Oaxaca, Oaxaca de Ju\u00e1rez, Avenida Benito Ju\u00e1rez Oaxaca de Ju\u00e1rez, Oaxaca, 703, C.P.68000<\/td><td class=\"column-11\">FEDERAL<\/td>\n<\/tr>\n<tr class=\"row-15\">\n\t<td class=\"column-1\">Servicio<\/td><td class=\"column-2\">Promoci\u00f3n de ferias y eventos tur\u00edsticos  locales<\/td><td class=\"column-3\">Apoyo para la difusi\u00f3n de ferias y eventos tur\u00edsticos locales que realizan los municipios del Estado, as\u00ed como C\u00e1maras Empresariales y Asociaciones Civiles.<\/td><td class=\"column-4\">La o el interesado deber\u00e1 presentar oficio de solicitud en la oficial\u00eda de partes de la Secretar\u00eda de Turismo.                                     oficialiasectur@oaxaca.gob.mx<\/td><td class=\"column-5\">Persona moral<\/td><td class=\"column-6\"><\/td><td class=\"column-7\">Presencial<\/td><td class=\"column-8\">Direcci\u00f3n de Promoci\u00f3n Tur\u00edstica<\/td><td class=\"column-9\">Gratuito<\/td><td class=\"column-10\">Oaxaca, Oaxaca de Ju\u00e1rez, Avenida Benito Ju\u00e1rez Oaxaca de Ju\u00e1rez, Oaxaca, 703, C.P.68003<\/td><td class=\"column-11\">ESTATAL<\/td>\n<\/tr>\n<tr class=\"row-16\">\n\t<td class=\"column-1\">Servicio<\/td><td class=\"column-2\">Registro de prestadores de servicios tur\u00edsticos (PST)<\/td><td class=\"column-3\">Registro para prestadores de servicios tur\u00edsticos en el estado de Oaxaca, con el objetivo de ser incluidos en la base de datos de la Secretar\u00eda de Turismo.<\/td><td class=\"column-4\">El interesado ingresar\u00e1 al portal de la Secretar\u00eda de Turismo de Oaxaca. <a href=\"https:\/\/www.oaxaca.gob.mx\/sectur\/\">https:\/\/www.oaxaca.gob.mx\/sectur\/<\/a>            El interesado debe enviar el formato contestado al correo electr\u00f3nico: estadisticas@oaxaca.travel para finalizar su registro<\/td><td class=\"column-5\">Persona f\u00edsica y moral<\/td><td class=\"column-6\">Registro<\/td><td class=\"column-7\">En linea<\/td><td class=\"column-8\">Direcci\u00f3n de Informacion y Analisis Tur\u00edstico<\/td><td class=\"column-9\">Gratuito<\/td><td class=\"column-10\">Oaxaca, Oaxaca de Ju\u00e1rez, Avenida Benito Ju\u00e1rez Oaxaca de Ju\u00e1rez, Oaxaca, 703, C.P.68004<\/td><td class=\"column-11\">ESTATAL<\/td>\n<\/tr>\n<tr class=\"row-17\">\n\t<td class=\"column-1\">Servicio<\/td><td class=\"column-2\">Atenci\u00f3n y protecci\u00f3n al turista<\/td><td class=\"column-3\">Canalizaci\u00f3n y acompa\u00f1amiento al turista en caso de tener quejas administrativas contra prestadores de servicios tur\u00edsticos, queja por extrav\u00edo de documentaci\u00f3n personal o por alg\u00fan hecho delictivo.<\/td><td class=\"column-4\">Acudir a las instalaciones de la Secretar\u00eda del Centro de Protecci\u00f3n al Turista<\/td><td class=\"column-5\">Persona fisica<\/td><td class=\"column-6\">Canalizaci\u00f3n<\/td><td class=\"column-7\">Presencial<\/td><td class=\"column-8\">Direcci\u00f3n de Profesionalizaci\u00f3n Tur\u00edstica<\/td><td class=\"column-9\">Gratuito<\/td><td class=\"column-10\">Oaxaca, Oaxaca de Ju\u00e1rez, Avenida Benito Ju\u00e1rez Oaxaca de Ju\u00e1rez, Oaxaca, 703, C.P.68005<\/td><td class=\"column-11\">ESTATAL<\/td>\n<\/tr>\n<\/tbody>\n<\/table>\n<!-- #tablepress-15 from cache -->\n","protected":false},"excerpt":{"rendered":"","protected":false},"author":71,"featured_media":0,"parent":0,"menu_order":0,"comment_status":"closed","ping_status":"closed","template":"","meta":{"episode_type":"","audio_file":"","podmotor_file_id":"","podmotor_episode_id":"","cover_image":"","cover_image_id":"","duration":"","filesize":"","filesize_raw":"","date_recorded":"","explicit":"","block":"","itunes_episode_number":"","itunes_title":"","itunes_season_number":"","itunes_episode_type":"","footnotes":""},"categories":[],"tags":[],"class_list":["post-9318","page","type-page","status-publish","hentry"],"acf":[],"publishpress_future_action":{"enabled":false,"date":"2026-05-16 00:41:39","action":"change-status","newStatus":"draft","terms":[],"taxonomy":"category","extraData":[]},"publishpress_future_workflow_manual_trigger":{"enabledWorkflows":[]},"_links":{"self":[{"href":"https:\/\/www.oaxaca.gob.mx\/sectur\/wp-json\/wp\/v2\/pages\/9318","targetHints":{"allow":["GET"]}}],"collection":[{"href":"https:\/\/www.oaxaca.gob.mx\/sectur\/wp-json\/wp\/v2\/pages"}],"about":[{"href":"https:\/\/www.oaxaca.gob.mx\/sectur\/wp-json\/wp\/v2\/types\/page"}],"author":[{"embeddable":true,"href":"https:\/\/www.oaxaca.gob.mx\/sectur\/wp-json\/wp\/v2\/users\/71"}],"replies":[{"embeddable":true,"href":"https:\/\/www.oaxaca.gob.mx\/sectur\/wp-json\/wp\/v2\/comments?post=9318"}],"version-history":[{"count":2,"href":"https:\/\/www.oaxaca.gob.mx\/sectur\/wp-json\/wp\/v2\/pages\/9318\/revisions"}],"predecessor-version":[{"id":9320,"href":"https:\/\/www.oaxaca.gob.mx\/sectur\/wp-json\/wp\/v2\/pages\/9318\/revisions\/9320"}],"wp:attachment":[{"href":"https:\/\/www.oaxaca.gob.mx\/sectur\/wp-json\/wp\/v2\/media?parent=9318"}],"wp:term":[{"taxonomy":"category","embeddable":true,"href":"https:\/\/www.oaxaca.gob.mx\/sectur\/wp-json\/wp\/v2\/categories?post=9318"},{"taxonomy":"post_tag","embeddable":true,"href":"https:\/\/www.oaxaca.gob.mx\/sectur\/wp-json\/wp\/v2\/tags?post=9318"}],"curies":[{"name":"wp","href":"https:\/\/api.w.org\/{rel}","templated":true}]}}