{"id":5221,"date":"2020-05-13T09:10:14","date_gmt":"2020-05-13T14:10:14","guid":{"rendered":"https:\/\/www.oaxaca.gob.mx\/sectur\/?page_id=5221"},"modified":"2021-08-09T22:25:47","modified_gmt":"2021-08-10T03:25:47","slug":"acciones-de-la-sectur-ante-el-covid-19","status":"publish","type":"page","link":"https:\/\/www.oaxaca.gob.mx\/sectur\/acciones-de-la-sectur-ante-el-covid-19\/","title":{"rendered":"Acciones de la SECTUR ante el COVID-19"},"content":{"rendered":"<nav style=\"margin-bottom: 30px\">\n<div id=\"nav-tab\" class=\"nav nav-tabs\" role=\"tablist\"><a id=\"nav_tab_uno\" class=\"nav-item nav-link active\" role=\"tab\" href=\"#nav_uno\" data-toggle=\"tab\">MATERIALES DE INFORMACI\u00d3N<\/a><br \/>\n<a id=\"nav_tab_dos\" class=\"nav-item nav-link\" role=\"tab\" href=\"#nav_dos\" data-toggle=\"tab\">PROFESIONALIZACI\u00d3N<\/a><br \/>\n<a id=\"nav_tab_tres\" class=\"nav-item nav-link\" role=\"tab\" href=\"#nav_tres\" data-toggle=\"tab\">APOYO A LA DIFUSI\u00d3N Y ATENCI\u00d3N AL PLAN EMERGENTE<\/a><br \/>\n<a id=\"nav_tab_cuatro\" class=\"nav-item nav-link\" role=\"tab\" href=\"#nav_cuatro\" data-toggle=\"tab\">PROMOCI\u00d3N<\/a><br \/>\n<a id=\"nav_tab_cinco\" class=\"nav-item nav-link\" role=\"tab\" href=\"#nav_cinco\" data-toggle=\"tab\">ATENCI\u00d3N CIUDADANA<\/a><\/div>\n<\/nav>\n<div id=\"nav-tabContent\" class=\"tab-content\">\n<div id=\"nav_uno\" class=\"tab-pane fade show active\" role=\"tabpanel\" aria-labelledby=\"nav_tab_uno\">\n<table id=\"tablepress-8\" class=\"tablepress tablepress-id-8 tbody-has-connected-cells\">\n<thead>\n<tr class=\"row-1\">\n\t<td class=\"column-1\"><\/td><td class=\"column-2\"><\/td><td class=\"column-3\"><\/td><td class=\"column-4\"><\/td>\n<\/tr>\n<\/thead>\n<tbody class=\"row-striping row-hover\">\n<tr class=\"row-2\">\n\t<td rowspan=\"8\" class=\"column-1\"><img loading=\"lazy\" decoding=\"async\" src=\"https:\/\/www.oaxaca.gob.mx\/sectur\/wp-content\/uploads\/sites\/65\/2020\/05\/fotoMATERIALES-300x276.png\" alt=\"\" width=\"300\" height=\"276\" class=\"alignnone size-medium wp-image-5251\" srcset=\"https:\/\/www.oaxaca.gob.mx\/sectur\/wp-content\/uploads\/sites\/65\/2020\/05\/fotoMATERIALES-300x276.png 300w, https:\/\/www.oaxaca.gob.mx\/sectur\/wp-content\/uploads\/sites\/65\/2020\/05\/fotoMATERIALES.png 456w\" sizes=\"auto, (max-width: 300px) 100vw, 300px\" \/><\/td><td class=\"column-2\"><\/td><td class=\"column-3\"><\/td><td class=\"column-4\"><\/td>\n<\/tr>\n<tr class=\"row-3\">\n\t<td colspan=\"2\" class=\"column-2\"><font color=\"#780c63\" size=\"16px\">MATERIALES DE INFORMACI\u00d3N<\/font><\/td><td class=\"column-4\"><\/td>\n<\/tr>\n<tr class=\"row-4\">\n\t<td class=\"column-2\"><img loading=\"lazy\" decoding=\"async\" src=\"https:\/\/www.oaxaca.gob.mx\/sectur\/wp-content\/uploads\/sites\/65\/2020\/05\/icono-1DISTRIBUCION.png\" alt=\"\" width=\"147\" height=\"145\" class=\"alignnone size-full wp-image-5253\" \/><\/td><td class=\"column-3\">Distribuci\u00f3n de materiales de medidas preventivas en hoteles, restaurantes, gu\u00edas de turistas, transportistas, museos, organizadores de eventos y anfitriones.<br \/>\n<ul><br \/>\n<li><a href=\"\/wp-content\/uploads\/sites\/65\/2020\/05\/HOTELES.pdf\" target=\"new\" rel=\"noopener noreferrer\">-Hoteles<\/a><\/li><br \/>\n<li><a href=\"https:\/\/www.oaxaca.gob.mx\/sectur\/wp-content\/uploads\/sites\/65\/2020\/05\/RESTAURANTERO.pdf\" target=\"new\" rel=\"noopener noreferrer\">-Restaurantes<\/a><\/li><br \/>\n<li><a href=\"https:\/\/www.oaxaca.gob.mx\/sectur\/wp-content\/uploads\/sites\/65\/2020\/06\/cartel-GUIA-TURISTAS.png\" target=\"new\" rel=\"noopener noreferrer\">-Gu\u00eda de Turistas<\/a><\/li><br \/>\n<li><a href=\"https:\/\/www.oaxaca.gob.mx\/sectur\/wp-content\/uploads\/sites\/65\/2020\/06\/cartel-ORGANIZADOR.png\" target=\"new\" rel=\"noopener noreferrer\">-Organizadores de Eventos<\/a><\/li><br \/>\n<li><a href=\"https:\/\/www.oaxaca.gob.mx\/sectur\/wp-content\/uploads\/sites\/65\/2020\/06\/cartel-TRANSPORTE.png\" target=\"new\" rel=\"noopener noreferrer\">-Transporte Tur\u00edstico<\/a><\/li><br \/>\n<li><a href=\"https:\/\/www.oaxaca.gob.mx\/sectur\/wp-content\/uploads\/sites\/65\/2020\/06\/cartel-SINTOMAS.png\" target=\"new\" rel=\"noopener noreferrer\">\u00bfQu\u00e9 hacer en caso de detectar a un visitante con s\u00edntomas?<\/a><\/li><br \/>\n<\/ul><\/td><td class=\"column-4\"><\/td>\n<\/tr>\n<tr class=\"row-5\">\n\t<td class=\"column-2\"><img loading=\"lazy\" decoding=\"async\" src=\"https:\/\/www.oaxaca.gob.mx\/sectur\/wp-content\/uploads\/sites\/65\/2020\/05\/Icono-2REUNIONES.png\" alt=\"\" width=\"147\" height=\"145\" class=\"alignnone size-full wp-image-5254\" \/><\/td><td class=\"column-3\">Reuniones con el sector hotelero, restaurantero, organizadores de eventos, gu\u00edas de turistas y transportistas<\/td><td class=\"column-4\"><\/td>\n<\/tr>\n<tr class=\"row-6\">\n\t<td class=\"column-2\"><\/td><td class=\"column-3\"><\/td><td class=\"column-4\"><\/td>\n<\/tr>\n<tr class=\"row-7\">\n\t<td class=\"column-2\"><\/td><td class=\"column-3\"><h4>Protocolo de seguridad e higiene ANTI-COVID 19<\/h4><br \/>\nPara el proceso de reintegracio\u0301n a la nueva normalidad<br \/>\n<ul><br \/>\n<li><img decoding=\"async\" src=\"https:\/\/www.oaxaca.gob.mx\/sectur\/wp-content\/uploads\/sites\/65\/2020\/06\/iconoo_proto.png\" \/><a href=\"https:\/\/www.oaxaca.gob.mx\/sectur\/wp-content\/uploads\/sites\/65\/2020\/07\/Protocolo_Seguridad-e-Higiene_Serv-Hoteleros_Oaxaca_02_Julio.pdf\" target=\"new\" rel=\"noopener noreferrer\">Hoteles<\/a><\/li><br \/>\n<li><img decoding=\"async\" src=\"https:\/\/www.oaxaca.gob.mx\/sectur\/wp-content\/uploads\/sites\/65\/2020\/06\/iconoo_proto.png\" \/><a href=\"https:\/\/www.oaxaca.gob.mx\/sectur\/wp-content\/uploads\/sites\/65\/2020\/07\/Protocolo-Reapertura-Mesa-Segura-_Safetravel.pdf\" target=\"new\" rel=\"noopener noreferrer\">Restaurantes<\/a><\/li><br \/>\n<\/ul><\/td><td class=\"column-4\"><br \/>\n<ul><br \/>\n<li><img decoding=\"async\" src=\"https:\/\/www.oaxaca.gob.mx\/sectur\/wp-content\/uploads\/sites\/65\/2020\/06\/iconoo_proto.png\" \/><a href=\"https:\/\/www.oaxaca.gob.mx\/sectur\/wp-content\/uploads\/sites\/65\/2020\/07\/Protocolo_Operadores_safetravel.pdf\" target=\"new\" rel=\"noopener noreferrer\"><br \/>Agencias de Viajes y Operadoras de Servicios Turi\u0301sticos <\/a><\/li><br \/>\n<li><img decoding=\"async\" src=\"https:\/\/www.oaxaca.gob.mx\/sectur\/wp-content\/uploads\/sites\/65\/2020\/06\/iconoo_proto.png\" \/><a href=\"https:\/\/www.oaxaca.gob.mx\/sectur\/wp-content\/uploads\/sites\/65\/2020\/10\/LINEAMIENTOS-OFICIALES-PUBLICOS.pdf\" target=\"new\" rel=\"noopener noreferrer\"><br \/>Lineamientos para la Reactivaci\u00f3n de Bodas, Eventos Sociales, Congresos y Convenciones<\/a><\/li><br \/>\n<\/ul><\/td>\n<\/tr>\n<tr class=\"row-8\">\n\t<td class=\"column-2\"><\/td><td class=\"column-3\"><h4>Protocolos para la reapertura de destinos en los Pueblos M\u00e1gicos del Estado de Oaxaca<\/h4><br \/>\n<ul><br \/>\n<li><img decoding=\"async\" src=\"https:\/\/www.oaxaca.gob.mx\/sectur\/wp-content\/uploads\/sites\/65\/2020\/06\/iconoo_proto.png\" \/><a href=\"https:\/\/www.oaxaca.gob.mx\/sectur\/wp-content\/uploads\/sites\/65\/2020\/06\/protocolos-I-sol-y-playa.pdf\" target=\"new\" rel=\"noopener noreferrer\">Sol y Playa<\/a><\/li><br \/>\n<li><img decoding=\"async\" src=\"https:\/\/www.oaxaca.gob.mx\/sectur\/wp-content\/uploads\/sites\/65\/2020\/06\/iconoo_proto.png\" \/><a href=\"https:\/\/www.oaxaca.gob.mx\/sectur\/wp-content\/uploads\/sites\/65\/2020\/06\/protocolos-II-Gui\u0301as-de-turistas.pdf\" target=\"new\" rel=\"noopener noreferrer\">Gu\u00edas de Tur\u00edstas<\/a><\/li><br \/>\n<li><img decoding=\"async\" src=\"https:\/\/www.oaxaca.gob.mx\/sectur\/wp-content\/uploads\/sites\/65\/2020\/06\/iconoo_proto.png\" \/><a href=\"https:\/\/www.oaxaca.gob.mx\/sectur\/wp-content\/uploads\/sites\/65\/2020\/06\/protocolos-VI-Transporte.pdf\" target=\"new\" rel=\"noopener noreferrer\">Transporte<\/a><\/li><br \/>\n<\/ul><\/td><td class=\"column-4\"><br \/>\n<ul><br \/>\n<li><img decoding=\"async\" src=\"https:\/\/www.oaxaca.gob.mx\/sectur\/wp-content\/uploads\/sites\/65\/2020\/06\/iconoo_proto.png\" \/><a href=\"https:\/\/www.oaxaca.gob.mx\/sectur\/wp-content\/uploads\/sites\/65\/2020\/06\/protocolos-III-Hotes.pdf\" target=\"new\" rel=\"noopener noreferrer\">Hoteles<\/a><\/li><br \/>\n<li><img decoding=\"async\" src=\"https:\/\/www.oaxaca.gob.mx\/sectur\/wp-content\/uploads\/sites\/65\/2020\/06\/iconoo_proto.png\" \/><a href=\"https:\/\/www.oaxaca.gob.mx\/sectur\/wp-content\/uploads\/sites\/65\/2020\/06\/protocolos-IV-Museos.pdf\" target=\"new\" rel=\"noopener noreferrer\">Museos<\/a><\/li><br \/>\n<li><img decoding=\"async\" src=\"https:\/\/www.oaxaca.gob.mx\/sectur\/wp-content\/uploads\/sites\/65\/2020\/06\/iconoo_proto.png\" \/><a href=\"https:\/\/www.oaxaca.gob.mx\/sectur\/wp-content\/uploads\/sites\/65\/2020\/08\/Protocolo-TN-COVID-19-13072020-VF.pdf\" target=\"new\" rel=\"noopener noreferrer\">Turismo de Naturaleza<\/a><\/li><br \/>\n<\/ul><\/td>\n<\/tr>\n<tr class=\"row-9\">\n\t<td class=\"column-2\"><\/td><td class=\"column-3\"><\/td><td class=\"column-4\"><\/td>\n<\/tr>\n<\/tbody>\n<\/table>\n<!-- #tablepress-8 from cache --><\/div>\n<div id=\"nav_dos\" class=\"tab-pane fade\" role=\"tabpanel\" aria-labelledby=\"nav_tab_dos\">\n<div class=\"fondo\"><\/div>\n\n<table id=\"tablepress-7\" class=\"tablepress tablepress-id-7 tbody-has-connected-cells\">\n<tbody class=\"row-striping row-hover\">\n<tr class=\"row-1\">\n\t<td class=\"column-1\"><\/td><td class=\"column-2\"><\/td><td class=\"column-3\"><\/td>\n<\/tr>\n<tr class=\"row-2\">\n\t<td rowspan=\"5\" class=\"column-1\"><img loading=\"lazy\" decoding=\"async\" src=\"https:\/\/www.oaxaca.gob.mx\/sectur\/wp-content\/uploads\/sites\/65\/2020\/05\/fotoPROFESIONALIZACION-300x276.png\" alt=\"\" width=\"300\" height=\"276\" class=\"alignnone size-medium wp-image-5229\" srcset=\"https:\/\/www.oaxaca.gob.mx\/sectur\/wp-content\/uploads\/sites\/65\/2020\/05\/fotoPROFESIONALIZACION-300x276.png 300w, https:\/\/www.oaxaca.gob.mx\/sectur\/wp-content\/uploads\/sites\/65\/2020\/05\/fotoPROFESIONALIZACION.png 456w\" sizes=\"auto, (max-width: 300px) 100vw, 300px\" \/><\/td><td class=\"column-2\"><\/td><td class=\"column-3\"><\/td>\n<\/tr>\n<tr class=\"row-3\">\n\t<td colspan=\"2\" class=\"column-2\"><font color=\"#477771\" size=\"16px\">PROFESIONALIZACI\u00d3N<\/font><\/td>\n<\/tr>\n<tr class=\"row-4\">\n\t<td class=\"column-2\"><img loading=\"lazy\" decoding=\"async\" src=\"https:\/\/www.oaxaca.gob.mx\/sectur\/wp-content\/uploads\/sites\/65\/2020\/05\/icono-20CURSOS.png\" alt=\"\" width=\"147\" height=\"145\" class=\"alignnone size-full wp-image-5233\" \/><\/td><td class=\"column-3\">20 cursos en l\u00ednea dirigidos al sector<\/td>\n<\/tr>\n<tr class=\"row-5\">\n\t<td class=\"column-2\"><img loading=\"lazy\" decoding=\"async\" src=\"https:\/\/www.oaxaca.gob.mx\/sectur\/wp-content\/uploads\/sites\/65\/2020\/05\/icono-2CAPACITACION.png\" alt=\"\" width=\"147\" height=\"145\" class=\"alignnone size-full wp-image-5231\" \/><\/td><td class=\"column-3\">Capacitaci\u00f3n a Embajadores Tur\u00edsticos <\/td>\n<\/tr>\n<tr class=\"row-6\">\n\t<td class=\"column-2\"><img loading=\"lazy\" decoding=\"async\" src=\"https:\/\/www.oaxaca.gob.mx\/sectur\/wp-content\/uploads\/sites\/65\/2020\/05\/icono-3PROGRAMA.png\" alt=\"\" width=\"147\" height=\"145\" class=\"alignnone size-full wp-image-5232\" \/><\/td><td class=\"column-3\">Programa de Capacitaci\u00f3n en L\u00ednea para Gu\u00edas de Turistas<br \/>\n<font color=\"#477771\"><strong>Facilitador:<\/strong><\/font> Instituto de Competitividad Tur\u00edstica (ICTUR)<br \/>\n<font color=\"#477771\"><strong>Plataforma<\/strong><\/font> Universidad Virtual del Estado de Guanajuato (UVEGI).<br \/>\n<font color=\"#477771\"><strong>Oferta<\/strong><\/font> 2 cursos (T\u00e9cnicas de Servicio al Cliente y Desarrollo Sustentable), divididos en 6 grupos.<br \/>\n<font color=\"#477771\"><strong>Dirigidos a<\/strong><\/font> Para gu\u00edas de turistas certificados bajo las NOM-08-TUR-2002 y NOM-09-TUR-2002.<br \/>\n<font color=\"#477771\"><strong>Duraci\u00f3n<\/strong><\/font> 60 Horas de refrendo.<br \/>\n<font color=\"#477771\"><strong>Segmento<\/strong><\/font> 456 Gu\u00edas vigentes al 21 de abril 2020.<br \/>\n<font color=\"#477771\"><strong>Inscritos al 1er Grupo<\/strong><\/font> 48 hasta el 14 de abril. <br \/>\n<font color=\"#477771\"><strong>Inicio del 1er Grupo<\/strong><\/font> lunes 13 de abril.<br \/>\n<\/td>\n<\/tr>\n<\/tbody>\n<\/table>\n<!-- #tablepress-7 from cache -->\n<\/div>\n<div id=\"nav_tres\" class=\"tab-pane fade\" role=\"tabpanel\" aria-labelledby=\"nav_tab_tres\">\n<table id=\"tablepress-9\" class=\"tablepress tablepress-id-9 tbody-has-connected-cells\">\n<tbody class=\"row-striping row-hover\">\n<tr class=\"row-1\">\n\t<td class=\"column-1\"><\/td><td class=\"column-2\"><\/td><td class=\"column-3\"><\/td>\n<\/tr>\n<tr class=\"row-2\">\n\t<td rowspan=\"5\" class=\"column-1\"><img loading=\"lazy\" decoding=\"async\" src=\"https:\/\/www.oaxaca.gob.mx\/sectur\/wp-content\/uploads\/sites\/65\/2020\/05\/fotoAPOYO-300x276.png\" alt=\"\" width=\"300\" height=\"276\" class=\"alignnone size-medium wp-image-5258\" srcset=\"https:\/\/www.oaxaca.gob.mx\/sectur\/wp-content\/uploads\/sites\/65\/2020\/05\/fotoAPOYO-300x276.png 300w, https:\/\/www.oaxaca.gob.mx\/sectur\/wp-content\/uploads\/sites\/65\/2020\/05\/fotoAPOYO.png 456w\" sizes=\"auto, (max-width: 300px) 100vw, 300px\" \/><\/td><td class=\"column-2\"><\/td><td class=\"column-3\"><\/td>\n<\/tr>\n<tr class=\"row-3\">\n\t<td colspan=\"2\" class=\"column-2\"><font color=\"#ff8700\" size=\"9px\">PROGRAMA DE INCENTIVOS Y APOYOS PARA LA ESTABILIDAD ECON\u00d3MICA<\/font><\/td>\n<\/tr>\n<tr class=\"row-4\">\n\t<td class=\"column-2\"><img loading=\"lazy\" decoding=\"async\" src=\"https:\/\/www.oaxaca.gob.mx\/sectur\/wp-content\/uploads\/sites\/65\/2020\/05\/icono1VINCULO.png\" alt=\"\" width=\"147\" height=\"145\" class=\"alignnone size-full wp-image-5260\" \/><\/td><td class=\"column-3\">Revisa los requisitos e inscr\u00edbete en el siguiente link: <br \/>\n<a href=\"https:\/\/www.oaxaca.gob.mx\/se\/planemergente\/\" target=\"new\" rel=\"noopener noreferrer\"><b>https:\/\/www.oaxaca.gob.mx\/se\/planemergente\/<\/b><\/a><\/td>\n<\/tr>\n<tr class=\"row-5\">\n\t<td class=\"column-2\"><img loading=\"lazy\" decoding=\"async\" src=\"https:\/\/www.oaxaca.gob.mx\/sectur\/wp-content\/uploads\/sites\/65\/2020\/05\/icono2ATENCION.png\" alt=\"\" width=\"147\" height=\"145\" class=\"alignnone size-full wp-image-5261\" \/><\/td><td class=\"column-3\">Atenci\u00f3n y canalizaci\u00f3n del sector a los programas de Econom\u00eda<\/td>\n<\/tr>\n<tr class=\"row-6\">\n\t<td class=\"column-2\"><\/td><td class=\"column-3\"><\/td>\n<\/tr>\n<\/tbody>\n<\/table>\n<!-- #tablepress-9 from cache --><\/div>\n<div id=\"nav_cuatro\" class=\"tab-pane fade\" role=\"tabpanel\" aria-labelledby=\"nav_tab_cuatro\">\n<table id=\"tablepress-10\" class=\"tablepress tablepress-id-10 tbody-has-connected-cells\">\n<tbody class=\"row-striping row-hover\">\n<tr class=\"row-1\">\n\t<td class=\"column-1\"><\/td><td class=\"column-2\"><\/td><td class=\"column-3\"><\/td>\n<\/tr>\n<tr class=\"row-2\">\n\t<td rowspan=\"5\" class=\"column-1\"><img loading=\"lazy\" decoding=\"async\" src=\"https:\/\/www.oaxaca.gob.mx\/sectur\/wp-content\/uploads\/sites\/65\/2020\/05\/fotoCAMPAN\u0303E-300x276.png\" alt=\"\" width=\"300\" height=\"276\" class=\"alignnone size-medium wp-image-5266\" srcset=\"https:\/\/www.oaxaca.gob.mx\/sectur\/wp-content\/uploads\/sites\/65\/2020\/05\/fotoCAMPAN\u0303E-300x276.png 300w, https:\/\/www.oaxaca.gob.mx\/sectur\/wp-content\/uploads\/sites\/65\/2020\/05\/fotoCAMPAN\u0303E.png 456w\" sizes=\"auto, (max-width: 300px) 100vw, 300px\" \/><\/td><td class=\"column-2\"><\/td><td class=\"column-3\"><\/td>\n<\/tr>\n<tr class=\"row-3\">\n\t<td colspan=\"2\" class=\"column-2\"><font color=\"#107520\" size=\"14px\">CAMPA\u00d1A \"OAXACA VIVE EN T\u00cd\"<\/font><\/td>\n<\/tr>\n<tr class=\"row-4\">\n\t<td class=\"column-2\"><img loading=\"lazy\" decoding=\"async\" src=\"https:\/\/www.oaxaca.gob.mx\/sectur\/wp-content\/uploads\/sites\/65\/2020\/05\/icono1SENSIBILIZAR.png\" alt=\"\" width=\"147\" height=\"145\" class=\"alignnone size-full wp-image-5268\" \/><\/td><td class=\"column-3\">Con el objetivo que los visitantes y operadores tur\u00edsticos sigan teniendo a Oaxaca como opci\u00f3n de viaje se realiza la promoci\u00f3n del Estado en diferentes sesiones<\/td>\n<\/tr>\n<tr class=\"row-5\">\n\t<td class=\"column-2\"><img loading=\"lazy\" decoding=\"async\" src=\"https:\/\/www.oaxaca.gob.mx\/sectur\/wp-content\/uploads\/sites\/65\/2020\/05\/icono1CAMPAN\u0303A.png\" alt=\"\" width=\"147\" height=\"145\" class=\"alignnone size-full wp-image-5267\" \/><\/td><td class=\"column-3\">En esta campa\u00f1a se dar\u00e1 promoci\u00f3n de los 3 principales destinos tur\u00edsticos de la entidad as\u00ed Pueblos M\u00e1gicos, comunidades y rutas tur\u00edsticas<\/td>\n<\/tr>\n<tr class=\"row-6\">\n\t<td class=\"column-2\"><img loading=\"lazy\" decoding=\"async\" src=\"https:\/\/www.oaxaca.gob.mx\/sectur\/wp-content\/uploads\/sites\/65\/2020\/05\/icono3ETAPAS.png\" alt=\"\" width=\"147\" height=\"145\" class=\"alignnone size-full wp-image-5269\" \/><\/td><td class=\"column-3\">Se desarrolla en 3 etapas: Sensibilizaci\u00f3n, Promoci\u00f3n y Reactivaci\u00f3n<\/td>\n<\/tr>\n<\/tbody>\n<\/table>\n<!-- #tablepress-10 from cache --><\/div>\n<div id=\"nav_cinco\" class=\"tab-pane fade\" role=\"tabpanel\" aria-labelledby=\"nav_tab_cinco\">\n\n<table id=\"tablepress-11\" class=\"tablepress tablepress-id-11 tbody-has-connected-cells\">\n<tbody class=\"row-striping row-hover\">\n<tr class=\"row-1\">\n\t<td class=\"column-1\"><\/td><td class=\"column-2\"><\/td><td class=\"column-3\"><\/td>\n<\/tr>\n<tr class=\"row-2\">\n\t<td rowspan=\"5\" class=\"column-1\"><img loading=\"lazy\" decoding=\"async\" src=\"https:\/\/www.oaxaca.gob.mx\/sectur\/wp-content\/uploads\/sites\/65\/2020\/05\/fotoIMPLEMENTACION-copia-300x276.png\" alt=\"\" width=\"300\" height=\"276\" class=\"alignnone size-medium wp-image-5276\" srcset=\"https:\/\/www.oaxaca.gob.mx\/sectur\/wp-content\/uploads\/sites\/65\/2020\/05\/fotoIMPLEMENTACION-copia-300x276.png 300w, https:\/\/www.oaxaca.gob.mx\/sectur\/wp-content\/uploads\/sites\/65\/2020\/05\/fotoIMPLEMENTACION-copia.png 456w\" sizes=\"auto, (max-width: 300px) 100vw, 300px\" \/><\/td><td class=\"column-2\"><\/td><td class=\"column-3\"><\/td>\n<\/tr>\n<tr class=\"row-3\">\n\t<td colspan=\"2\" class=\"column-2\"><font color=\"#0666b5\" size=\"16px\">ATENCI\u00d3N A LA CIUDADAN\u00cdA<\/font><\/td>\n<\/tr>\n<tr class=\"row-4\">\n\t<td class=\"column-2\"><img loading=\"lazy\" decoding=\"async\" src=\"https:\/\/www.oaxaca.gob.mx\/sectur\/wp-content\/uploads\/sites\/65\/2020\/05\/icono1RECEPCION.png\" alt=\"\" width=\"147\" height=\"145\" class=\"alignnone size-full wp-image-5277\" \/><\/td><td class=\"column-3\">Recepci\u00f3n de documentaci\u00f3n v\u00eda correo electr\u00f3nico oficial<\/td>\n<\/tr>\n<tr class=\"row-5\">\n\t<td class=\"column-2\"><img loading=\"lazy\" decoding=\"async\" src=\"https:\/\/www.oaxaca.gob.mx\/sectur\/wp-content\/uploads\/sites\/65\/2020\/05\/icono2TRAMITE.png\" alt=\"\" width=\"147\" height=\"145\" class=\"alignnone size-full wp-image-5278\" \/><\/td><td class=\"column-3\">Tr\u00e1mite y turno al interior de la Secretar\u00eda v\u00eda Sistema de Oficial\u00eda<\/td>\n<\/tr>\n<tr class=\"row-6\">\n\t<td class=\"column-2\"><img loading=\"lazy\" decoding=\"async\" src=\"https:\/\/www.oaxaca.gob.mx\/sectur\/wp-content\/uploads\/sites\/65\/2020\/05\/icono3RESPUESTa.png\" alt=\"\" width=\"147\" height=\"145\" class=\"alignnone size-full wp-image-5279\" \/><\/td><td class=\"column-3\">Respuesta v\u00eda correo electr\u00f3nico<\/td>\n<\/tr>\n<\/tbody>\n<\/table>\n<!-- #tablepress-11 from cache -->\n<h4><\/h4>\n<\/div>\n<\/div>\n<p>&nbsp;<\/p>\n","protected":false},"excerpt":{"rendered":"<p>MATERIALES DE INFORMACI\u00d3N PROFESIONALIZACI\u00d3N APOYO A LA DIFUSI\u00d3N Y ATENCI\u00d3N AL PLAN EMERGENTE PROMOCI\u00d3N ATENCI\u00d3N CIUDADANA &nbsp;<\/p>\n","protected":false},"author":71,"featured_media":5304,"parent":0,"menu_order":0,"comment_status":"closed","ping_status":"closed","template":"","meta":{"episode_type":"","audio_file":"","podmotor_file_id":"","podmotor_episode_id":"","cover_image":"","cover_image_id":"","duration":"","filesize":"","filesize_raw":"","date_recorded":"","explicit":"","block":"","itunes_episode_number":"","itunes_title":"","itunes_season_number":"","itunes_episode_type":"","footnotes":""},"categories":[2,7],"tags":[],"class_list":["post-5221","page","type-page","status-publish","has-post-thumbnail","hentry","category-boletines","category-noticias"],"acf":[],"publishpress_future_action":{"enabled":false,"date":"2026-05-16 00:40:32","action":"change-status","newStatus":"draft","terms":[],"taxonomy":"category","extraData":[]},"publishpress_future_workflow_manual_trigger":{"enabledWorkflows":[]},"_links":{"self":[{"href":"https:\/\/www.oaxaca.gob.mx\/sectur\/wp-json\/wp\/v2\/pages\/5221","targetHints":{"allow":["GET"]}}],"collection":[{"href":"https:\/\/www.oaxaca.gob.mx\/sectur\/wp-json\/wp\/v2\/pages"}],"about":[{"href":"https:\/\/www.oaxaca.gob.mx\/sectur\/wp-json\/wp\/v2\/types\/page"}],"author":[{"embeddable":true,"href":"https:\/\/www.oaxaca.gob.mx\/sectur\/wp-json\/wp\/v2\/users\/71"}],"replies":[{"embeddable":true,"href":"https:\/\/www.oaxaca.gob.mx\/sectur\/wp-json\/wp\/v2\/comments?post=5221"}],"version-history":[{"count":25,"href":"https:\/\/www.oaxaca.gob.mx\/sectur\/wp-json\/wp\/v2\/pages\/5221\/revisions"}],"predecessor-version":[{"id":5386,"href":"https:\/\/www.oaxaca.gob.mx\/sectur\/wp-json\/wp\/v2\/pages\/5221\/revisions\/5386"}],"wp:featuredmedia":[{"embeddable":true,"href":"https:\/\/www.oaxaca.gob.mx\/sectur\/wp-json\/wp\/v2\/media\/5304"}],"wp:attachment":[{"href":"https:\/\/www.oaxaca.gob.mx\/sectur\/wp-json\/wp\/v2\/media?parent=5221"}],"wp:term":[{"taxonomy":"category","embeddable":true,"href":"https:\/\/www.oaxaca.gob.mx\/sectur\/wp-json\/wp\/v2\/categories?post=5221"},{"taxonomy":"post_tag","embeddable":true,"href":"https:\/\/www.oaxaca.gob.mx\/sectur\/wp-json\/wp\/v2\/tags?post=5221"}],"curies":[{"name":"wp","href":"https:\/\/api.w.org\/{rel}","templated":true}]}}