{"id":128,"date":"2017-01-19T18:35:03","date_gmt":"2017-01-20T00:35:03","guid":{"rendered":"https:\/\/www.oaxaca.gob.mx\/sectur\/?page_id=128"},"modified":"2024-08-14T11:32:00","modified_gmt":"2024-08-14T17:32:00","slug":"pueblos-magicos","status":"publish","type":"page","link":"https:\/\/www.oaxaca.gob.mx\/sectur\/informacion-de-interes\/pueblos-magicos\/","title":{"rendered":"Pueblos M\u00e1gicos"},"content":{"rendered":"<div class=\"container\">\n<p>&nbsp;<\/p>\n<div class=\"row mt-4\">\n<div class=\"col-lg-12\">\n<div class=\"card-group\">\n<div class=\"card\">\n<p><img decoding=\"async\" class=\"card-img-top\" src=\"https:\/\/www.oaxaca.gob.mx\/sectur\/wp-content\/uploads\/sites\/65\/2024\/08\/MITLA-pueblomagico.png\" alt=\"Card image cap\" \/><\/p>\n<div class=\"card-body\">\n<p class=\"card-text text-center\">Abre tu coraz\u00f3n y as\u00f3mate al esplendor del pasado.<\/p>\n<\/div>\n<div class=\"card-footer text-center\"><a class=\"btn btn-morado\" role=\"button\" href=\"\/wp-content\/uploads\/sites\/65\/2019\/10\/MITLA.pdf\" target=\"_blank\" rel=\"noopener noreferrer\">Ver Folleto<\/a><\/div>\n<\/div>\n<div class=\"card\">\n<p><img decoding=\"async\" class=\"card-img-top\" src=\"https:\/\/www.oaxaca.gob.mx\/sectur\/wp-content\/uploads\/sites\/65\/2024\/08\/Capulalpam-pueblo-magico.png\" alt=\"Card image cap\" \/><\/p>\n<div class=\"card-body\">\n<p class=\"card-text text-center\">Armon\u00eda y fusi\u00f3n de lo sagrado con lo cotidiano.Turismo Rural de Calidad Internacional<\/p>\n<\/div>\n<div class=\"card-footer text-center\">\n<a class=\"btn btn-morado\" role=\"button\" href=\"\/wp-content\/uploads\/sites\/65\/2019\/10\/CAPULALPAM.pdf\" target=\"_blank\" rel=\"noopener noreferrer\">Ver Folleto<\/a><\/div>\n<\/div>\n<div class=\"card\">\n<p><img decoding=\"async\" class=\"card-img-top\" src=\"https:\/\/www.oaxaca.gob.mx\/sectur\/wp-content\/uploads\/sites\/65\/2024\/08\/Mazunte-pueblo-magico.png\" alt=\"Card image cap\" \/><\/p>\n<div class=\"card-body\">\n<p class=\"card-text text-center\">Un rinc\u00f3n m\u00e1gico, donde el tiempo no transcurre.<\/p>\n<\/div>\n<div class=\"card-footer text-center\"><a class=\"btn btn-morado\" role=\"button\" href=\"\/wp-content\/uploads\/sites\/65\/2019\/10\/MAZUNTE.pdf\" target=\"_blank\" rel=\"noopener noreferrer\">Ver Folleto<\/a><\/div>\n<\/div>\n<div class=\"card\">\n<p><img decoding=\"async\" class=\"card-img-top\" src=\"https:\/\/www.oaxaca.gob.mx\/sectur\/wp-content\/uploads\/sites\/65\/2024\/08\/TEPOSCOLULA-pueblomagico.png\" alt=\"Card image cap\" \/><\/p>\n<div class=\"card-body\">\n<p class=\"card-text text-center\">Un mundo de m\u00e1gica diversidad e intensidad.<\/p>\n<\/div>\n<div class=\"card-footer text-center\"><a class=\"btn btn-morado\" role=\"button\" href=\"\/wp-content\/uploads\/sites\/65\/2019\/10\/TEPOSCOLULA.pdf\" target=\"_blank\" rel=\"noopener noreferrer\">Ver Folleto<\/a><\/div>\n<\/div>\n<div class=\"card\">\n<p><img decoding=\"async\" class=\"card-img-top\" src=\"https:\/\/www.oaxaca.gob.mx\/sectur\/wp-content\/uploads\/sites\/65\/2024\/08\/HUAUTLA-pueblomagico.png\" alt=\"Card image cap\" \/><\/p>\n<div class=\"card-body\">\n<p class=\"card-text text-center\">Conoce otra forma de ver y entender el mundo.<\/p>\n<\/div>\n<div class=\"card-footer text-center\"><a class=\"btn btn-morado\" role=\"button\" href=\"\/wp-content\/uploads\/sites\/65\/2019\/10\/HUAUTLA.pdf\" target=\"_blank\" rel=\"noopener noreferrer\">Ver Folleto<\/a><\/div>\n<\/div>\n<div class=\"card\">\n<p><img decoding=\"async\" class=\"card-img-top\" src=\"https:\/\/www.oaxaca.gob.mx\/sectur\/wp-content\/uploads\/sites\/65\/2024\/08\/Juquila-pueblo-magico.png\" alt=\"Card image cap\" \/><\/p>\n<div class=\"card-body\">\n<p class=\"card-text text-center\">Conoce otra forma de ver y entender el mundo.<\/p>\n<\/div>\n<div class=\"card-footer text-center\"><a class=\"btn btn-morado\" role=\"button\" href=\"https:\/\/www.oaxaca.gob.mx\/sectur\/wp-content\/uploads\/sites\/65\/2024\/08\/Triptico-Juquila-21.pdf\" target=\"_blank\" rel=\"noopener noreferrer\">Ver Folleto<\/a><\/div>\n<\/div>\n<\/div>\n<\/div>\n<\/div>\n<\/div>\n","protected":false},"excerpt":{"rendered":"<p>&nbsp; Abre tu coraz\u00f3n y as\u00f3mate al esplendor del pasado. Ver Folleto Armon\u00eda y fusi\u00f3n de lo sagrado con lo cotidiano.Turismo Rural de Calidad Internacional Ver Folleto Un rinc\u00f3n m\u00e1gico, donde el tiempo no transcurre. Ver Folleto Un mundo de m\u00e1gica diversidad e intensidad. Ver Folleto Conoce otra forma de ver y entender el mundo. [&hellip;]<\/p>\n","protected":false},"author":1,"featured_media":2390,"parent":31,"menu_order":0,"comment_status":"closed","ping_status":"closed","template":"","meta":{"episode_type":"","audio_file":"","podmotor_file_id":"","podmotor_episode_id":"","cover_image":"","cover_image_id":"","duration":"","filesize":"","filesize_raw":"","date_recorded":"","explicit":"","block":"","itunes_episode_number":"","itunes_title":"","itunes_season_number":"","itunes_episode_type":"","footnotes":""},"categories":[],"tags":[],"class_list":["post-128","page","type-page","status-publish","has-post-thumbnail","hentry"],"acf":[],"publishpress_future_action":{"enabled":false,"date":"2026-05-11 03:12:01","action":"change-status","newStatus":"draft","terms":[],"taxonomy":"category","extraData":[]},"publishpress_future_workflow_manual_trigger":{"enabledWorkflows":[]},"_links":{"self":[{"href":"https:\/\/www.oaxaca.gob.mx\/sectur\/wp-json\/wp\/v2\/pages\/128","targetHints":{"allow":["GET"]}}],"collection":[{"href":"https:\/\/www.oaxaca.gob.mx\/sectur\/wp-json\/wp\/v2\/pages"}],"about":[{"href":"https:\/\/www.oaxaca.gob.mx\/sectur\/wp-json\/wp\/v2\/types\/page"}],"author":[{"embeddable":true,"href":"https:\/\/www.oaxaca.gob.mx\/sectur\/wp-json\/wp\/v2\/users\/1"}],"replies":[{"embeddable":true,"href":"https:\/\/www.oaxaca.gob.mx\/sectur\/wp-json\/wp\/v2\/comments?post=128"}],"version-history":[{"count":3,"href":"https:\/\/www.oaxaca.gob.mx\/sectur\/wp-json\/wp\/v2\/pages\/128\/revisions"}],"predecessor-version":[{"id":7429,"href":"https:\/\/www.oaxaca.gob.mx\/sectur\/wp-json\/wp\/v2\/pages\/128\/revisions\/7429"}],"up":[{"embeddable":true,"href":"https:\/\/www.oaxaca.gob.mx\/sectur\/wp-json\/wp\/v2\/pages\/31"}],"wp:featuredmedia":[{"embeddable":true,"href":"https:\/\/www.oaxaca.gob.mx\/sectur\/wp-json\/wp\/v2\/media\/2390"}],"wp:attachment":[{"href":"https:\/\/www.oaxaca.gob.mx\/sectur\/wp-json\/wp\/v2\/media?parent=128"}],"wp:term":[{"taxonomy":"category","embeddable":true,"href":"https:\/\/www.oaxaca.gob.mx\/sectur\/wp-json\/wp\/v2\/categories?post=128"},{"taxonomy":"post_tag","embeddable":true,"href":"https:\/\/www.oaxaca.gob.mx\/sectur\/wp-json\/wp\/v2\/tags?post=128"}],"curies":[{"name":"wp","href":"https:\/\/api.w.org\/{rel}","templated":true}]}}