{"id":5951,"date":"2019-06-14T15:44:53","date_gmt":"2019-06-14T13:44:53","guid":{"rendered":"https:\/\/www.oaxaca.gob.mx\/sedesoh\/?page_id=5951"},"modified":"2022-03-28T13:54:13","modified_gmt":"2022-03-28T19:54:13","slug":"tramites-y-servicios","status":"publish","type":"page","link":"https:\/\/www.oaxaca.gob.mx\/sebienti\/tramites-y-servicios\/","title":{"rendered":"Tr\u00e1mites y Servicios"},"content":{"rendered":"<p>&nbsp;<\/p>\n<div class=\"btn-toolbar\" style=\"margin-bottom: 50px\" role=\"toolbar\" aria-label=\"Toolbar with button groups\">\n<div class=\"btn-group mr-2\" role=\"group\" aria-label=\"First group\"><a class=\"btn btn-morado\" href=\"https:\/\/padronbeneficiarios.oaxaca.gob.mx\/publico\/reglasoperacion\" target=\"_blank\" rel=\"noopener noreferrer\">Reglas de Operaci\u00f3n<\/a><\/div>\n<div class=\"btn-group mr-2\" role=\"group\" aria-label=\"Second group\"><a class=\"btn btn-morado\" href=\"https:\/\/padronbeneficiarios.oaxaca.gob.mx\/publico\/programas\" target=\"_blank\" rel=\"noopener noreferrer\">Cat\u00e1logo de Programas y Apoyos Sociales<\/a><\/div>\n<div class=\"btn-group mr-2\" role=\"group\" aria-label=\"Third group\"><a class=\"btn btn-morado\" href=\"https:\/\/sostenible.oaxaca.gob.mx\/informacion\/accionesDesarrollo\" target=\"_blank\" rel=\"noopener noreferrer\">Convocatorias<\/a><\/div>\n<div class=\"btn-group\" role=\"group\" aria-label=\"Fourth group\"><a class=\"btn btn-morado\" href=\"\/sedesoh\/evaluaciones-2\" rel=\"noopener noreferrer\">Evaluaciones<\/a><\/div>\n<\/div>\n<hr \/>\n<p style=\"text-align: center\"><a href=\"\/sedesoh\/wp-content\/uploads\/sites\/30\/2017\/05\/Credito-Palabra-de-Mujer.jpeg\"><img loading=\"lazy\" decoding=\"async\" class=\"alignnone wp-image-2320 size-large\" src=\"\/sedesoh\/wp-content\/uploads\/sites\/30\/2017\/05\/Credito-Palabra-de-Mujer-1024x414.jpeg\" alt=\"\" width=\"1024\" height=\"414\" srcset=\"https:\/\/www.oaxaca.gob.mx\/sebienti\/wp-content\/uploads\/sites\/30\/2017\/05\/Credito-Palabra-de-Mujer-1024x414.jpeg 1024w, https:\/\/www.oaxaca.gob.mx\/sebienti\/wp-content\/uploads\/sites\/30\/2017\/05\/Credito-Palabra-de-Mujer-300x121.jpeg 300w, https:\/\/www.oaxaca.gob.mx\/sebienti\/wp-content\/uploads\/sites\/30\/2017\/05\/Credito-Palabra-de-Mujer-768x310.jpeg 768w, https:\/\/www.oaxaca.gob.mx\/sebienti\/wp-content\/uploads\/sites\/30\/2017\/05\/Credito-Palabra-de-Mujer.jpeg 1114w\" sizes=\"auto, (max-width: 1024px) 100vw, 1024px\" \/><\/a><\/p>\n<p><strong>CREDITO A LA PALABRA DE MUJER<\/strong><\/p>\n<p>&nbsp;<\/p>\n<p>El programa de Cr\u00e9dito a la Palabra de la Mujer busca contribuir al incremento de la poblaci\u00f3n femenina econ\u00f3micamente activa en el estado de Oaxaca.<\/p>\n<p>El programa est\u00e1 dirigido a emprendedoras y microempresarias de 18 a\u00f1os a 65 a\u00f1os cumplidos, con bajos ingresos familiares, sin acceso al financiamiento de la banca comercial, que deseen iniciar o fortalecer actividades productivas en el estado.<\/p>\n<p>El apoyo es un microcre\u0301dito durante la vigencia del contrato correspondiente.<\/p>\n<p>Beneficiarios: Cerca de mil microcr\u00e9ditos al a\u00f1o<\/p>\n<p><em><strong><a href=\"\/sedesoh\/wp-content\/uploads\/sites\/30\/2017\/05\/CONVOCATORIA.pdf\">Convocatoria Palabra de Mujer.<\/a><\/strong><\/em><\/p>\n<p>Contacto: Carretera Oaxaca-Istmo km. 11.5, Edificio 5, Nivel 2, C.P. 682170, Tlalixtac de Cabrera, Oax.<\/p>\n<p style=\"text-align: left\">Tel: (951) 501 5000 Ext. 12505, 12502, 12501<\/p>\n<hr \/>\n<p style=\"text-align: center\"><a href=\"\/sedesoh\/wp-content\/uploads\/sites\/30\/2017\/05\/Utiles-y-Uniformes.jpeg\"><img loading=\"lazy\" decoding=\"async\" class=\"alignnone wp-image-2322 size-large\" src=\"\/sedesoh\/wp-content\/uploads\/sites\/30\/2017\/05\/Utiles-y-Uniformes-1024x414.jpeg\" alt=\"\" width=\"1024\" height=\"414\" srcset=\"https:\/\/www.oaxaca.gob.mx\/sebienti\/wp-content\/uploads\/sites\/30\/2017\/05\/Utiles-y-Uniformes-1024x414.jpeg 1024w, https:\/\/www.oaxaca.gob.mx\/sebienti\/wp-content\/uploads\/sites\/30\/2017\/05\/Utiles-y-Uniformes-300x121.jpeg 300w, https:\/\/www.oaxaca.gob.mx\/sebienti\/wp-content\/uploads\/sites\/30\/2017\/05\/Utiles-y-Uniformes-768x310.jpeg 768w, https:\/\/www.oaxaca.gob.mx\/sebienti\/wp-content\/uploads\/sites\/30\/2017\/05\/Utiles-y-Uniformes.jpeg 1114w\" sizes=\"auto, (max-width: 1024px) 100vw, 1024px\" \/><\/a><\/p>\n<p>&nbsp;<\/p>\n<p><strong>UNIFORMES Y UTILES ESCOLARES<\/strong><\/p>\n<p>Es un programa de dotaci\u00f3n gratuita de uniformes y \u00fatiles escolares a los alumnos de educaci\u00f3n b\u00e1sica en escuelas p\u00fablicas del Estado de Oaxaca que busca mejorar las condiciones escolares de los alumnos que cursan la educaci\u00f3n b\u00e1sica.<\/p>\n<p>El programa est\u00e1 dirigido a alumnos de las escuelas p\u00fablicas\u00a0 en los niveles preescolar, primaria y secundaria.<\/p>\n<p>Los apoyos son paquete de 2 juegos de\u00a0 uniformes escolares o vales canjeables por\u00a0 uniformes\u00a0\u00a0 y un paquete de \u00fatiles escolares por cada ciclo escolar.<\/p>\n<p>Beneficiarios: 975 mil ni\u00f1os del estado<\/p>\n<p>Contacto: Camino antiguo a San Felipe del Agua No. 219. Oaxaca de Ju\u00e1rez, Oax.<\/p>\n<p>Tel: (951) 6 88 18 92<\/p>\n","protected":false},"excerpt":{"rendered":"<p>&nbsp; Reglas de Operaci\u00f3n Cat\u00e1logo de Programas y Apoyos Sociales Convocatorias Evaluaciones CREDITO A LA PALABRA DE MUJER &nbsp; El programa de Cr\u00e9dito a la Palabra de la Mujer busca contribuir al incremento de la poblaci\u00f3n femenina econ\u00f3micamente activa en el estado de Oaxaca. El programa est\u00e1 dirigido a emprendedoras y microempresarias de 18 a\u00f1os [&hellip;]<\/p>\n","protected":false},"author":1,"featured_media":0,"parent":0,"menu_order":0,"comment_status":"closed","ping_status":"closed","template":"","meta":{"episode_type":"","audio_file":"","podmotor_file_id":"","podmotor_episode_id":"","cover_image":"","cover_image_id":"","duration":"","filesize":"","filesize_raw":"","date_recorded":"","explicit":"","block":"","itunes_episode_number":"","itunes_title":"","itunes_season_number":"","itunes_episode_type":"","footnotes":""},"categories":[],"tags":[],"class_list":["post-5951","page","type-page","status-publish","hentry"],"acf":[],"publishpress_future_action":{"enabled":false,"date":"2026-05-16 04:14:36","action":"change-status","newStatus":"draft","terms":[],"taxonomy":"category","extraData":[]},"publishpress_future_workflow_manual_trigger":{"enabledWorkflows":[]},"_links":{"self":[{"href":"https:\/\/www.oaxaca.gob.mx\/sebienti\/wp-json\/wp\/v2\/pages\/5951","targetHints":{"allow":["GET"]}}],"collection":[{"href":"https:\/\/www.oaxaca.gob.mx\/sebienti\/wp-json\/wp\/v2\/pages"}],"about":[{"href":"https:\/\/www.oaxaca.gob.mx\/sebienti\/wp-json\/wp\/v2\/types\/page"}],"author":[{"embeddable":true,"href":"https:\/\/www.oaxaca.gob.mx\/sebienti\/wp-json\/wp\/v2\/users\/1"}],"replies":[{"embeddable":true,"href":"https:\/\/www.oaxaca.gob.mx\/sebienti\/wp-json\/wp\/v2\/comments?post=5951"}],"version-history":[{"count":3,"href":"https:\/\/www.oaxaca.gob.mx\/sebienti\/wp-json\/wp\/v2\/pages\/5951\/revisions"}],"predecessor-version":[{"id":7711,"href":"https:\/\/www.oaxaca.gob.mx\/sebienti\/wp-json\/wp\/v2\/pages\/5951\/revisions\/7711"}],"wp:attachment":[{"href":"https:\/\/www.oaxaca.gob.mx\/sebienti\/wp-json\/wp\/v2\/media?parent=5951"}],"wp:term":[{"taxonomy":"category","embeddable":true,"href":"https:\/\/www.oaxaca.gob.mx\/sebienti\/wp-json\/wp\/v2\/categories?post=5951"},{"taxonomy":"post_tag","embeddable":true,"href":"https:\/\/www.oaxaca.gob.mx\/sebienti\/wp-json\/wp\/v2\/tags?post=5951"}],"curies":[{"name":"wp","href":"https:\/\/api.w.org\/{rel}","templated":true}]}}