{"id":4478,"date":"2018-11-14T18:49:10","date_gmt":"2018-11-14T18:49:10","guid":{"rendered":"https:\/\/www.oaxaca.gob.mx\/sedesoh\/?page_id=4478"},"modified":"2018-11-14T18:49:10","modified_gmt":"2018-11-14T18:49:10","slug":"formatos","status":"publish","type":"page","link":"https:\/\/www.oaxaca.gob.mx\/sebienti\/formatos\/","title":{"rendered":"Formatos"},"content":{"rendered":"<h1 style=\"text-align: center\"><strong>Atenci\u00f3n a Solicitudes de Acceso a la Informaci\u00f3n.<\/strong><\/h1>\n<p><strong>DESCRIPCI\u00d3N DEL TR\u00c1MITE<\/strong><\/p>\n<p>Recibir y dar tr\u00e1mite a las solicitudes de acceso a la informaci\u00f3n, as\u00ed como darle seguimiento hasta la entrega de la respuesta al solicitante.<\/p>\n<p>&nbsp;<\/p>\n<p><strong>TIPO DE USUARIO<\/strong><\/p>\n<p>Cualquier persona, por s\u00ed o por medio de su representante.<\/p>\n<p>&nbsp;<\/p>\n<p><strong>REQUISITOS<\/strong><\/p>\n<ol>\n<li>La solicitud de acceso a la informaci\u00f3n se puede presentar de las siguientes formas:<\/li>\n<\/ol>\n<ol>\n<li><strong>a) V\u00eda electr\u00f3nica<\/strong>. Entrar a la p\u00e1gina\u00a0<u><a href=\"http:\/\/oaxaca.infomex.org.mx\/\">http:\/\/oaxaca.infomex.org.mx\/<\/a><\/u> .<\/li>\n<li><strong>b) Mediante escrito libre.<\/strong> Describir la informaci\u00f3n que se quiere conocer, la forma en que quiere que se le entregue, indicando el domicilio o medio a trav\u00e9s del cual desea recibir sus notificaciones y, si lo desea, su nombre o datos de su representante y cualquier otro dato que facilite su localizaci\u00f3n para entregar respuesta a la solicitud.<\/li>\n<li><strong>c) Formato<\/strong>. Descargar, imprimir y requisitar el siguiente formato <strong><u>IAIP<\/u>, <\/strong>y una vez requisitado, presentar el formato ante la Unidad de Transparencia de esta Dependencia, ubicada en Ciudad Administrativa Edificio 5, \u201cPorfirio D\u00edaz\u201d segundo nivel. Carretera Oaxaca- Istmo Km. 11.5 Tlalixtac de Cabrera, Oaxaca. C.P. 68270. O bien acudir ante la Unidad de Transparencia donde tambi\u00e9n pueden proporcionarle el formato y apoyarle en su llenado.<\/li>\n<li><strong>d) Verbalmente<\/strong>. Acudir a la Unidad de Transparencia de esta Dependencia ubicada en Ciudad Administrativa Edificio 5, \u201cPorfirio D\u00edaz\u201d, segundo nivel. Carretera Oaxaca \u2013 Istmo km. 11.5 Tlalixtac de Cabrera, Oaxaca C.P. 68270, y realizar la solicitud de viva voz.<\/li>\n<\/ol>\n<p>&nbsp;<\/p>\n<p>Los requisitos de las solicitudes de acceso a la informaci\u00f3n deber\u00e1n contener los siguientes datos:<\/p>\n<p>&nbsp;<\/p>\n<ol>\n<li>Los datos de identificaci\u00f3n del sujeto obligado a quien se dirija.<\/li>\n<li>La descripci\u00f3n del o de los documentos o la informaci\u00f3n que solicita;<\/li>\n<li>El lugar o medio para recibir la informaci\u00f3n y las notificaciones. En el caso de que el solicitante no se\u00f1ale lugar o medio para recibir la informaci\u00f3n y las notificaciones, \u00e9stas se realizar\u00e1n por lista que se fije en los estrados de la Unidad de Transparencia del sujeto obligado que corresponda, y<\/li>\n<li>La modalidad en la que se prefiere se otorgue la informaci\u00f3n,, la cual podr\u00e1 ser verbal, siempre y cuando sea para fines de orientaci\u00f3n consulta directa, copias simples certificadas, reproducci\u00f3n digitalizada u otro tipo de medio electr\u00f3nico, previo el pago de derechos que en su caso proceda.<\/li>\n<\/ol>\n<p>&nbsp;<\/p>\n<p><strong>TIEMPO DE RESPUESTA<\/strong><\/p>\n<p>La respuesta a una solicitud de acceso a la informaci\u00f3n, deber\u00e1 ser notificada en el menor tiempo posible, dicho plazo no podr\u00e1 exceder de quince d\u00edas contados a partir del d\u00eda siguiente a la presentaci\u00f3n de la solicitud, excepcionalmente el plazo podr\u00e1 ampliarse a diez d\u00edas m\u00e1s cuando existan razones que lo motiven.<\/p>\n<p>&nbsp;<\/p>\n<p><strong>COSTO<\/strong><\/p>\n<p>Las solicitudes de acceso a la informaci\u00f3n, ser\u00e1n gratuitas. Cuando soliciten copias certificadas o materiales de reproducci\u00f3n le generar\u00e1n un costo el cual se encuentra fijado en las leyes respectivas de conformidad con el art\u00edculo 22 cap\u00edtulo primero de la Ley Estatal de Derechos del Estado de Oaxaca.<\/p>\n<p><strong><br \/>\nDOCUMENTO A OBTENER<\/strong><\/p>\n<p>Oficio de respuesta a su solicitud de acceso a la informaci\u00f3n<\/p>\n<p><strong><br \/>\nEN DONDE LLEVO ACABO MI TR\u00c1MITE<\/strong><\/p>\n<p>En Ciudad Administrativa, Edificio 5 \u201cPorfirio Diaz\u201d, segundo nivel. Carretera Oaxaca \u2013 Istmo km. 11.5 Tlalixtac de Cabrera, Oaxaca. C.P. 68250<\/p>\n<p>&nbsp;<\/p>\n<p><strong>D\u00cdAS Y HORARIOS DE ATENCI\u00d3N<\/strong><\/p>\n<p>Lunes a Viernes de 09:00 \u2013 15:00 horas<\/p>\n<p>&nbsp;<\/p>\n<p><strong>\u00c1REA DONDE SE PROPORCIONA EL TR\u00c1MITE<\/strong><\/p>\n<p>En la Unidad Jur\u00eddica (Unidad de Transparencia).<\/p>\n<p><strong><br \/>\nNOMBRE DEL RESPONSABLE DEL \u00c1REA\u00a0DONDE SE LLEVA ACABO EL TR\u00c1MITE<\/strong><\/p>\n<p>Lic. Mar\u00eda Norma Canseco Castellanos<\/p>\n<p>Titular de la Unidad Jur\u00eddica y Responsable de la Unidad de Transparencia<\/p>\n<p><strong><br \/>\nDUDAS Y SUGERENCIAS<\/strong><\/p>\n<p>01 (951) 50 15000 Ext. 12507 y 12508<\/p>\n<p>Email: <a href=\"mailto:transparenciasedesoh@oaxaca.gob.mx\">transparenciasedesoh@oaxaca.gob.mx<\/a><\/p>\n<p><strong><br \/>\nFUNDAMENTOS JUR\u00cdDICOS QUE RIGEN ESTE TR\u00c1MITE<\/strong><\/p>\n<p>Constituci\u00f3n Pol\u00edtica del Estado Libre y Soberano de Oaxaca. \u201cLey General de Responsabilidades Administrativas. \u201cLey Org\u00e1nica del Poder Ejecutivo del Estado. \u201cLey General de Transparencia y Acceso a la Informaci\u00f3n P\u00fablica\u201d. \u201cLey de Transparencia y Acceso a la Informaci\u00f3n P\u00fablica para el Estado de Oaxaca\u201d. \u201cLey General de Protecci\u00f3n de Datos Personales en Posesi\u00f3n de Sujetos Obligados\u201d. \u201cLey de Protecci\u00f3n de Datos Personales en Posesi\u00f3n de Sujetos Obligados del Estado de Oaxaca\u201d. \u201cLey de Justicia Administrativa para el Estado de Oaxaca\u201d. \u201cC\u00f3digo de Procedimientos Civiles para el Estado de Oaxaca\u201d. \u201cReglamento Interno de la Secretar\u00eda de Desarrollo Social y Humano del Poder Ejecutivo del Estado de Oaxaca.<\/p>\n<div class=\"icon-wrapper\"><a href=\"\/sedesoh\/wp-content\/uploads\/2018\/11\/FORMATO-SOLICITUD-DE-INFORMACI\u00d3N-2018.pdf\"><button class=\"btn btn-danger pointer\" style=\"background-color: #0e803d;border-color: #ffffff\" title=\"\">DESCARGA FORMATO SOLICITUD DE INFORMACI\u00d3N 2018<br \/>\n<\/button><\/a><\/div>\n<p>&nbsp;<\/p>\n<h1 style=\"text-align: center\"><strong>Atenci\u00f3n a Solicitudes de Acceso, Rectificaci\u00f3n, Cancelaci\u00f3n y Oposici\u00f3n de Datos Personales<\/strong><\/h1>\n<p><strong>DESCRIPCI\u00d3N DEL TR\u00c1MITE<\/strong><\/p>\n<p>Recibir las solicitudes de Acceso, Rectificaci\u00f3n, Cancelaci\u00f3n y Oposici\u00f3n de Datos Personales, con la finalidad de acceder a la informaci\u00f3n personal, rectificar alg\u00fan dato privado, cancelar informaci\u00f3n personal y\/u oponerse a la modificaci\u00f3n o tratamiento de sus datos personales.<\/p>\n<p>&nbsp;<\/p>\n<p><strong>TIPO DE USUARIO<\/strong><\/p>\n<p>El Titular de los Datos Personales, o su representante legal.<\/p>\n<p>&nbsp;<\/p>\n<p><strong>REQUISITOS<\/strong><\/p>\n<p>Para poder presentar una solicitud de Derechos ARCO, se presentaran de la siguiente forma: mediante escrito libre, en formato y v\u00eda electr\u00f3nica, para el caso de escrito libre y\/o formato se deber\u00e1 descargar esta <strong>solicitud, <\/strong>la cual se presentara directamente en la Unidad de Transparencia y, para el caso de v\u00eda electr\u00f3nica, enviando una solicitud al correo electr\u00f3nico <a href=\"mailto:transparenciasedesoh@oaxaca.gob.mx\">transparenciasedesoh@oaxaca.gob.mx<\/a><\/p>\n<p>Deber\u00e1 de cumplir con los siguientes requisitos:<\/p>\n<p>I.- El nombre del responsable a quien se dirige y de ser posible, el \u00e1rea responsable que trata los datos personales.<\/p>\n<p>II.- Nombre del solicitante Titular de la informaci\u00f3n y del representante legal, en su caso.<\/p>\n<p>III.- Domicilio o cualquier otro medio para recibir notificaciones.<\/p>\n<p>IV.- Los documentos con los que acredite su identidad y, en su caso, la personalidad e identidad de su representante.<\/p>\n<p>V.- La descripci\u00f3n del derecho ARCO que se pretende ejercer, o bien, lo que solicite el Titular.<\/p>\n<p>VI.- Planteamiento concreto claro y preciso de los datos sobre los que se busca ejercer alguno de los derechos ARCO, salvo que se trate del derecho de acceso.<\/p>\n<p>VII.- Cualquier otro elemento o documento que facilite la localizaci\u00f3n de los datos personales en su caso.<\/p>\n<p>Trat\u00e1ndose de una solicitud de acceso a datos personales el Titular deber\u00e1 se\u00f1alar la modalidad en que prefiere que estos se reproduzcan. El responsable deber\u00e1 atender la solicitud en la modalidad requerida por el Titular, salvo que exista una imposibilidad f\u00edsica o jur\u00eddica que lo limita a reproducir los datos personales en dicha modalidad, en este caso deber\u00e1 ofrecer otras modalidades de entrega de los datos personales fundando y motivando dicha actuaci\u00f3n.<\/p>\n<p>Con relaci\u00f3n a una solicitud de cancelaci\u00f3n, el Titular deber\u00e1 se\u00f1alar las causas que lo motiven a solicitar la suspensi\u00f3n de sus datos personales en los archivos, registros o bases de datos del responsable.<\/p>\n<p>En el caso de la solicitud de oposici\u00f3n, el titular deber\u00e1 manifestar las causas leg\u00edtimas o la situaci\u00f3n espec\u00edfica que lo lleven a solicitar el cese del tratamiento, as\u00ed como el da\u00f1o o perjuicio que la causar\u00eda la persistencia del tratamiento, o en su caso, las finalidades espec\u00edficas respecto de las cuales requiere ejercer el derecho de oposici\u00f3n.<\/p>\n<p><strong>TIEMPO DE RESPUESTA<\/strong><\/p>\n<p>15 d\u00edas h\u00e1biles<\/p>\n<p>&nbsp;<\/p>\n<p><strong>COSTO<\/strong><\/p>\n<p>Las solicitudes de derechos ARCO, ser\u00e1n gratuitas. Cuando soliciten copias certificadas o materiales de reproducci\u00f3n le generaran un costo el cual se encuentra fijado en las leyes respectivas de conformidad con el art\u00edculo 22, capitulo primero de la Ley Estatal de Derechos del Estado de Oaxaca.<\/p>\n<p><strong><br \/>\nDOCUMENTO A OBTENER<\/strong><\/p>\n<p>Un oficio de respuesta a su solicitud de Acceso, Rectificaci\u00f3n, Cancelaci\u00f3n y Oposici\u00f3n de datos Personales (ARCOS).<\/p>\n<p><strong><br \/>\nD\u00cdAS Y HORARIO DE ATENCI\u00d3N<\/strong><\/p>\n<p>Lunes a Viernes de 09:00 \u2013 15:00 Horas<\/p>\n<p><strong><br \/>\nEN DONDE SE LLEVA A CABO EL TR\u00c1MITE<\/strong><\/p>\n<p>Ciudad Administrativa, Edificio 5 \u201cPORFIRIO D\u00cdAZ\u201d, segundo nivel, Carretera Internacional Oaxaca-Istmo, km. 11.5, Tlalixtac de Cabrera, Oaxaca C.P. 68270<\/p>\n<p><strong><br \/>\n\u00c1REA DONDE SE PROPORCIONA EL TR\u00c1MITE<\/strong><\/p>\n<p>En la Unidad Jur\u00eddica (Unidad de Transparencia).<\/p>\n<p><strong><br \/>\nNOMBRE DEL RESPONSABLE DEL \u00c1REA\u00a0DONDE SE PROPORCIONA EL TR\u00c1MITE<\/strong><\/p>\n<p>Lic. Mar\u00eda Norma Canseco Castellanos.<\/p>\n<p>Jefa de la Unidad Jur\u00eddica y Responsable de la Unidad de Transparencia<\/p>\n<p><strong><br \/>\nDUDAS Y SUGERENCIAS<\/strong><\/p>\n<p>01(951) 50 15000 Ext. 12507 y 12508<\/p>\n<p>E- mail: <u>transparenciasedesoh@oaxaca.gob.mx<\/u><\/p>\n<p>&nbsp;<\/p>\n<div class=\"icon-wrapper\"><a href=\"\/sedesoh\/wp-content\/uploads\/2018\/11\/FORMATO-DERECHOS-ARCO-2018-1.pdf\"><button class=\"btn btn-danger pointer\" style=\"background-color: #0e803d;border-color: #ffffff\" title=\"\">DESCARGA FORMATO DERECHOS ARCO 2018<br \/>\n<\/button><\/a><\/div>\n<h1 style=\"text-align: left\">DENUNCIA<\/h1>\n<p style=\"text-align: left\"><strong> \u00bfQU\u00c9 ES?<\/strong><\/p>\n<p style=\"text-align: left\">\nEs el medio por el cual cualquier persona por s\u00ed misma o a trav\u00e9s de su representante podr\u00e1 denunciar ante el Instituto la falta de publicaci\u00f3n o de actualizaci\u00f3n de las Obligaciones de Transparencia previstas en los art\u00edculos 70 a 83 de la Ley General y 19 a 37 de la Ley Local, por parte de los Sujetos obligados del Estado de Oaxaca.<br \/>\n\u00bf QU\u00c9 REQUISITOS DEBE CONTENER LA DENUNCIA POR INCUMPLIMIENTO A LAS OBLIGACIONES DE TRANSPARENCIA?<\/p>\n<p style=\"text-align: left\">\n<strong>I<\/strong>. Nombre del sujeto obligado denunciado;<br \/>\n<strong>II<\/strong>. Descripci\u00f3n clara y precisa del incumplimiento denunciado, preferentemente especificando art\u00edculo, fracci\u00f3n o inciso;<br \/>\n<strong>III<\/strong>. El denunciante podr\u00e1 adjuntar los medios de prueba que estime necesarios para respaldar el incumplimiento denunciado;<br \/>\n<strong>IV<\/strong>. En caso de que la denuncia se presente por escrito, quien denuncie deber\u00e1 se\u00f1alar domicilio en la ciudad de Oaxaca de Ju\u00e1rez, Oaxaca, o direcci\u00f3n de correo electr\u00f3nico para recibir notificaciones; Cuando la denuncia se presente por medios electr\u00f3nicos, se deber\u00e1 necesariamente proporcionar una direcci\u00f3n de correo electr\u00f3nico para recibir notificaciones. En caso de que no se se\u00f1ale domicilio o direcci\u00f3n de correo electr\u00f3nico o se se\u00f1ale un domicilio fuera de la ciudad de Oaxaca de Ju\u00e1rez, Oaxaca, las notificaciones, a\u00fan las de car\u00e1cter personal, se practicar\u00e1n a trav\u00e9s de los estrados f\u00edsicos y electr\u00f3nicos del Instituto;<br \/>\n<strong>V<\/strong>. Opcionalmente, el nombre de quien denuncia y su perfil para prop\u00f3sitos estad\u00edsticos. Esta informaci\u00f3n ser\u00e1 proporcionada de manera voluntaria. En ning\u00fan caso el dato sobre el nombre y el perfil podr\u00e1n ser un requisito para la procedencia y tr\u00e1mite de la denuncia; y<br \/>\n<strong>VI<\/strong>. En su caso, la documentaci\u00f3n que acredite la representaci\u00f3n legal.<\/p>\n<div class=\"icon-wrapper\"><a href=\"\/sedesoh\/wp-content\/uploads\/2018\/11\/FORMATO-DE-DENUNCIA-IAIP.pdf\"><button class=\"btn btn-danger pointer\" style=\"background-color: #0e803d;border-color: #ffffff\" title=\"\">FORMATO DE DENUNCIA IAIP<br \/>\n<\/button><\/a><\/div>\n<h1 style=\"text-align: center\"><strong>R<\/strong><strong>ECURSO DE REVISI\u00d3N ANTE LOS ORGANISMOS GARANTES<\/strong><\/h1>\n<p><strong>\u00bfQU\u00c9 ES?<\/strong><\/p>\n<p>Es una herramienta mediante la cual el solicitante podr\u00e1 interponer, por s\u00ed mismo o a trav\u00e9s de su representante, de manera directa o por medios electr\u00f3nicos, recurso de revisi\u00f3n ante el organismo garante que corresponda o ante la Unidad de Transparencia que haya conocido de la solicitud dentro de los quince d\u00edas siguientes a la fecha de la notificaci\u00f3n de la respuesta, o del vencimiento del plazo para su notificaci\u00f3n.<\/p>\n<p>&nbsp;<\/p>\n<p>En el caso de que se interponga ante la Unidad de Transparencia, \u00e9sta deber\u00e1 remitir el recurso de revisi\u00f3n al organismo garante que corresponda a m\u00e1s tardar al d\u00eda siguiente de haberlo recibido.<\/p>\n<p><strong>\u00bfEN QUE CASOS PROCEDE?<\/strong><\/p>\n<p>El recurso de revisi\u00f3n proceder\u00e1 en contra de<\/p>\n<p style=\"padding-left: 30px\">I.La clasificaci\u00f3n de la informaci\u00f3n;<\/p>\n<p style=\"padding-left: 30px\">II.La declaraci\u00f3n de inexistencia de informaci\u00f3n;<\/p>\n<p style=\"padding-left: 30px\">III. La declaraci\u00f3n de incompetencia por el sujeto obligado.<\/p>\n<p style=\"padding-left: 30px\">IV.La entrega de informaci\u00f3n incompleta<\/p>\n<p style=\"padding-left: 30px\">V.La entrega de informaci\u00f3n que no corresponda con lo solicitado;<\/p>\n<p style=\"padding-left: 30px\">VI La \u00a0falta \u00a0de \u00a0respuesta a \u00a0una \u00a0solicitud de \u00a0acceso a \u00a0la \u00a0informaci\u00f3n dentro \u00a0de \u00a0los \u00a0plazos establecidos en la ley;<\/p>\n<p>VII.\u00a0\u00a0\u00a0\u00a0\u00a0 \u00a0La notificaci\u00f3n, entrega o puesta a disposici\u00f3n de informaci\u00f3n en una modalidad o formato distinto al solicitado;<\/p>\n<p>VIII.\u00a0\u00a0\u00a0\u00a0 \u00a0La entrega o puesta a disposici\u00f3n de \u00a0informaci\u00f3n en un \u00a0formato incomprensible y\/o no accesible para el solicitante;<\/p>\n<p>IX. Los costos o tiempos de entrega de la informaci\u00f3n;<\/p>\n<p>X. La falta de tr\u00e1mite a una solicitud;<\/p>\n<p>X La negativa a permitir la consulta directa de la informaci\u00f3n;<\/p>\n<p>XII.\u00a0\u00a0\u00a0\u00a0\u00a0 \u00a0La falta, deficiencia o insuficiencia de la fundamentaci\u00f3n y\/o motivaci\u00f3n en la respuesta, o<\/p>\n<p>XIII.\u00a0\u00a0\u00a0\u00a0 \u00a0La orientaci\u00f3n a un tr\u00e1mite espec\u00edfico.<\/p>\n<p>La respuesta que den los sujetos obligados derivada de la resoluci\u00f3n a un recurso de revisi\u00f3n que proceda por las causales se\u00f1aladas en las fracciones III, VI, VIII, IX, X y XI es susceptible de ser impugnada de nueva cuenta, mediante recurso de revisi\u00f3n, ante el organismo garante correspondiente.<\/p>\n<p><strong>\u00bfQU\u00c9 DEBE CONTENER EL RECURSO DE REVISI\u00d3N? <\/strong><\/p>\n<p>El recurso de revisi\u00f3n deber\u00e1 contener:<\/p>\n<p>I.El sujeto obligado ante la cual se present\u00f3 la solicitud;<\/p>\n<p>II.El nombre del solicitante que recurre o de su representante y, en su caso, del tercero interesado, as\u00ed como la direcci\u00f3n o medio que se\u00f1ale para recibir notificaciones;<\/p>\n<p>III.\u00a0\u00a0\u00a0\u00a0\u00a0\u00a0 \u00a0El n\u00famero de folio de respuesta de la solicitud de acceso;<\/p>\n<p>IV. La \u00a0fecha en \u00a0que \u00a0fue\u00a0 notificada la \u00a0respuesta al \u00a0solicitante o \u00a0tuvo\u00a0 conocimiento del\u00a0 acto reclamado, o de presentaci\u00f3n de la solicitud, en caso de falta de respuesta;<\/p>\n<p>V. El acto que se recurre;<\/p>\n<p>VI. Las razones o motivos de inconformidad, y<\/p>\n<p>VII.\u00a0\u00a0\u00a0\u00a0\u00a0 \u00a0La copia de la respuesta que se impugna y, en su caso, de la notificaci\u00f3n correspondiente, salvo en el caso de respuesta de la solicitud.<\/p>\n<p>Adicionalmente, se \u00a0podr\u00e1n \u00a0anexar \u00a0las \u00a0pruebas \u00a0y \u00a0dem\u00e1s \u00a0elementos\u00a0 que \u00a0considere \u00a0procedentes someter a juicio del organismo garante correspondiente.<\/p>\n<p>En ning\u00fan caso ser\u00e1 necesario que el particular ratifique el recurso de revisi\u00f3n interpuesto.<\/p>\n<p><strong>\u00bfQU\u00c9 PASA SI EL ESCRITO DE INTERPOSICI\u00d3N DEL RECURSO NO CUMPLE ALG\u00daN REQUISITO?<\/strong><\/p>\n<p><strong>\u00a0<\/strong>Si el escrito de interposici\u00f3n del recurso no cumple con alguno de los requisitos establecidos en el art\u00edculo anterior y el organismo garante que corresponda no cuenta con elementos para subsanarlos, se prevendr\u00e1 al recurrente, por una sola ocasi\u00f3n y a trav\u00e9s del medio que haya elegido para recibir notificaciones, con el objeto de que subsane las omisiones dentro de un plazo que no podr\u00e1 exceder de cinco d\u00edas, contados a partir del d\u00eda siguiente de la notificaci\u00f3n de la prevenci\u00f3n, con el apercibimiento de que, de no cumplir, se desechar\u00e1 el recurso de revisi\u00f3n.<\/p>\n<p>La prevenci\u00f3n tendr\u00e1 el efecto de interrumpir el plazo que tienen los Organismos garantes para resolver el recurso, por lo que comenzar\u00e1 a computarse a partir del d\u00eda siguiente a su desahogo.<\/p>\n<p>No podr\u00e1 prevenirse por el nombre que proporcione el solicitante.<\/p>\n<p><strong>\u00bfEN QU\u00c9 PLAZO RESOLVER\u00c1 EL ORGANISMO GARANTE EL RECURSO DE REVISI\u00d3N?<\/strong><\/p>\n<p>El organismo garante resolver\u00e1 el recurso de revisi\u00f3n en un plazo que no podr\u00e1 exceder de cuarenta d\u00edas, contados a partir de la admisi\u00f3n del mismo, en los t\u00e9rminos que establezca la ley respectiva, plazo que podr\u00e1 ampliarse por una sola vez y hasta por un periodo de veinte d\u00edas.<\/p>\n<p>Durante el procedimiento deber\u00e1 aplicarse la suplencia de la queja a favor del recurrente, sin cambiar los hechos expuestos, asegur\u00e1ndose de que las partes puedan presentar, de manera oral o escrita, los argumentos que funden y motiven sus pretensiones.<\/p>\n<p><strong>\u00bfQU\u00c9 EFECTOS TIENEN LAS RESOLUCIONES DE LOS ORGANISMOS GARANTES?<\/strong><\/p>\n<p>Desechar o sobreseer el recurso;<\/p>\n<p>I.Confirmar la respuesta del sujeto obligado, o<\/p>\n<p>II.\u00a0\u00a0\u00a0\u00a0\u00a0\u00a0 \u00a0Revocar o modificar la respuesta del sujeto obligado.<\/p>\n<p>Las \u00a0resoluciones\u00a0 establecer\u00e1n, en \u00a0su \u00a0caso, \u00a0los \u00a0plazos \u00a0y \u00a0t\u00e9rminos \u00a0para \u00a0su \u00a0cumplimiento \u00a0y \u00a0los procedimientos para asegurar su ejecuci\u00f3n, los cuales no podr\u00e1n exceder de diez d\u00edas para la entrega de informaci\u00f3n. Excepcionalmente, los Organismos garantes, previa fundamentaci\u00f3n y motivaci\u00f3n, podr\u00e1n ampliar estos plazos cuando el asunto as\u00ed lo requiera.<\/p>\n<p>&nbsp;<\/p>\n<div class=\"icon-wrapper\"><a href=\"\/sedesoh\/wp-content\/uploads\/2018\/11\/FORMATO-DE-RECURSO-DE-REVISI\u00d3N.pdf\"><button class=\"btn btn-danger pointer\" style=\"background-color: #0e803d;border-color: #ffffff\" title=\"\">FORMATO DE RECURSO DE REVISI\u00d3N<br \/>\n<\/button><\/a><\/div>\n","protected":false},"excerpt":{"rendered":"<p>Atenci\u00f3n a Solicitudes de Acceso a la Informaci\u00f3n. DESCRIPCI\u00d3N DEL TR\u00c1MITE Recibir y dar tr\u00e1mite a las solicitudes de acceso a la informaci\u00f3n, as\u00ed como darle seguimiento hasta la entrega de la respuesta al solicitante. &nbsp; TIPO DE USUARIO Cualquier persona, por s\u00ed o por medio de su representante. &nbsp; REQUISITOS La solicitud de acceso [&hellip;]<\/p>\n","protected":false},"author":1,"featured_media":0,"parent":0,"menu_order":0,"comment_status":"closed","ping_status":"closed","template":"","meta":{"episode_type":"","audio_file":"","podmotor_file_id":"","podmotor_episode_id":"","cover_image":"","cover_image_id":"","duration":"","filesize":"","filesize_raw":"","date_recorded":"","explicit":"","block":"","itunes_episode_number":"","itunes_title":"","itunes_season_number":"","itunes_episode_type":"","footnotes":""},"categories":[],"tags":[],"class_list":["post-4478","page","type-page","status-publish","hentry"],"acf":[],"publishpress_future_action":{"enabled":false,"date":"2026-05-16 07:05:52","action":"change-status","newStatus":"draft","terms":[],"taxonomy":"category","extraData":[]},"publishpress_future_workflow_manual_trigger":{"enabledWorkflows":[]},"_links":{"self":[{"href":"https:\/\/www.oaxaca.gob.mx\/sebienti\/wp-json\/wp\/v2\/pages\/4478","targetHints":{"allow":["GET"]}}],"collection":[{"href":"https:\/\/www.oaxaca.gob.mx\/sebienti\/wp-json\/wp\/v2\/pages"}],"about":[{"href":"https:\/\/www.oaxaca.gob.mx\/sebienti\/wp-json\/wp\/v2\/types\/page"}],"author":[{"embeddable":true,"href":"https:\/\/www.oaxaca.gob.mx\/sebienti\/wp-json\/wp\/v2\/users\/1"}],"replies":[{"embeddable":true,"href":"https:\/\/www.oaxaca.gob.mx\/sebienti\/wp-json\/wp\/v2\/comments?post=4478"}],"version-history":[{"count":0,"href":"https:\/\/www.oaxaca.gob.mx\/sebienti\/wp-json\/wp\/v2\/pages\/4478\/revisions"}],"wp:attachment":[{"href":"https:\/\/www.oaxaca.gob.mx\/sebienti\/wp-json\/wp\/v2\/media?parent=4478"}],"wp:term":[{"taxonomy":"category","embeddable":true,"href":"https:\/\/www.oaxaca.gob.mx\/sebienti\/wp-json\/wp\/v2\/categories?post=4478"},{"taxonomy":"post_tag","embeddable":true,"href":"https:\/\/www.oaxaca.gob.mx\/sebienti\/wp-json\/wp\/v2\/tags?post=4478"}],"curies":[{"name":"wp","href":"https:\/\/api.w.org\/{rel}","templated":true}]}}