{"id":1864,"date":"2017-05-08T17:22:42","date_gmt":"2017-05-08T17:22:42","guid":{"rendered":"https:\/\/www.oaxaca.gob.mx\/sedesoh\/?page_id=1864"},"modified":"2017-05-08T17:22:42","modified_gmt":"2017-05-08T17:22:42","slug":"programas-sociales","status":"publish","type":"page","link":"https:\/\/www.oaxaca.gob.mx\/sebienti\/programas-sociales\/","title":{"rendered":"Programas Sociales"},"content":{"rendered":"<div class=\"btn-toolbar\" role=\"toolbar\" aria-label=\"Toolbar with button groups\" style=\"margin-bottom: 50px\">\n<div class=\"btn-group mr-2\" role=\"group\" aria-label=\"First group\">\n<a target=\"_blank\" href=\"https:\/\/padronbeneficiarios.oaxaca.gob.mx\/publico\/reglasoperacion\" class=\"btn btn-morado\" rel=\"noopener noreferrer\">Reglas de Operaci\u00f3n<\/a>\n<\/div>\n<div class=\"btn-group mr-2\" role=\"group\" aria-label=\"Second group\">\n<a target=\"_blank\" href=\"https:\/\/padronbeneficiarios.oaxaca.gob.mx\/publico\/programas\" class=\"btn btn-morado\" rel=\"noopener noreferrer\">Cat\u00e1logo de Programas y Apoyos Sociales<\/a>\n<\/div>\n<div class=\"btn-group mr-2\" role=\"group\" aria-label=\"Third group\">\n<a target=\"_blank\" href=\"https:\/\/padronbeneficiarios.oaxaca.gob.mx\/publico\/convocatorias\" class=\"btn btn-morado\" rel=\"noopener noreferrer\">Convocatorias<\/a>\n<\/div>\n<div class=\"btn-group\" role=\"group\" aria-label=\"Fourth group\">\n<a href=\"\/sedesoh\/evaluaciones-2\" class=\"btn btn-morado\" rel=\"noopener noreferrer\">Evaluaciones<\/a>\n<\/div>\n<\/div>\n<p style=\"text-align: center\"><a href=\"\/sedesoh\/wp-content\/uploads\/sites\/30\/2017\/05\/Cocinas-Comunitarias.jpeg\"><img loading=\"lazy\" decoding=\"async\" class=\"alignnone wp-image-2319 size-large\" src=\"\/sedesoh\/wp-content\/uploads\/sites\/30\/2017\/05\/Cocinas-Comunitarias-1024x414.jpeg\" alt=\"\" width=\"1024\" height=\"414\" srcset=\"https:\/\/www.oaxaca.gob.mx\/sebienti\/wp-content\/uploads\/sites\/30\/2017\/05\/Cocinas-Comunitarias-1024x414.jpeg 1024w, https:\/\/www.oaxaca.gob.mx\/sebienti\/wp-content\/uploads\/sites\/30\/2017\/05\/Cocinas-Comunitarias-300x121.jpeg 300w, https:\/\/www.oaxaca.gob.mx\/sebienti\/wp-content\/uploads\/sites\/30\/2017\/05\/Cocinas-Comunitarias-768x310.jpeg 768w, https:\/\/www.oaxaca.gob.mx\/sebienti\/wp-content\/uploads\/sites\/30\/2017\/05\/Cocinas-Comunitarias.jpeg 1114w\" sizes=\"auto, (max-width: 1024px) 100vw, 1024px\" \/><\/a><\/p>\n<p><strong>ASISTENCIA ALIMENTARIA<\/strong><\/p>\n<p>El programa de Participaci\u00f3n Comunitaria para el Desarrollo Humano con Asistencia Alimentaria busca mejorar las condiciones de nutrici\u00f3n y salud, calidad de vida y ejercicio de los derechos humanos, para las personas en situaci\u00f3n de pobreza multidimensional extrema, vulnerabilidad o riesgo nutricional del estado.<\/p>\n<p>El programa est\u00e1 dirigido a ni\u00f1as y ni\u00f1os de 8 meses a 12 a\u00f1os de edad, mujeres de 15 a 35 a\u00f1os, mujeres embarazadas y\/o en lactancia y a personas en condici\u00f3n de vulnerabilidad.<\/p>\n<p>Los apoyos son desayunos y comidas de lunes a viernes.<\/p>\n<p>Contacto: Calle Gral. Vicente Guerrero No. 114, Colonia Miguel Alem\u00e1n, Oaxaca de Ju\u00e1rez, Oaxaca.<\/p>\n<p>Tel: (951) 50 1 50 50,\u00a0 Ext. 1501<\/p>\n<hr>\n<p style=\"text-align: center\"><a href=\"\/sedesoh\/wp-content\/uploads\/sites\/30\/2017\/05\/Credito-Palabra-de-Mujer.jpeg\"><img loading=\"lazy\" decoding=\"async\" class=\"alignnone wp-image-2320 size-large\" src=\"\/sedesoh\/wp-content\/uploads\/sites\/30\/2017\/05\/Credito-Palabra-de-Mujer-1024x414.jpeg\" alt=\"\" width=\"1024\" height=\"414\" srcset=\"https:\/\/www.oaxaca.gob.mx\/sebienti\/wp-content\/uploads\/sites\/30\/2017\/05\/Credito-Palabra-de-Mujer-1024x414.jpeg 1024w, https:\/\/www.oaxaca.gob.mx\/sebienti\/wp-content\/uploads\/sites\/30\/2017\/05\/Credito-Palabra-de-Mujer-300x121.jpeg 300w, https:\/\/www.oaxaca.gob.mx\/sebienti\/wp-content\/uploads\/sites\/30\/2017\/05\/Credito-Palabra-de-Mujer-768x310.jpeg 768w, https:\/\/www.oaxaca.gob.mx\/sebienti\/wp-content\/uploads\/sites\/30\/2017\/05\/Credito-Palabra-de-Mujer.jpeg 1114w\" sizes=\"auto, (max-width: 1024px) 100vw, 1024px\" \/><\/a><\/p>\n<p><strong>CREDITO A LA PALABRA DE MUJER<\/strong><\/p>\n<p>&nbsp;<\/p>\n<p>El programa de Cr\u00e9dito a la Palabra de la Mujer busca contribuir al incremento de la poblaci\u00f3n femenina econ\u00f3micamente activa en el estado de Oaxaca.<\/p>\n<p>El programa est\u00e1 dirigido a emprendedoras y microempresarias de 18 a\u00f1os a 65 a\u00f1os cumplidos, con bajos ingresos familiares, sin acceso al financiamiento de la banca comercial, que deseen iniciar o fortalecer actividades productivas en el estado.<\/p>\n<p>El apoyo es un microcre\u0301dito durante la vigencia del contrato correspondiente.<\/p>\n<p>Beneficiarios: Cerca de mil microcr\u00e9ditos al a\u00f1o<\/p>\n<p><em><strong><a href=\"\/sedesoh\/wp-content\/uploads\/sites\/30\/2017\/05\/CONVOCATORIA.pdf\">Convocatoria Palabra de Mujer.<\/a><\/strong><\/em><\/p>\n<p>Contacto: Carretera Oaxaca-Istmo km. 11.5, Edificio 5, Nivel 2, C.P. 682170, Tlalixtac de Cabrera, Oax.<\/p>\n<p style=\"text-align: left\">Tel: (951) 501 5000 Ext. 12505, 12502, 12501<\/p>\n<p style=\"text-align: left\">\n<hr>\n<p style=\"text-align: center\"><a href=\"\/sedesoh\/wp-content\/uploads\/sites\/30\/2017\/05\/Personas-con-Discapacidad.jpeg\"><img loading=\"lazy\" decoding=\"async\" class=\"alignnone wp-image-2321 size-large\" src=\"\/sedesoh\/wp-content\/uploads\/sites\/30\/2017\/05\/Personas-con-Discapacidad-1024x414.jpeg\" alt=\"\" width=\"1024\" height=\"414\" srcset=\"https:\/\/www.oaxaca.gob.mx\/sebienti\/wp-content\/uploads\/sites\/30\/2017\/05\/Personas-con-Discapacidad-1024x414.jpeg 1024w, https:\/\/www.oaxaca.gob.mx\/sebienti\/wp-content\/uploads\/sites\/30\/2017\/05\/Personas-con-Discapacidad-300x121.jpeg 300w, https:\/\/www.oaxaca.gob.mx\/sebienti\/wp-content\/uploads\/sites\/30\/2017\/05\/Personas-con-Discapacidad-768x310.jpeg 768w, https:\/\/www.oaxaca.gob.mx\/sebienti\/wp-content\/uploads\/sites\/30\/2017\/05\/Personas-con-Discapacidad.jpeg 1114w\" sizes=\"auto, (max-width: 1024px) 100vw, 1024px\" \/><\/a><\/p>\n<p style=\"text-align: left\"><strong>APOYO A PERSONAS CON DISCAPACIDAD<\/strong><\/p>\n<p>El programa Bienestar de Apoyo a Personas con Discapacidad busca reducir la vulnerabilidad por ingreso de los hogares de las personas con discapacidad del estado de Oaxaca.<\/p>\n<p>El programa est\u00e1 dirigido a personas con discapacidad motriz severa y permanente, discapacidad intelectual, discapacidad visual\u00a0 y discapacidad auditiva\u00a0 menores de 65 a\u00f1os con residencia en el Estado de Oaxaca de por lo menos un a\u00f1o e ingresos familiares con base al indicador de la l\u00ednea de bienestar m\u00ednimo.<\/p>\n<p>El apoyo es de forma bimestral con la entrega de mil pesos<\/p>\n<p>Beneficiarios: 21 mil 108<\/p>\n<p>Contacto: Calle Gral. Vicente Guerrero No. 114, Colonia Miguel Alem\u00e1n, Oaxaca de Ju\u00e1rez, Oaxaca.<\/p>\n<p>Tel: (951) 50 1 50 50,\u00a0 Ext. 1431 y 1432<\/p>\n<hr>\n<p style=\"text-align: center\"><a href=\"\/sedesoh\/wp-content\/uploads\/sites\/30\/2017\/05\/Utiles-y-Uniformes.jpeg\"><img loading=\"lazy\" decoding=\"async\" class=\"alignnone wp-image-2322 size-large\" src=\"\/sedesoh\/wp-content\/uploads\/sites\/30\/2017\/05\/Utiles-y-Uniformes-1024x414.jpeg\" alt=\"\" width=\"1024\" height=\"414\" srcset=\"https:\/\/www.oaxaca.gob.mx\/sebienti\/wp-content\/uploads\/sites\/30\/2017\/05\/Utiles-y-Uniformes-1024x414.jpeg 1024w, https:\/\/www.oaxaca.gob.mx\/sebienti\/wp-content\/uploads\/sites\/30\/2017\/05\/Utiles-y-Uniformes-300x121.jpeg 300w, https:\/\/www.oaxaca.gob.mx\/sebienti\/wp-content\/uploads\/sites\/30\/2017\/05\/Utiles-y-Uniformes-768x310.jpeg 768w, https:\/\/www.oaxaca.gob.mx\/sebienti\/wp-content\/uploads\/sites\/30\/2017\/05\/Utiles-y-Uniformes.jpeg 1114w\" sizes=\"auto, (max-width: 1024px) 100vw, 1024px\" \/><\/a><\/p>\n<p>&nbsp;<\/p>\n<p><strong>UNIFORMES Y UTILES ESCOLARES<\/strong><\/p>\n<p>Es un programa de dotaci\u00f3n gratuita de uniformes y \u00fatiles escolares a los alumnos de educaci\u00f3n b\u00e1sica en escuelas p\u00fablicas del Estado de Oaxaca que busca mejorar las condiciones escolares de los alumnos que cursan la educaci\u00f3n b\u00e1sica.<\/p>\n<p>El programa est\u00e1 dirigido a alumnos de las escuelas p\u00fablicas\u00a0 en los niveles preescolar, primaria y secundaria.<\/p>\n<p>Los apoyos son paquete de 2 juegos de\u00a0 uniformes escolares o vales canjeables por\u00a0 uniformes\u00a0\u00a0 y un paquete de \u00fatiles escolares por cada ciclo escolar.<\/p>\n<p>Beneficiarios: 975 mil ni\u00f1os del estado<\/p>\n<p>Contacto: Camino antiguo a San Felipe del Agua No. 219. Oaxaca de Ju\u00e1rez, Oax.<\/p>\n<p>Tel: (951) 6 88 18 92\t\t<\/p>\n","protected":false},"excerpt":{"rendered":"<p>Reglas de Operaci\u00f3n Cat\u00e1logo de Programas y Apoyos Sociales Convocatorias Evaluaciones ASISTENCIA ALIMENTARIA El programa de Participaci\u00f3n Comunitaria para el Desarrollo Humano con Asistencia Alimentaria busca mejorar las condiciones de nutrici\u00f3n y salud, calidad de vida y ejercicio de los derechos humanos, para las personas en situaci\u00f3n de pobreza multidimensional extrema, vulnerabilidad o riesgo nutricional [&hellip;]<\/p>\n","protected":false},"author":1,"featured_media":0,"parent":0,"menu_order":0,"comment_status":"closed","ping_status":"closed","template":"","meta":{"episode_type":"","audio_file":"","podmotor_file_id":"","podmotor_episode_id":"","cover_image":"","cover_image_id":"","duration":"","filesize":"","filesize_raw":"","date_recorded":"","explicit":"","block":"","itunes_episode_number":"","itunes_title":"","itunes_season_number":"","itunes_episode_type":"","footnotes":""},"categories":[],"tags":[],"class_list":["post-1864","page","type-page","status-publish","hentry"],"acf":[],"publishpress_future_action":{"enabled":false,"date":"2026-05-04 18:48:35","action":"change-status","newStatus":"draft","terms":[],"taxonomy":"category","extraData":[]},"publishpress_future_workflow_manual_trigger":{"enabledWorkflows":[]},"_links":{"self":[{"href":"https:\/\/www.oaxaca.gob.mx\/sebienti\/wp-json\/wp\/v2\/pages\/1864","targetHints":{"allow":["GET"]}}],"collection":[{"href":"https:\/\/www.oaxaca.gob.mx\/sebienti\/wp-json\/wp\/v2\/pages"}],"about":[{"href":"https:\/\/www.oaxaca.gob.mx\/sebienti\/wp-json\/wp\/v2\/types\/page"}],"author":[{"embeddable":true,"href":"https:\/\/www.oaxaca.gob.mx\/sebienti\/wp-json\/wp\/v2\/users\/1"}],"replies":[{"embeddable":true,"href":"https:\/\/www.oaxaca.gob.mx\/sebienti\/wp-json\/wp\/v2\/comments?post=1864"}],"version-history":[{"count":0,"href":"https:\/\/www.oaxaca.gob.mx\/sebienti\/wp-json\/wp\/v2\/pages\/1864\/revisions"}],"wp:attachment":[{"href":"https:\/\/www.oaxaca.gob.mx\/sebienti\/wp-json\/wp\/v2\/media?parent=1864"}],"wp:term":[{"taxonomy":"category","embeddable":true,"href":"https:\/\/www.oaxaca.gob.mx\/sebienti\/wp-json\/wp\/v2\/categories?post=1864"},{"taxonomy":"post_tag","embeddable":true,"href":"https:\/\/www.oaxaca.gob.mx\/sebienti\/wp-json\/wp\/v2\/tags?post=1864"}],"curies":[{"name":"wp","href":"https:\/\/api.w.org\/{rel}","templated":true}]}}

<div class="btn-toolbar" role="toolbar" aria-label="Toolbar with button groups" style="margin-bottom: 50px">
<div class="btn-group mr-2" role="group" aria-label="First group">
<a target="_blank" href="https://padronbeneficiarios.oaxaca.gob.mx/publico/reglasoperacion" class="btn btn-morado" rel="noopener noreferrer">Reglas de Operación</a>
</div>
<div class="btn-group mr-2" role="group" aria-label="Second group">
<a target="_blank" href="https://padronbeneficiarios.oaxaca.gob.mx/publico/programas" class="btn btn-morado" rel="noopener noreferrer">Catálogo de Programas y Apoyos Sociales</a>
</div>
<div class="btn-group mr-2" role="group" aria-label="Third group">
<a target="_blank" href="https://padronbeneficiarios.oaxaca.gob.mx/publico/convocatorias" class="btn btn-morado" rel="noopener noreferrer">Convocatorias</a>
</div>
<div class="btn-group" role="group" aria-label="Fourth group">
<a href="/sedesoh/evaluaciones-2" class="btn btn-morado" rel="noopener noreferrer">Evaluaciones</a>
</div>
</div>
<p style="text-align: center"><a href="/sedesoh/wp-content/uploads/sites/30/2017/05/Cocinas-Comunitarias.jpeg"><img loading="lazy" decoding="async" class="alignnone wp-image-2319 size-large" src="/sedesoh/wp-content/uploads/sites/30/2017/05/Cocinas-Comunitarias-1024x414.jpeg" alt="" width="1024" height="414" srcset="https://www.oaxaca.gob.mx/sebienti/wp-content/uploads/sites/30/2017/05/Cocinas-Comunitarias-1024x414.jpeg 1024w, https://www.oaxaca.gob.mx/sebienti/wp-content/uploads/sites/30/2017/05/Cocinas-Comunitarias-300x121.jpeg 300w, https://www.oaxaca.gob.mx/sebienti/wp-content/uploads/sites/30/2017/05/Cocinas-Comunitarias-768x310.jpeg 768w, https://www.oaxaca.gob.mx/sebienti/wp-content/uploads/sites/30/2017/05/Cocinas-Comunitarias.jpeg 1114w" sizes="auto, (max-width: 1024px) 100vw, 1024px" /></a></p>
<p><strong>ASISTENCIA ALIMENTARIA</strong></p>
<p>El programa de Participación Comunitaria para el Desarrollo Humano con Asistencia Alimentaria busca mejorar las condiciones de nutrición y salud, calidad de vida y ejercicio de los derechos humanos, para las personas en situación de pobreza multidimensional extrema, vulnerabilidad o riesgo nutricional del estado.</p>
<p>El programa está dirigido a niñas y niños de 8 meses a 12 años de edad, mujeres de 15 a 35 años, mujeres embarazadas y/o en lactancia y a personas en condición de vulnerabilidad.</p>
<p>Los apoyos son desayunos y comidas de lunes a viernes.</p>
<p>Contacto: Calle Gral. Vicente Guerrero No. 114, Colonia Miguel Alemán, Oaxaca de Juárez, Oaxaca.</p>
<p>Tel: (951) 50 1 50 50,  Ext. 1501</p>
<hr>
<p style="text-align: center"><a href="/sedesoh/wp-content/uploads/sites/30/2017/05/Credito-Palabra-de-Mujer.jpeg"><img loading="lazy" decoding="async" class="alignnone wp-image-2320 size-large" src="/sedesoh/wp-content/uploads/sites/30/2017/05/Credito-Palabra-de-Mujer-1024x414.jpeg" alt="" width="1024" height="414" srcset="https://www.oaxaca.gob.mx/sebienti/wp-content/uploads/sites/30/2017/05/Credito-Palabra-de-Mujer-1024x414.jpeg 1024w, https://www.oaxaca.gob.mx/sebienti/wp-content/uploads/sites/30/2017/05/Credito-Palabra-de-Mujer-300x121.jpeg 300w, https://www.oaxaca.gob.mx/sebienti/wp-content/uploads/sites/30/2017/05/Credito-Palabra-de-Mujer-768x310.jpeg 768w, https://www.oaxaca.gob.mx/sebienti/wp-content/uploads/sites/30/2017/05/Credito-Palabra-de-Mujer.jpeg 1114w" sizes="auto, (max-width: 1024px) 100vw, 1024px" /></a></p>
<p><strong>CREDITO A LA PALABRA DE MUJER</strong></p>
<p>&nbsp;</p>
<p>El programa de Crédito a la Palabra de la Mujer busca contribuir al incremento de la población femenina económicamente activa en el estado de Oaxaca.</p>
<p>El programa está dirigido a emprendedoras y microempresarias de 18 años a 65 años cumplidos, con bajos ingresos familiares, sin acceso al financiamiento de la banca comercial, que deseen iniciar o fortalecer actividades productivas en el estado.</p>
<p>El apoyo es un microcrédito durante la vigencia del contrato correspondiente.</p>
<p>Beneficiarios: Cerca de mil microcréditos al año</p>
<p><em><strong><a href="/sedesoh/wp-content/uploads/sites/30/2017/05/CONVOCATORIA.pdf">Convocatoria Palabra de Mujer.</a></strong></em></p>
<p>Contacto: Carretera Oaxaca-Istmo km. 11.5, Edificio 5, Nivel 2, C.P. 682170, Tlalixtac de Cabrera, Oax.</p>
<p style="text-align: left">Tel: (951) 501 5000 Ext. 12505, 12502, 12501</p>
<p style="text-align: left">
<hr>
<p style="text-align: center"><a href="/sedesoh/wp-content/uploads/sites/30/2017/05/Personas-con-Discapacidad.jpeg"><img loading="lazy" decoding="async" class="alignnone wp-image-2321 size-large" src="/sedesoh/wp-content/uploads/sites/30/2017/05/Personas-con-Discapacidad-1024x414.jpeg" alt="" width="1024" height="414" srcset="https://www.oaxaca.gob.mx/sebienti/wp-content/uploads/sites/30/2017/05/Personas-con-Discapacidad-1024x414.jpeg 1024w, https://www.oaxaca.gob.mx/sebienti/wp-content/uploads/sites/30/2017/05/Personas-con-Discapacidad-300x121.jpeg 300w, https://www.oaxaca.gob.mx/sebienti/wp-content/uploads/sites/30/2017/05/Personas-con-Discapacidad-768x310.jpeg 768w, https://www.oaxaca.gob.mx/sebienti/wp-content/uploads/sites/30/2017/05/Personas-con-Discapacidad.jpeg 1114w" sizes="auto, (max-width: 1024px) 100vw, 1024px" /></a></p>
<p style="text-align: left"><strong>APOYO A PERSONAS CON DISCAPACIDAD</strong></p>
<p>El programa Bienestar de Apoyo a Personas con Discapacidad busca reducir la vulnerabilidad por ingreso de los hogares de las personas con discapacidad del estado de Oaxaca.</p>
<p>El programa está dirigido a personas con discapacidad motriz severa y permanente, discapacidad intelectual, discapacidad visual  y discapacidad auditiva  menores de 65 años con residencia en el Estado de Oaxaca de por lo menos un año e ingresos familiares con base al indicador de la línea de bienestar mínimo.</p>
<p>El apoyo es de forma bimestral con la entrega de mil pesos</p>
<p>Beneficiarios: 21 mil 108</p>
<p>Contacto: Calle Gral. Vicente Guerrero No. 114, Colonia Miguel Alemán, Oaxaca de Juárez, Oaxaca.</p>
<p>Tel: (951) 50 1 50 50,  Ext. 1431 y 1432</p>
<hr>
<p style="text-align: center"><a href="/sedesoh/wp-content/uploads/sites/30/2017/05/Utiles-y-Uniformes.jpeg"><img loading="lazy" decoding="async" class="alignnone wp-image-2322 size-large" src="/sedesoh/wp-content/uploads/sites/30/2017/05/Utiles-y-Uniformes-1024x414.jpeg" alt="" width="1024" height="414" srcset="https://www.oaxaca.gob.mx/sebienti/wp-content/uploads/sites/30/2017/05/Utiles-y-Uniformes-1024x414.jpeg 1024w, https://www.oaxaca.gob.mx/sebienti/wp-content/uploads/sites/30/2017/05/Utiles-y-Uniformes-300x121.jpeg 300w, https://www.oaxaca.gob.mx/sebienti/wp-content/uploads/sites/30/2017/05/Utiles-y-Uniformes-768x310.jpeg 768w, https://www.oaxaca.gob.mx/sebienti/wp-content/uploads/sites/30/2017/05/Utiles-y-Uniformes.jpeg 1114w" sizes="auto, (max-width: 1024px) 100vw, 1024px" /></a></p>
<p>&nbsp;</p>
<p><strong>UNIFORMES Y UTILES ESCOLARES</strong></p>
<p>Es un programa de dotación gratuita de uniformes y útiles escolares a los alumnos de educación básica en escuelas públicas del Estado de Oaxaca que busca mejorar las condiciones escolares de los alumnos que cursan la educación básica.</p>
<p>El programa está dirigido a alumnos de las escuelas públicas  en los niveles preescolar, primaria y secundaria.</p>
<p>Los apoyos son paquete de 2 juegos de  uniformes escolares o vales canjeables por  uniformes   y un paquete de útiles escolares por cada ciclo escolar.</p>
<p>Beneficiarios: 975 mil niños del estado</p>
<p>Contacto: Camino antiguo a San Felipe del Agua No. 219. Oaxaca de Juárez, Oax.</p>
<p>Tel: (951) 6 88 18 92		</p>

<p>Reglas de Operación Catálogo de Programas y Apoyos Sociales Convocatorias Evaluaciones ASISTENCIA ALIMENTARIA El programa de Participación Comunitaria para el Desarrollo Humano con Asistencia Alimentaria busca mejorar las condiciones de nutrición y salud, calidad de vida y ejercicio de los derechos humanos, para las personas en situación de pobreza multidimensional extrema, vulnerabilidad o riesgo nutricional [&hellip;]</p>
