{"id":9262,"date":"2020-05-15T15:54:24","date_gmt":"2020-05-15T20:54:24","guid":{"rendered":"https:\/\/www.oaxaca.gob.mx\/salud\/?page_id=9262"},"modified":"2021-06-14T10:17:12","modified_gmt":"2021-06-14T15:17:12","slug":"fifonregion-2019","status":"publish","type":"page","link":"https:\/\/www.oaxaca.gob.mx\/salud\/fifonregion-2019\/","title":{"rendered":"FIFONREGI\u00d3N 2019"},"content":{"rendered":"<p><b>SERVICIOS DE SALUD DE OAXACA<\/b><b>.<\/b><\/p>\n<p>&nbsp;<\/p>\n<table border=\"0\" width=\"550\" align=\"center\">\n<tbody>\n<tr>\n<td align=\"left\"><strong>A\u00f1o 2021<\/strong><\/td>\n<\/tr>\n<tr>\n<td><strong>FIFONREGI\u00d3N 2019<\/strong><\/p>\n<p><a href=\"https:\/\/www.oaxaca.gob.mx\/salud\/wp-content\/uploads\/sites\/32\/2021\/06\/FIFONREGION-2019-OK.pdf\" target=\"_blank\" rel=\"noopener noreferrer\">-1er Trimestre 2021<\/a><\/td>\n<\/tr>\n<tr>\n<td><\/td>\n<\/tr>\n<tr>\n<td align=\"left\"><strong>A\u00f1o 2020<\/strong><\/td>\n<\/tr>\n<tr>\n<td><strong>FIFONREGI\u00d3N 2019<\/strong><\/p>\n<p><a href=\"https:\/\/www.oaxaca.gob.mx\/salud\/wp-content\/uploads\/sites\/32\/2020\/05\/INFORME-TRIMESTRAL-FIFONREGIONfirma-.pdf\" target=\"_blank\" rel=\"noopener noreferrer\">-1er Trimestre 2020<\/a><br \/>\n<a href=\"https:\/\/www.oaxaca.gob.mx\/salud\/wp-content\/uploads\/sites\/32\/2020\/07\/FIFONREGION-2o-TRIM012.pdf\" target=\"_blank\" rel=\"noopener noreferrer\">-2do Trimestre 2020<\/a><br \/>\n<a href=\"https:\/\/www.oaxaca.gob.mx\/salud\/wp-content\/uploads\/sites\/32\/2020\/10\/IXTLAN-30-DE-SEP-2020.pdf\" target=\"_blank\" rel=\"noopener noreferrer\">-3er Trimestre 2020<\/a><br \/>\n<a href=\"https:\/\/www.oaxaca.gob.mx\/salud\/wp-content\/uploads\/sites\/32\/2021\/01\/IXTLAN-CUARTO-TRIMESTRE-OK.pdf\" target=\"_blank\" rel=\"noopener noreferrer\">-4to Trimestre 2020<\/a><\/td>\n<\/tr>\n<tr>\n<td><\/td>\n<\/tr>\n<\/tbody>\n<\/table>\n","protected":false},"excerpt":{"rendered":"<p>SERVICIOS DE SALUD DE OAXACA. &nbsp; A\u00f1o 2021 FIFONREGI\u00d3N 2019 -1er Trimestre 2021 A\u00f1o 2020 FIFONREGI\u00d3N 2019 -1er Trimestre 2020 -2do Trimestre 2020 -3er Trimestre 2020 -4to Trimestre 2020<\/p>\n","protected":false},"author":41,"featured_media":0,"parent":0,"menu_order":0,"comment_status":"closed","ping_status":"closed","template":"","meta":{"episode_type":"","audio_file":"","podmotor_file_id":"","podmotor_episode_id":"","cover_image":"","cover_image_id":"","duration":"","filesize":"","filesize_raw":"","date_recorded":"","explicit":"","block":"","itunes_episode_number":"","itunes_title":"","itunes_season_number":"","itunes_episode_type":"","footnotes":""},"categories":[],"tags":[],"class_list":["post-9262","page","type-page","status-publish","hentry"],"acf":[],"publishpress_future_action":{"enabled":false,"date":"2026-05-08 06:06:21","action":"change-status","newStatus":"draft","terms":[],"taxonomy":"category","extraData":[]},"publishpress_future_workflow_manual_trigger":{"enabledWorkflows":[]},"_links":{"self":[{"href":"https:\/\/www.oaxaca.gob.mx\/salud\/wp-json\/wp\/v2\/pages\/9262","targetHints":{"allow":["GET"]}}],"collection":[{"href":"https:\/\/www.oaxaca.gob.mx\/salud\/wp-json\/wp\/v2\/pages"}],"about":[{"href":"https:\/\/www.oaxaca.gob.mx\/salud\/wp-json\/wp\/v2\/types\/page"}],"author":[{"embeddable":true,"href":"https:\/\/www.oaxaca.gob.mx\/salud\/wp-json\/wp\/v2\/users\/41"}],"replies":[{"embeddable":true,"href":"https:\/\/www.oaxaca.gob.mx\/salud\/wp-json\/wp\/v2\/comments?post=9262"}],"version-history":[{"count":19,"href":"https:\/\/www.oaxaca.gob.mx\/salud\/wp-json\/wp\/v2\/pages\/9262\/revisions"}],"predecessor-version":[{"id":10237,"href":"https:\/\/www.oaxaca.gob.mx\/salud\/wp-json\/wp\/v2\/pages\/9262\/revisions\/10237"}],"wp:attachment":[{"href":"https:\/\/www.oaxaca.gob.mx\/salud\/wp-json\/wp\/v2\/media?parent=9262"}],"wp:term":[{"taxonomy":"category","embeddable":true,"href":"https:\/\/www.oaxaca.gob.mx\/salud\/wp-json\/wp\/v2\/categories?post=9262"},{"taxonomy":"post_tag","embeddable":true,"href":"https:\/\/www.oaxaca.gob.mx\/salud\/wp-json\/wp\/v2\/tags?post=9262"}],"curies":[{"name":"wp","href":"https:\/\/api.w.org\/{rel}","templated":true}]}}