{"id":9027,"date":"2020-04-09T13:52:48","date_gmt":"2020-04-09T18:52:48","guid":{"rendered":"https:\/\/www.oaxaca.gob.mx\/salud\/?page_id=9027"},"modified":"2022-10-11T10:19:52","modified_gmt":"2022-10-11T15:19:52","slug":"covid-19","status":"publish","type":"page","link":"https:\/\/www.oaxaca.gob.mx\/salud\/covid-19\/","title":{"rendered":"COVID-19"},"content":{"rendered":"[tabs style=\u00bbdefault\u00bb active=\u00bb1&#8243; vertical=\u00bbno\u00bb mobile=\u00bbstack\u00bb class=\u00bb\u00bb]\n[tab title=\u00bb<br \/>\nInformaci\u00f3n COVID-19&#8243; disabled=\u00bbno\u00bb anchor=\u00bb\u00bb url=\u00bb\u00bb target=\u00bbblank\u00bb class=\u00bb\u00bb] [pdf]https:\/\/www.oaxaca.gob.mx\/salud\/wp-content\/uploads\/sites\/32\/2020\/04\/INFORMACION-COVID_.pdf[\/pdf] [\/tab]\n[tab title=\u00bbReporte Diario\u00bb disabled=\u00bbno\u00bb anchor=\u00bb\u00bb url=\u00bb\u00bb target=\u00bbblank\u00bb class=\u00bb\u00bb]\n<h1><strong>Federal<\/strong><\/h1>\n[pdf]https:\/\/coronavirus.gob.mx\/datos\/[\/pdf]\n<h1><strong>Estatal<\/strong><\/h1>\n<h3><a href=\"https:\/\/coronavirus.oaxaca.gob.mx\/reporte-tecnico-diario\/\" target=\"_blank\" rel=\"noopener\"><img loading=\"lazy\" decoding=\"async\" class=\"alignnone wp-image-10204\" src=\"https:\/\/www.oaxaca.gob.mx\/salud\/wp-content\/uploads\/sites\/32\/2021\/05\/panor-1-300x25.png\" alt=\"\" width=\"672\" height=\"56\" srcset=\"https:\/\/www.oaxaca.gob.mx\/salud\/wp-content\/uploads\/sites\/32\/2021\/05\/panor-1-300x25.png 300w, https:\/\/www.oaxaca.gob.mx\/salud\/wp-content\/uploads\/sites\/32\/2021\/05\/panor-1-1024x87.png 1024w, https:\/\/www.oaxaca.gob.mx\/salud\/wp-content\/uploads\/sites\/32\/2021\/05\/panor-1-768x65.png 768w, https:\/\/www.oaxaca.gob.mx\/salud\/wp-content\/uploads\/sites\/32\/2021\/05\/panor-1.png 1038w\" sizes=\"auto, (max-width: 672px) 100vw, 672px\" \/><\/a><\/h3>\n<h3 style=\"text-align: left\"><strong>Octubre 2022<\/strong><\/h3>\n[pdf]https:\/\/www.oaxaca.gob.mx\/salud\/wp-content\/uploads\/sites\/32\/2022\/10\/PANORAMA-ESTATAL-COVID-19-DEL-2-AL-8-DE-OCTUBRE-DE-2022_SSO.pdf[\/pdf]\n[\/tab]\n[tab title=\u00bbNormatividad\u00bb disabled=\u00bbno\u00bb anchor=\u00bb\u00bb url=\u00bb\u00bb target=\u00bbblank\u00bb class=\u00bb\u00bb]\n[pdf]https:\/\/www.oaxaca.gob.mx\/salud\/wp-content\/uploads\/sites\/32\/2020\/04\/EXT-DECGOBERAMPLIACOVID-2020-04-22.pdf[\/pdf]\n<p><a href=\"https:\/\/www.oaxaca.gob.mx\/salud\/wp-content\/uploads\/sites\/32\/2020\/04\/DECRETO-por-el-que-se-ampl\u00edan-las-medidas-urgentes-necesarias-para-la-conservaci\u00f3n-de-la-salubridad-p\u00fablica-del-Estado.pdf\" target=\"_blank\" rel=\"noopener noreferrer\"><img loading=\"lazy\" decoding=\"async\" class=\"alignnone wp-image-9063 size-medium\" src=\"https:\/\/www.oaxaca.gob.mx\/salud\/wp-content\/uploads\/sites\/32\/2020\/04\/EXT-COVID19GOB-2020-04-03_TEXTO-232x300.png\" alt=\"\" width=\"232\" height=\"300\" srcset=\"https:\/\/www.oaxaca.gob.mx\/salud\/wp-content\/uploads\/sites\/32\/2020\/04\/EXT-COVID19GOB-2020-04-03_TEXTO-232x300.png 232w, https:\/\/www.oaxaca.gob.mx\/salud\/wp-content\/uploads\/sites\/32\/2020\/04\/EXT-COVID19GOB-2020-04-03_TEXTO.png 386w\" sizes=\"auto, (max-width: 232px) 100vw, 232px\" \/><\/a> <a href=\"https:\/\/www.oaxaca.gob.mx\/salud\/wp-content\/uploads\/sites\/32\/2020\/04\/DECRETO-por-el-que-se-dictan-las-medidas-urgentes-necesarias-para-la-conservaci\u00f3n-de-la-salubridad-p\u00fablica-del-Estado.pdf\" target=\"_blank\" rel=\"noopener noreferrer\"><img loading=\"lazy\" decoding=\"async\" class=\"alignright wp-image-9062 size-medium\" src=\"https:\/\/www.oaxaca.gob.mx\/salud\/wp-content\/uploads\/sites\/32\/2020\/04\/EXT-ACDGOB-2020-03-25_TEXTO-232x300.png\" alt=\"\" width=\"232\" height=\"300\" srcset=\"https:\/\/www.oaxaca.gob.mx\/salud\/wp-content\/uploads\/sites\/32\/2020\/04\/EXT-ACDGOB-2020-03-25_TEXTO-232x300.png 232w, https:\/\/www.oaxaca.gob.mx\/salud\/wp-content\/uploads\/sites\/32\/2020\/04\/EXT-ACDGOB-2020-03-25_TEXTO.png 386w\" sizes=\"auto, (max-width: 232px) 100vw, 232px\" \/><\/a><\/p>\n[pdf]https:\/\/www.oaxaca.gob.mx\/salud\/wp-content\/uploads\/sites\/32\/2020\/04\/ACUERDO-por-el-que-se-expiden-los-Lineamientos-Generales-para-el-manejo-seguro-traslado-y-disposici\u00f3n-final-de-cad\u00e1veres-por-COVID-19.pdf[\/pdf] [\/tab]\n[tab title=\u00bb<br \/>\nLenguas Ind\u00edgenas\u00bb disabled=\u00bbno\u00bb anchor=\u00bb\u00bb url=\u00bb\u00bb target=\u00bbblank\u00bb class=\u00bb\u00bb]\n<div id=\"caja_txt\">\n<div class=\"textoA\">\n<div class=\"col-lg-12 col-md-12 col-xs-12 col-sm-12\"><\/div>\n<\/div>\n<\/div>\n<div class=\"section row\">\n<div class=\"row\">\n<div class=\"col-lg-12 col-md-12 col-xs-12 col-sm-12\">\n<h2><a href=\"https:\/\/site.inali.gob.mx\/Micrositios\/materiales_de_prevencion_covid-19\/index.html\" target=\"_blank\" rel=\"noopener noreferrer\"><img loading=\"lazy\" decoding=\"async\" class=\"size-medium wp-image-9099 aligncenter\" src=\"https:\/\/www.oaxaca.gob.mx\/salud\/wp-content\/uploads\/sites\/32\/2020\/04\/LG-300x300.jpg\" alt=\"\" width=\"300\" height=\"300\" srcset=\"https:\/\/www.oaxaca.gob.mx\/salud\/wp-content\/uploads\/sites\/32\/2020\/04\/LG-300x300.jpg 300w, https:\/\/www.oaxaca.gob.mx\/salud\/wp-content\/uploads\/sites\/32\/2020\/04\/LG-150x150.jpg 150w, https:\/\/www.oaxaca.gob.mx\/salud\/wp-content\/uploads\/sites\/32\/2020\/04\/LG.jpg 328w\" sizes=\"auto, (max-width: 300px) 100vw, 300px\" \/><\/a><\/h2>\n<\/div>\n<\/div>\n<\/div>\n[\/tab]\n[tab title=\u00bbTel\u00e9fonos\u00bb disabled=\u00bbno\u00bb anchor=\u00bb\u00bb url=\u00bb\u00bb target=\u00bbblank\u00bb class=\u00bb\u00bb] <img loading=\"lazy\" decoding=\"async\" class=\"alignnone size-large wp-image-9078\" src=\"https:\/\/www.oaxaca.gob.mx\/salud\/wp-content\/uploads\/sites\/32\/2020\/04\/Image-1-1024x809.jpg\" alt=\"\" width=\"1024\" height=\"809\" srcset=\"https:\/\/www.oaxaca.gob.mx\/salud\/wp-content\/uploads\/sites\/32\/2020\/04\/Image-1-1024x809.jpg 1024w, https:\/\/www.oaxaca.gob.mx\/salud\/wp-content\/uploads\/sites\/32\/2020\/04\/Image-1-300x237.jpg 300w, https:\/\/www.oaxaca.gob.mx\/salud\/wp-content\/uploads\/sites\/32\/2020\/04\/Image-1-768x607.jpg 768w, https:\/\/www.oaxaca.gob.mx\/salud\/wp-content\/uploads\/sites\/32\/2020\/04\/Image-1.jpg 1280w\" sizes=\"auto, (max-width: 1024px) 100vw, 1024px\" \/>[\/tab][\/tabs]\n","protected":false},"excerpt":{"rendered":"<p>[tabs style=\u00bbdefault\u00bb active=\u00bb1&#8243; vertical=\u00bbno\u00bb mobile=\u00bbstack\u00bb class=\u00bb\u00bb] [tab title=\u00bb Informaci\u00f3n COVID-19&#8243; disabled=\u00bbno\u00bb anchor=\u00bb\u00bb url=\u00bb\u00bb target=\u00bbblank\u00bb class=\u00bb\u00bb] [pdf]https:\/\/www.oaxaca.gob.mx\/salud\/wp-content\/uploads\/sites\/32\/2020\/04\/INFORMACION-COVID_.pdf[\/pdf] [\/tab] [tab title=\u00bbReporte Diario\u00bb disabled=\u00bbno\u00bb anchor=\u00bb\u00bb url=\u00bb\u00bb target=\u00bbblank\u00bb class=\u00bb\u00bb] Federal [pdf]https:\/\/coronavirus.gob.mx\/datos\/[\/pdf] Estatal Octubre 2022 [pdf]https:\/\/www.oaxaca.gob.mx\/salud\/wp-content\/uploads\/sites\/32\/2022\/10\/PANORAMA-ESTATAL-COVID-19-DEL-2-AL-8-DE-OCTUBRE-DE-2022_SSO.pdf[\/pdf] [\/tab] [tab title=\u00bbNormatividad\u00bb disabled=\u00bbno\u00bb anchor=\u00bb\u00bb url=\u00bb\u00bb target=\u00bbblank\u00bb class=\u00bb\u00bb] [pdf]https:\/\/www.oaxaca.gob.mx\/salud\/wp-content\/uploads\/sites\/32\/2020\/04\/EXT-DECGOBERAMPLIACOVID-2020-04-22.pdf[\/pdf] [pdf]https:\/\/www.oaxaca.gob.mx\/salud\/wp-content\/uploads\/sites\/32\/2020\/04\/ACUERDO-por-el-que-se-expiden-los-Lineamientos-Generales-para-el-manejo-seguro-traslado-y-disposici\u00f3n-final-de-cad\u00e1veres-por-COVID-19.pdf[\/pdf] [\/tab] [tab title=\u00bb Lenguas Ind\u00edgenas\u00bb disabled=\u00bbno\u00bb anchor=\u00bb\u00bb url=\u00bb\u00bb target=\u00bbblank\u00bb class=\u00bb\u00bb] [\/tab] [tab title=\u00bbTel\u00e9fonos\u00bb disabled=\u00bbno\u00bb [&hellip;]<\/p>\n","protected":false},"author":41,"featured_media":0,"parent":0,"menu_order":0,"comment_status":"closed","ping_status":"closed","template":"","meta":{"episode_type":"","audio_file":"","podmotor_file_id":"","podmotor_episode_id":"","cover_image":"","cover_image_id":"","duration":"","filesize":"","filesize_raw":"","date_recorded":"","explicit":"","block":"","itunes_episode_number":"","itunes_title":"","itunes_season_number":"","itunes_episode_type":"","footnotes":""},"categories":[],"tags":[],"class_list":["post-9027","page","type-page","status-publish","hentry"],"acf":[],"publishpress_future_action":{"enabled":false,"date":"2026-05-06 10:32:03","action":"change-status","newStatus":"draft","terms":[],"taxonomy":"category","extraData":[]},"publishpress_future_workflow_manual_trigger":{"enabledWorkflows":[]},"_links":{"self":[{"href":"https:\/\/www.oaxaca.gob.mx\/salud\/wp-json\/wp\/v2\/pages\/9027","targetHints":{"allow":["GET"]}}],"collection":[{"href":"https:\/\/www.oaxaca.gob.mx\/salud\/wp-json\/wp\/v2\/pages"}],"about":[{"href":"https:\/\/www.oaxaca.gob.mx\/salud\/wp-json\/wp\/v2\/types\/page"}],"author":[{"embeddable":true,"href":"https:\/\/www.oaxaca.gob.mx\/salud\/wp-json\/wp\/v2\/users\/41"}],"replies":[{"embeddable":true,"href":"https:\/\/www.oaxaca.gob.mx\/salud\/wp-json\/wp\/v2\/comments?post=9027"}],"version-history":[{"count":310,"href":"https:\/\/www.oaxaca.gob.mx\/salud\/wp-json\/wp\/v2\/pages\/9027\/revisions"}],"predecessor-version":[{"id":10744,"href":"https:\/\/www.oaxaca.gob.mx\/salud\/wp-json\/wp\/v2\/pages\/9027\/revisions\/10744"}],"wp:attachment":[{"href":"https:\/\/www.oaxaca.gob.mx\/salud\/wp-json\/wp\/v2\/media?parent=9027"}],"wp:term":[{"taxonomy":"category","embeddable":true,"href":"https:\/\/www.oaxaca.gob.mx\/salud\/wp-json\/wp\/v2\/categories?post=9027"},{"taxonomy":"post_tag","embeddable":true,"href":"https:\/\/www.oaxaca.gob.mx\/salud\/wp-json\/wp\/v2\/tags?post=9027"}],"curies":[{"name":"wp","href":"https:\/\/api.w.org\/{rel}","templated":true}]}}

[tabs style=»default» active=»1&#8243; vertical=»no» mobile=»stack» class=»»]
[tab title=»<br />
Información COVID-19&#8243; disabled=»no» anchor=»» url=»» target=»blank» class=»»] [pdf]https://www.oaxaca.gob.mx/salud/wp-content/uploads/sites/32/2020/04/INFORMACION-COVID_.pdf[/pdf] [/tab]
[tab title=»Reporte Diario» disabled=»no» anchor=»» url=»» target=»blank» class=»»]
<h1><strong>Federal</strong></h1>
[pdf]https://coronavirus.gob.mx/datos/[/pdf]
<h1><strong>Estatal</strong></h1>
<h3><a href="https://coronavirus.oaxaca.gob.mx/reporte-tecnico-diario/" target="_blank" rel="noopener"><img loading="lazy" decoding="async" class="alignnone wp-image-10204" src="https://www.oaxaca.gob.mx/salud/wp-content/uploads/sites/32/2021/05/panor-1-300x25.png" alt="" width="672" height="56" srcset="https://www.oaxaca.gob.mx/salud/wp-content/uploads/sites/32/2021/05/panor-1-300x25.png 300w, https://www.oaxaca.gob.mx/salud/wp-content/uploads/sites/32/2021/05/panor-1-1024x87.png 1024w, https://www.oaxaca.gob.mx/salud/wp-content/uploads/sites/32/2021/05/panor-1-768x65.png 768w, https://www.oaxaca.gob.mx/salud/wp-content/uploads/sites/32/2021/05/panor-1.png 1038w" sizes="auto, (max-width: 672px) 100vw, 672px" /></a></h3>
<h3 style="text-align: left"><strong>Octubre 2022</strong></h3>
[pdf]https://www.oaxaca.gob.mx/salud/wp-content/uploads/sites/32/2022/10/PANORAMA-ESTATAL-COVID-19-DEL-2-AL-8-DE-OCTUBRE-DE-2022_SSO.pdf[/pdf]
[/tab]
[tab title=»Normatividad» disabled=»no» anchor=»» url=»» target=»blank» class=»»]
[pdf]https://www.oaxaca.gob.mx/salud/wp-content/uploads/sites/32/2020/04/EXT-DECGOBERAMPLIACOVID-2020-04-22.pdf[/pdf]
<p><a href="https://www.oaxaca.gob.mx/salud/wp-content/uploads/sites/32/2020/04/DECRETO-por-el-que-se-amplían-las-medidas-urgentes-necesarias-para-la-conservación-de-la-salubridad-pública-del-Estado.pdf" target="_blank" rel="noopener noreferrer"><img loading="lazy" decoding="async" class="alignnone wp-image-9063 size-medium" src="https://www.oaxaca.gob.mx/salud/wp-content/uploads/sites/32/2020/04/EXT-COVID19GOB-2020-04-03_TEXTO-232x300.png" alt="" width="232" height="300" srcset="https://www.oaxaca.gob.mx/salud/wp-content/uploads/sites/32/2020/04/EXT-COVID19GOB-2020-04-03_TEXTO-232x300.png 232w, https://www.oaxaca.gob.mx/salud/wp-content/uploads/sites/32/2020/04/EXT-COVID19GOB-2020-04-03_TEXTO.png 386w" sizes="auto, (max-width: 232px) 100vw, 232px" /></a> <a href="https://www.oaxaca.gob.mx/salud/wp-content/uploads/sites/32/2020/04/DECRETO-por-el-que-se-dictan-las-medidas-urgentes-necesarias-para-la-conservación-de-la-salubridad-pública-del-Estado.pdf" target="_blank" rel="noopener noreferrer"><img loading="lazy" decoding="async" class="alignright wp-image-9062 size-medium" src="https://www.oaxaca.gob.mx/salud/wp-content/uploads/sites/32/2020/04/EXT-ACDGOB-2020-03-25_TEXTO-232x300.png" alt="" width="232" height="300" srcset="https://www.oaxaca.gob.mx/salud/wp-content/uploads/sites/32/2020/04/EXT-ACDGOB-2020-03-25_TEXTO-232x300.png 232w, https://www.oaxaca.gob.mx/salud/wp-content/uploads/sites/32/2020/04/EXT-ACDGOB-2020-03-25_TEXTO.png 386w" sizes="auto, (max-width: 232px) 100vw, 232px" /></a></p>
[pdf]https://www.oaxaca.gob.mx/salud/wp-content/uploads/sites/32/2020/04/ACUERDO-por-el-que-se-expiden-los-Lineamientos-Generales-para-el-manejo-seguro-traslado-y-disposición-final-de-cadáveres-por-COVID-19.pdf[/pdf] [/tab]
[tab title=»<br />
Lenguas Indígenas» disabled=»no» anchor=»» url=»» target=»blank» class=»»]
<div id="caja_txt">
<div class="textoA">
<div class="col-lg-12 col-md-12 col-xs-12 col-sm-12"></div>
</div>
</div>
<div class="section row">
<div class="row">
<div class="col-lg-12 col-md-12 col-xs-12 col-sm-12">
<h2><a href="https://site.inali.gob.mx/Micrositios/materiales_de_prevencion_covid-19/index.html" target="_blank" rel="noopener noreferrer"><img loading="lazy" decoding="async" class="size-medium wp-image-9099 aligncenter" src="https://www.oaxaca.gob.mx/salud/wp-content/uploads/sites/32/2020/04/LG-300x300.jpg" alt="" width="300" height="300" srcset="https://www.oaxaca.gob.mx/salud/wp-content/uploads/sites/32/2020/04/LG-300x300.jpg 300w, https://www.oaxaca.gob.mx/salud/wp-content/uploads/sites/32/2020/04/LG-150x150.jpg 150w, https://www.oaxaca.gob.mx/salud/wp-content/uploads/sites/32/2020/04/LG.jpg 328w" sizes="auto, (max-width: 300px) 100vw, 300px" /></a></h2>
</div>
</div>
</div>
[/tab]
[tab title=»Teléfonos» disabled=»no» anchor=»» url=»» target=»blank» class=»»] <img loading="lazy" decoding="async" class="alignnone size-large wp-image-9078" src="https://www.oaxaca.gob.mx/salud/wp-content/uploads/sites/32/2020/04/Image-1-1024x809.jpg" alt="" width="1024" height="809" srcset="https://www.oaxaca.gob.mx/salud/wp-content/uploads/sites/32/2020/04/Image-1-1024x809.jpg 1024w, https://www.oaxaca.gob.mx/salud/wp-content/uploads/sites/32/2020/04/Image-1-300x237.jpg 300w, https://www.oaxaca.gob.mx/salud/wp-content/uploads/sites/32/2020/04/Image-1-768x607.jpg 768w, https://www.oaxaca.gob.mx/salud/wp-content/uploads/sites/32/2020/04/Image-1.jpg 1280w" sizes="auto, (max-width: 1024px) 100vw, 1024px" />[/tab][/tabs]

<p>[tabs style=»default» active=»1&#8243; vertical=»no» mobile=»stack» class=»»] [tab title=» Información COVID-19&#8243; disabled=»no» anchor=»» url=»» target=»blank» class=»»] [pdf]https://www.oaxaca.gob.mx/salud/wp-content/uploads/sites/32/2020/04/INFORMACION-COVID_.pdf[/pdf] [/tab] [tab title=»Reporte Diario» disabled=»no» anchor=»» url=»» target=»blank» class=»»] Federal [pdf]https://coronavirus.gob.mx/datos/[/pdf] Estatal Octubre 2022 [pdf]https://www.oaxaca.gob.mx/salud/wp-content/uploads/sites/32/2022/10/PANORAMA-ESTATAL-COVID-19-DEL-2-AL-8-DE-OCTUBRE-DE-2022_SSO.pdf[/pdf] [/tab] [tab title=»Normatividad» disabled=»no» anchor=»» url=»» target=»blank» class=»»] [pdf]https://www.oaxaca.gob.mx/salud/wp-content/uploads/sites/32/2020/04/EXT-DECGOBERAMPLIACOVID-2020-04-22.pdf[/pdf] [pdf]https://www.oaxaca.gob.mx/salud/wp-content/uploads/sites/32/2020/04/ACUERDO-por-el-que-se-expiden-los-Lineamientos-Generales-para-el-manejo-seguro-traslado-y-disposición-final-de-cadáveres-por-COVID-19.pdf[/pdf] [/tab] [tab title=» Lenguas Indígenas» disabled=»no» anchor=»» url=»» target=»blank» class=»»] [/tab] [tab title=»Teléfonos» disabled=»no» [&hellip;]</p>
