{"id":7617,"date":"2019-01-30T18:06:42","date_gmt":"2019-01-31T00:06:42","guid":{"rendered":"https:\/\/www.oaxaca.gob.mx\/salud\/?page_id=6753"},"modified":"2019-01-30T18:06:42","modified_gmt":"2019-01-31T00:06:42","slug":"volumen-5-numero-2-abril-junio-2018","status":"publish","type":"page","link":"https:\/\/www.oaxaca.gob.mx\/salud\/volumen-5-numero-2-abril-junio-2018\/","title":{"rendered":"Volumen 5, N\u00famero 2, (Abril-Junio 2018)"},"content":{"rendered":"<table border=\"0\">\n<tbody>\n<tr>\n<td>\n<div id=\"label_art\"><strong>Portada N\u00fam. 2 Vol. 5 2018<\/strong> <a href=\"\/salud\/wp-content\/uploads\/sites\/32\/2019\/01\/portada-abril-junio-2018-1.pdf\" target=\"_blank\" rel=\"noopener noreferrer\"><i class=\"far fa-file-pdf fa-2x\">&nbsp;<\/i><\/a><\/div>\n<\/td>\n<\/tr>\n<\/tbody>\n<\/table>\n<div id=\"separator\"><\/div>\n<table border=\"0\">\n<tbody>\n<tr>\n<td>\n<div id=\"label_vol\"><strong>Volumen 5, N\u00famero 2, 2018\u00a0<\/strong><\/div>\n<\/td>\n<\/tr>\n<tr>\n<td>\n<div id=\"label_art\">Comit\u00e9 Editorial\u00a0<a href=\"#\" target=\"_blank\" rel=\"noopener noreferrer\"><i class=\"far fa-file-pdf fa-2x\">&nbsp;<\/i><\/a><\/div>\n<\/td>\n<\/tr>\n<\/tbody>\n<\/table>\n<div><\/div>\n<div>\n<table border=\"0\">\n<tbody>\n<tr>\n<td>\n<div id=\"label_vol\"><strong>Volumen 5, N\u00famero 2, 2018\u00a0<\/strong><\/div>\n<\/td>\n<\/tr>\n<tr>\n<td>\n<div id=\"label_art\">Contenido\u00a0\u00a0<a href=\"\/salud\/wp-content\/uploads\/sites\/32\/2019\/01\/contenido-abril-junio-2018-1.pdf\" target=\"_blank\" rel=\"noopener noreferrer\"><i class=\"far fa-file-pdf fa-2x\">&nbsp;<\/i><\/a><\/div>\n<\/td>\n<\/tr>\n<\/tbody>\n<\/table>\n<\/div>\n<div id=\"separator\"><\/div>\n<p>&nbsp;<\/p>\n<div><\/div>\n<table border=\"0\">\n<tbody>\n<tr>\n<td>\n<div id=\"label_vol\"><strong>Volumen 5, N\u00famero 2, 2018 ( Art\u00edculo Original 1)<\/strong><\/div>\n<\/td>\n<\/tr>\n<tr>\n<td>\n<div id=\"label_art\">Impacto de la aplicaci\u00f3n del programa EDUSANU-Latinoam\u00e9rica en sobrepeso y obesidad en alumnos de una Escuela Primaria del Estado de Oaxaca.\u00a0<a href=\"https:\/\/www.oaxaca.gob.mx\/salud\/wp-content\/uploads\/sites\/32\/2019\/01\/Acs182-01i.pdf\" target=\"_blank\" rel=\"noopener noreferrer\"><i class=\"far fa-file-pdf fa-2x\">&nbsp;<\/i><\/a><\/div>\n<p>Cruz-Echavarr\u00eda JA,1 Mart\u00ednez-S\u00e1nchez ME,2 Neri-Caballero ES3<\/td>\n<\/tr>\n<\/tbody>\n<\/table>\n<div id=\"separator\"><\/div>\n<div>\n<table border=\"0\">\n<tbody>\n<tr>\n<td>\n<div id=\"label_vol\"><strong>Volumen 5, N\u00famero 2, 2018 ( Art\u00edculo Original 2)<\/strong><\/div>\n<\/td>\n<\/tr>\n<tr>\n<td>\n<div id=\"label_art\">Caracter\u00edsticas cl\u00ednicas y manejo de la hemorragia obst\u00e9trica en la segunda mitad del embarazo en el Hospital General Dr. Aurelio Valdivieso. An\u00e1lisis de dos a\u00f1os.\u00a0<a href=\"https:\/\/www.oaxaca.gob.mx\/salud\/wp-content\/uploads\/sites\/32\/2019\/01\/Acs182-02i.pdf\" target=\"_blank\" rel=\"noopener noreferrer\"><i class=\"far fa-file-pdf fa-2x\">&nbsp;<\/i><\/a><\/div>\n<p>Canalizo-Mendoza YR,1 Ru\u00edz-Hern\u00e1ndez E,1 G\u00f3ngora-Carlin MA1<\/td>\n<\/tr>\n<\/tbody>\n<\/table>\n<\/div>\n<div><\/div>\n<table border=\"0\">\n<tbody>\n<tr>\n<td>\n<div id=\"label_vol\"><strong>Volumen 5, N\u00famero 2, 2018 (Art\u00edculo Original 3)<\/strong><\/div>\n<\/td>\n<\/tr>\n<tr>\n<td>\n<div id=\"label_art\">Epidemiolog\u00eda de la fiebre en el consultorio pedi\u00e1trico en el primer nivel de atenci\u00f3n.<a href=\"https:\/\/www.oaxaca.gob.mx\/salud\/wp-content\/uploads\/sites\/32\/2019\/01\/Acs182-03i.pdf\" target=\"_blank\" rel=\"noopener noreferrer\"><i class=\"far fa-file-pdf fa-2x\">&nbsp;<\/i><\/a><\/div>\n<p>Rodr\u00edguez-Garc\u00eda R,1 Rodr\u00edguez-Silva R,2 Aguilar-Ye A3<\/td>\n<\/tr>\n<\/tbody>\n<\/table>\n<div><\/div>\n<table border=\"0\">\n<tbody>\n<tr>\n<td>\n<div id=\"label_vol\"><strong>Volumen 5, N\u00famero 2, 2018 (Art\u00edculo Original 4)<\/strong><\/div>\n<\/td>\n<\/tr>\n<tr>\n<td>\n<div id=\"label_art\">Predictores de adaptaci\u00f3n a los cambios acelerados de la adolescencia en alumnos de una escuela secundaria de la ciudad de Oaxaca. <a href=\"\/salud\/wp-content\/uploads\/sites\/32\/2019\/01\/Acs182-04i.pdf\" target=\"_blank\" rel=\"noopener noreferrer\"><i class=\"far fa-file-pdf fa-2x\">&nbsp;<\/i><\/a><\/div>\n<p>P\u00e9rez-L\u00f3pez IS,1 Ruiz-D\u00e1vila E1<\/td>\n<\/tr>\n<\/tbody>\n<\/table>\n<p><a href=\"\/salud\/revista-avance-en-ciencia-salud-y-medicina\/\"><img loading=\"lazy\" decoding=\"async\" class=\"alignleft wp-image-492\" src=\"https:\/\/www.oaxaca.gob.mx\/salud\/wp-content\/uploads\/sites\/32\/2016\/01\/regresar.png\" alt=\"regresar\" width=\"30\" height=\"30\" srcset=\"https:\/\/www.oaxaca.gob.mx\/salud\/wp-content\/uploads\/sites\/32\/2016\/01\/regresar.png 512w, https:\/\/www.oaxaca.gob.mx\/salud\/wp-content\/uploads\/sites\/32\/2016\/01\/regresar-150x150.png 150w, https:\/\/www.oaxaca.gob.mx\/salud\/wp-content\/uploads\/sites\/32\/2016\/01\/regresar-300x300.png 300w\" sizes=\"auto, (max-width: 30px) 100vw, 30px\" \/><\/a>\t\t<\/p>\n","protected":false},"excerpt":{"rendered":"<p>Portada N\u00fam. 2 Vol. 5 2018 &nbsp; Volumen 5, N\u00famero 2, 2018\u00a0 Comit\u00e9 Editorial\u00a0&nbsp; Volumen 5, N\u00famero 2, 2018\u00a0 Contenido\u00a0\u00a0&nbsp; &nbsp; Volumen 5, N\u00famero 2, 2018 ( Art\u00edculo Original 1) Impacto de la aplicaci\u00f3n del programa EDUSANU-Latinoam\u00e9rica en sobrepeso y obesidad en alumnos de una Escuela Primaria del Estado de Oaxaca.\u00a0&nbsp; Cruz-Echavarr\u00eda JA,1 Mart\u00ednez-S\u00e1nchez ME,2 [&hellip;]<\/p>\n","protected":false},"author":1,"featured_media":0,"parent":0,"menu_order":0,"comment_status":"closed","ping_status":"closed","template":"","meta":{"episode_type":"","audio_file":"","podmotor_file_id":"","podmotor_episode_id":"","cover_image":"","cover_image_id":"","duration":"","filesize":"","filesize_raw":"","date_recorded":"","explicit":"","block":"","itunes_episode_number":"","itunes_title":"","itunes_season_number":"","itunes_episode_type":"","footnotes":""},"categories":[],"tags":[],"class_list":["post-7617","page","type-page","status-publish","hentry"],"acf":[],"publishpress_future_action":{"enabled":false,"date":"2026-05-11 07:41:05","action":"change-status","newStatus":"draft","terms":[],"taxonomy":"category","extraData":[]},"publishpress_future_workflow_manual_trigger":{"enabledWorkflows":[]},"_links":{"self":[{"href":"https:\/\/www.oaxaca.gob.mx\/salud\/wp-json\/wp\/v2\/pages\/7617","targetHints":{"allow":["GET"]}}],"collection":[{"href":"https:\/\/www.oaxaca.gob.mx\/salud\/wp-json\/wp\/v2\/pages"}],"about":[{"href":"https:\/\/www.oaxaca.gob.mx\/salud\/wp-json\/wp\/v2\/types\/page"}],"author":[{"embeddable":true,"href":"https:\/\/www.oaxaca.gob.mx\/salud\/wp-json\/wp\/v2\/users\/1"}],"replies":[{"embeddable":true,"href":"https:\/\/www.oaxaca.gob.mx\/salud\/wp-json\/wp\/v2\/comments?post=7617"}],"version-history":[{"count":0,"href":"https:\/\/www.oaxaca.gob.mx\/salud\/wp-json\/wp\/v2\/pages\/7617\/revisions"}],"wp:attachment":[{"href":"https:\/\/www.oaxaca.gob.mx\/salud\/wp-json\/wp\/v2\/media?parent=7617"}],"wp:term":[{"taxonomy":"category","embeddable":true,"href":"https:\/\/www.oaxaca.gob.mx\/salud\/wp-json\/wp\/v2\/categories?post=7617"},{"taxonomy":"post_tag","embeddable":true,"href":"https:\/\/www.oaxaca.gob.mx\/salud\/wp-json\/wp\/v2\/tags?post=7617"}],"curies":[{"name":"wp","href":"https:\/\/api.w.org\/{rel}","templated":true}]}}