{"id":743,"date":"2016-02-24T14:41:30","date_gmt":"2016-02-24T20:41:30","guid":{"rendered":"https:\/\/www.oaxaca.gob.mx\/salud\/?page_id=743"},"modified":"2016-02-24T14:41:30","modified_gmt":"2016-02-24T20:41:30","slug":"convocatorias-2016","status":"publish","type":"page","link":"https:\/\/www.oaxaca.gob.mx\/salud\/convocatorias-2016\/","title":{"rendered":"Convocatorias 2016"},"content":{"rendered":"<table border=\"0\">\n<tbody>\n<tr>\n<td>\n<pre id=\"label_art\"><span style=\"color: #333399\">Jornadas M\u00e9dicas y Jornadas de Ex-residentes 2016<\/span> <a href=\"https:\/\/www.oaxaca.gob.mx\/salud\/wp-content\/uploads\/sites\/32\/2016\/05\/JORNADA-ACADEMICA-HAV.jpg\" target=\"_blank\" rel=\"noopener noreferrer\"><i class=\"far fa-file-pdf fa-2x\">&nbsp;<\/i><\/a><\/pre>\n<\/td>\n<\/tr>\n<\/tbody>\n<tbody>\n<tr>\n<td>\n<pre id=\"label_art\"><span style=\"color: #333399\">IV Concurso de Fotograf\u00eda M\u00e9dica 2016<\/span> <a href=\"https:\/\/www.oaxaca.gob.mx\/salud\/wp-content\/uploads\/sites\/32\/2016\/05\/CONVOCATORIA-CONCURSO-HAV.jpg\" target=\"_blank\" rel=\"noopener noreferrer\"><i class=\"far fa-file-pdf fa-2x\">&nbsp;<\/i><\/a><\/pre>\n<\/td>\n<\/tr>\n<\/tbody>\n<tbody>\n<tr>\n<td>\n<pre id=\"label_art\"><span style=\"color: #333399\">Convocatoria Carteles 2016<\/span> <a href=\"https:\/\/www.oaxaca.gob.mx\/salud\/wp-content\/uploads\/sites\/32\/2016\/04\/convocatoria-carteles-2016.pdf\" target=\"_blank\" rel=\"noopener noreferrer\"><i class=\"far fa-file-pdf fa-2x\">&nbsp;<\/i><\/a><\/pre>\n<\/td>\n<\/tr>\n<\/tbody>\n<tbody>\n<tr>\n<td>\n<pre id=\"label_art\"><span style=\"color: #333399\">Convocatoria Fotograf\u00eda 2016<\/span> <a href=\"https:\/\/www.oaxaca.gob.mx\/salud\/wp-content\/uploads\/sites\/32\/2016\/04\/convocatoria-fotografia-2016.pdf\" target=\"_blank\" rel=\"noopener noreferrer\"><i class=\"far fa-file-pdf fa-2x\">&nbsp;<\/i><\/a><\/pre>\n<\/td>\n<\/tr>\n<\/tbody>\n<tbody>\n<tr>\n<td>\n<pre id=\"label_art\"><span style=\"color: #333399\">Convocatoria Triptico Ex-Residentes 2016<\/span> <a href=\"\/salud\/wp-content\/uploads\/2016\/04\/Triptico-EX-RESIDENTES.pdf\" target=\"_blank\" rel=\"noopener noreferrer\"><i class=\"far fa-file-pdf fa-2x\">&nbsp;<\/i><\/a><\/pre>\n<\/td>\n<\/tr>\n<\/tbody>\n<tbody>\n<tr>\n<td>\n<pre id=\"label_art\"><span style=\"color: #333399\">Convocatoria Triptico 2016<\/span> <a href=\"\/salud\/wp-content\/uploads\/2016\/04\/Triptico.pdf\" target=\"_blank\" rel=\"noopener noreferrer\"><i class=\"far fa-file-pdf fa-2x\">&nbsp;<\/i><\/a><\/pre>\n<\/td>\n<\/tr>\n<\/tbody>\n<tbody>\n<tr>\n<td>\n<pre id=\"label_art\"><span style=\"color: #333399\">Convocatoria Lema 2016<\/span> <a href=\"https:\/\/www.oaxaca.gob.mx\/salud\/wp-content\/uploads\/sites\/32\/2016\/04\/LEMA.pdf\" target=\"_blank\" rel=\"noopener noreferrer\"><i class=\"far fa-file-pdf fa-2x\">&nbsp;<\/i><\/a><\/pre>\n<\/td>\n<\/tr>\n<\/tbody>\n<tbody>\n<tr>\n<td>\n<pre id=\"label_art\"><span style=\"color: #333399\">Convocatoria Anestesiolog\u00eda 2016<\/span> <a href=\"\/salud\/wp-content\/uploads\/2016\/02\/CONVOCATORIAS-anestesiologi\u0301a.docx\"><i class=\"far fa-file-pdf fa-2x\">&nbsp;<\/i><\/a><\/pre>\n<\/td>\n<\/tr>\n<\/tbody>\n<tbody>\n<tr>\n<td>\n<pre id=\"label_art\"><span style=\"color: #333399\">Convocatoria Cirug\u00eda 2016<\/span> <a href=\"\/salud\/wp-content\/uploads\/2016\/02\/CONVOCATORIAS-cirugi\u0301a.docx\"><i class=\"far fa-file-pdf fa-2x\">&nbsp;<\/i><\/a><\/pre>\n<\/td>\n<\/tr>\n<\/tbody>\n<tbody>\n<tr>\n<td>\n<pre id=\"label_art\"><span style=\"color: #333399\">Premio al M\u00e9rito 2016<\/span> <a href=\"\/salud\/wp-content\/uploads\/2016\/02\/Premio-al-M\u00e9rito.pdf\" target=\"_blank\" rel=\"noopener noreferrer\"><i class=\"far fa-file-pdf fa-2x\">&nbsp;<\/i><\/a><\/pre>\n<\/td>\n<\/tr>\n<\/tbody>\n<tbody>\n<tr>\n<td>\n<pre id=\"label_art\"><span style=\"color: #333399\">Premio al M\u00e9rito Convocatoria 2016<\/span> <a href=\"\/salud\/wp-content\/uploads\/2016\/02\/Premios-al-M\u00e9rito-Convocatoria.pdf\" target=\"_blank\" rel=\"noopener noreferrer\"><i class=\"far fa-file-pdf fa-2x\">&nbsp;<\/i><\/a><\/pre>\n<\/td>\n<\/tr>\n<\/tbody>\n<tbody>\n<tr>\n<td>\n<pre id=\"label_art\"><span style=\"color: #333399\">Premio Estatal de Investigaci\u00f3n en Salud 2016<\/span> <a href=\"\/salud\/wp-content\/uploads\/2016\/02\/CARTEL PREMIO DE INV 2016_CURVAS.pdf\" target=\"_blank\" rel=\"noopener noreferrer\"><i class=\"far fa-file-pdf fa-2x\">&nbsp;<\/i><\/a><\/pre>\n<\/td>\n<\/tr>\n<\/tbody>\n<\/table>\n","protected":false},"excerpt":{"rendered":"<p>Jornadas M\u00e9dicas y Jornadas de Ex-residentes 2016 &nbsp; IV Concurso de Fotograf\u00eda M\u00e9dica 2016 &nbsp; Convocatoria Carteles 2016 &nbsp; Convocatoria Fotograf\u00eda 2016 &nbsp; Convocatoria Triptico Ex-Residentes 2016 &nbsp; Convocatoria Triptico 2016 &nbsp; Convocatoria Lema 2016 &nbsp; Convocatoria Anestesiolog\u00eda 2016 &nbsp; Convocatoria Cirug\u00eda 2016 &nbsp; Premio al M\u00e9rito 2016 &nbsp; Premio al M\u00e9rito Convocatoria 2016 &nbsp; [&hellip;]<\/p>\n","protected":false},"author":1,"featured_media":0,"parent":0,"menu_order":0,"comment_status":"closed","ping_status":"closed","template":"","meta":{"episode_type":"","audio_file":"","podmotor_file_id":"","podmotor_episode_id":"","cover_image":"","cover_image_id":"","duration":"","filesize":"","filesize_raw":"","date_recorded":"","explicit":"","block":"","itunes_episode_number":"","itunes_title":"","itunes_season_number":"","itunes_episode_type":"","footnotes":""},"categories":[],"tags":[],"class_list":["post-743","page","type-page","status-publish","hentry"],"acf":[],"publishpress_future_action":{"enabled":false,"date":"2026-05-11 07:42:36","action":"change-status","newStatus":"draft","terms":[],"taxonomy":"category","extraData":[]},"publishpress_future_workflow_manual_trigger":{"enabledWorkflows":[]},"_links":{"self":[{"href":"https:\/\/www.oaxaca.gob.mx\/salud\/wp-json\/wp\/v2\/pages\/743","targetHints":{"allow":["GET"]}}],"collection":[{"href":"https:\/\/www.oaxaca.gob.mx\/salud\/wp-json\/wp\/v2\/pages"}],"about":[{"href":"https:\/\/www.oaxaca.gob.mx\/salud\/wp-json\/wp\/v2\/types\/page"}],"author":[{"embeddable":true,"href":"https:\/\/www.oaxaca.gob.mx\/salud\/wp-json\/wp\/v2\/users\/1"}],"replies":[{"embeddable":true,"href":"https:\/\/www.oaxaca.gob.mx\/salud\/wp-json\/wp\/v2\/comments?post=743"}],"version-history":[{"count":0,"href":"https:\/\/www.oaxaca.gob.mx\/salud\/wp-json\/wp\/v2\/pages\/743\/revisions"}],"wp:attachment":[{"href":"https:\/\/www.oaxaca.gob.mx\/salud\/wp-json\/wp\/v2\/media?parent=743"}],"wp:term":[{"taxonomy":"category","embeddable":true,"href":"https:\/\/www.oaxaca.gob.mx\/salud\/wp-json\/wp\/v2\/categories?post=743"},{"taxonomy":"post_tag","embeddable":true,"href":"https:\/\/www.oaxaca.gob.mx\/salud\/wp-json\/wp\/v2\/tags?post=743"}],"curies":[{"name":"wp","href":"https:\/\/api.w.org\/{rel}","templated":true}]}}