{"id":476,"date":"2016-01-20T11:16:18","date_gmt":"2016-01-20T17:16:18","guid":{"rendered":"https:\/\/www.oaxaca.gob.mx\/salud\/?page_id=476"},"modified":"2016-01-20T11:16:18","modified_gmt":"2016-01-20T17:16:18","slug":"volumen-2-numero-1-enero-marzo-2014","status":"publish","type":"page","link":"https:\/\/www.oaxaca.gob.mx\/salud\/volumen-2-numero-1-enero-marzo-2014\/","title":{"rendered":"Volumen 2, N\u00famero 1, (Enero-Marzo 2014)"},"content":{"rendered":"<table border=\"0\">\n<tbody>\n<tr>\n<td>\n<div id=\"label_art\"><strong>Portada N\u00fam. 2 Vol. 1<\/strong> <a href=\"\/salud\/wp-content\/uploads\/sites\/32\/revista\/Revista\/ACISAMED_0201_01_Colaboradores.pdf\"><i class=\"far fa-file-pdf fa-2x\">&nbsp;<\/i><\/a><\/div>\n<\/td>\n<\/tr>\n<\/tbody>\n<\/table>\n<div id=\"separator\"><\/div>\n<table border=\"0\">\n<tbody>\n<tr>\n<td>\n<div id=\"label_vol\"><strong>Volumen 2, N\u00famero 1 (Editorial)<\/strong><\/div>\n<\/td>\n<\/tr>\n<tr>\n<td>\n<div id=\"label_art\">Nuevos logros&#8230; nuevos retos. <a href=\"\/salud\/wp-content\/uploads\/sites\/32\/revista\/Revista\/ACISAMED_0201_03_Editorial1_Editor.pdf\"><i class=\"far fa-file-pdf fa-2x\">&nbsp;<\/i><\/a><\/div>\n<p>Editor en jefe<\/td>\n<\/tr>\n<\/tbody>\n<\/table>\n<div id=\"separator\"><\/div>\n<table border=\"0\">\n<tbody>\n<tr>\n<td>\n<div id=\"label_vol\"><strong>Volumen 2, N\u00famero 1 (Art\u00edculo original)<\/strong><\/div>\n<\/td>\n<\/tr>\n<tr>\n<td>\n<div id=\"label_art\">Identificacio\u00f3n molecular de Bordetella spp. por PCR en tiempo real. <a href=\"\/salud\/wp-content\/uploads\/sites\/32\/revista\/Revista\/ACISAMED_0201_04_Original1_NoriegaBautista.pdf\"><i class=\"far fa-file-pdf fa-2x\">&nbsp;<\/i><\/a><\/div>\n<p>Noriega Bautista Mois\u00e9s, Arellanes Velasco Marisol Florencia, Urbieta M\u00e9ndez Eduardo, V\u00e1squez G\u00f3mez Edith Magaly,Velasco Aquino Virginia Margarita,Ram\u00edrez Palacios Luis Rom\u00e1n.<\/td>\n<\/tr>\n<tr>\n<td>\n<div id=\"label_art\">Morbilidad en hijos de madres diabeticas en el 16 Centro de Especialidades M\u00e9dicas del estado de Veracruz. <a href=\"\/salud\/wp-content\/uploads\/sites\/32\/revista\/Revista\/ACISAMED_0201_05_Original2_OrtizOnofre.pdf\"><i class=\"far fa-file-pdf fa-2x\">&nbsp;<\/i><\/a><\/div>\n<p>Ortiz Onofre Gloria Cristina, Vera Paredes Sara,Alonso Acosta Gerardo.<\/td>\n<\/tr>\n<\/tbody>\n<\/table>\n<div id=\"separator\"><strong>\u00a0<\/strong><\/div>\n<table border=\"0\">\n<tbody>\n<tr>\n<td>\n<div id=\"label_vol\"><strong>Volumen 2, N\u00famero 1 (Art\u00edculo especial)<\/strong><\/div>\n<\/td>\n<\/tr>\n<tr>\n<td>\n<div id=\"label_art\">El consumo de aceites vegetales y la prevenci\u00f3n 22 de enfermedades cardiovasculares. <a href=\"\/salud\/wp-content\/uploads\/sites\/32\/revista\/Revista\/ACISAMED_0201_06_Especial1_BazanSalinas.pdf\"><i class=\"far fa-file-pdf fa-2x\">&nbsp;<\/i><\/a><\/div>\n<p>Baz\u00e1n Salinas Irma Leticia, Mat\u00edas P\u00e9rez Diana,De Gyves Escobar Enrique, Rivera Santiago Jorge, P\u00e9rez Campos Eduardo, Garc\u00eda Montalvo Iv\u00e1n Antonio.<\/td>\n<\/tr>\n<tr>\n<td>\n<div id=\"label_art\">Reflexionar o suprimir. Una cr\u00edtica a la medicina 31 contempor\u00e1nea. <a href=\"\/salud\/wp-content\/uploads\/sites\/32\/revista\/Revista\/ACISAMED_0201_07_Arte1_PalaciosBoix.pdf\"><i class=\"far fa-file-pdf fa-2x\">&nbsp;<\/i><\/a><\/div>\n<p>Palacios Boix Alberto Alfonso.<\/td>\n<\/tr>\n<tr>\n<td>\n<div id=\"label_art\">Identifican receptor celular implicado en la 35 ansiedad y la depresi\u00f3n. <a href=\"\/salud\/wp-content\/uploads\/sites\/32\/revista\/Revista\/ACISAMED_0201_08_InvDesInnov1_VelasquezPaz.pdf\"><i class=\"far fa-file-pdf fa-2x\">&nbsp;<\/i><\/a><\/div>\n<p>Editor en jefe.<\/td>\n<\/tr>\n<\/tbody>\n<\/table>\n<p><a href=\"\/salud\/revista-avance-en-ciencia-salud-y-medicina\/\"><img loading=\"lazy\" decoding=\"async\" class=\"alignleft wp-image-492\" src=\"https:\/\/www.oaxaca.gob.mx\/salud\/wp-content\/uploads\/sites\/32\/2016\/01\/regresar.png\" alt=\"regresar\" width=\"30\" height=\"30\" srcset=\"https:\/\/www.oaxaca.gob.mx\/salud\/wp-content\/uploads\/sites\/32\/2016\/01\/regresar.png 512w, https:\/\/www.oaxaca.gob.mx\/salud\/wp-content\/uploads\/sites\/32\/2016\/01\/regresar-150x150.png 150w, https:\/\/www.oaxaca.gob.mx\/salud\/wp-content\/uploads\/sites\/32\/2016\/01\/regresar-300x300.png 300w\" sizes=\"auto, (max-width: 30px) 100vw, 30px\" \/><\/a>\t\t<\/p>\n","protected":false},"excerpt":{"rendered":"<p>Portada N\u00fam. 2 Vol. 1 &nbsp; Volumen 2, N\u00famero 1 (Editorial) Nuevos logros&#8230; nuevos retos. &nbsp; Editor en jefe Volumen 2, N\u00famero 1 (Art\u00edculo original) Identificacio\u00f3n molecular de Bordetella spp. por PCR en tiempo real. &nbsp; Noriega Bautista Mois\u00e9s, Arellanes Velasco Marisol Florencia, Urbieta M\u00e9ndez Eduardo, V\u00e1squez G\u00f3mez Edith Magaly,Velasco Aquino Virginia Margarita,Ram\u00edrez Palacios Luis [&hellip;]<\/p>\n","protected":false},"author":1,"featured_media":0,"parent":0,"menu_order":0,"comment_status":"closed","ping_status":"closed","template":"","meta":{"episode_type":"","audio_file":"","podmotor_file_id":"","podmotor_episode_id":"","cover_image":"","cover_image_id":"","duration":"","filesize":"","filesize_raw":"","date_recorded":"","explicit":"","block":"","itunes_episode_number":"","itunes_title":"","itunes_season_number":"","itunes_episode_type":"","footnotes":""},"categories":[],"tags":[],"class_list":["post-476","page","type-page","status-publish","hentry"],"acf":[],"publishpress_future_action":{"enabled":false,"date":"2026-05-15 23:25:42","action":"change-status","newStatus":"draft","terms":[],"taxonomy":"category","extraData":[]},"publishpress_future_workflow_manual_trigger":{"enabledWorkflows":[]},"_links":{"self":[{"href":"https:\/\/www.oaxaca.gob.mx\/salud\/wp-json\/wp\/v2\/pages\/476","targetHints":{"allow":["GET"]}}],"collection":[{"href":"https:\/\/www.oaxaca.gob.mx\/salud\/wp-json\/wp\/v2\/pages"}],"about":[{"href":"https:\/\/www.oaxaca.gob.mx\/salud\/wp-json\/wp\/v2\/types\/page"}],"author":[{"embeddable":true,"href":"https:\/\/www.oaxaca.gob.mx\/salud\/wp-json\/wp\/v2\/users\/1"}],"replies":[{"embeddable":true,"href":"https:\/\/www.oaxaca.gob.mx\/salud\/wp-json\/wp\/v2\/comments?post=476"}],"version-history":[{"count":0,"href":"https:\/\/www.oaxaca.gob.mx\/salud\/wp-json\/wp\/v2\/pages\/476\/revisions"}],"wp:attachment":[{"href":"https:\/\/www.oaxaca.gob.mx\/salud\/wp-json\/wp\/v2\/media?parent=476"}],"wp:term":[{"taxonomy":"category","embeddable":true,"href":"https:\/\/www.oaxaca.gob.mx\/salud\/wp-json\/wp\/v2\/categories?post=476"},{"taxonomy":"post_tag","embeddable":true,"href":"https:\/\/www.oaxaca.gob.mx\/salud\/wp-json\/wp\/v2\/tags?post=476"}],"curies":[{"name":"wp","href":"https:\/\/api.w.org\/{rel}","templated":true}]}}