{"id":467,"date":"2016-01-20T10:59:17","date_gmt":"2016-01-20T16:59:17","guid":{"rendered":"https:\/\/www.oaxaca.gob.mx\/salud\/?page_id=467"},"modified":"2016-01-20T10:59:17","modified_gmt":"2016-01-20T16:59:17","slug":"volumen-2-numero-4-octubre-diciembre-2014","status":"publish","type":"page","link":"https:\/\/www.oaxaca.gob.mx\/salud\/volumen-2-numero-4-octubre-diciembre-2014\/","title":{"rendered":"Volumen 2, N\u00famero 4, (Octubre-Diciembre 2014)"},"content":{"rendered":"<table border=\"0\">\n<tbody>\n<tr>\n<td>\n<div id=\"label_art\"><strong>Portada N\u00fam. 2 Vol. 4<\/strong> <a href=\"\/salud\/wp-content\/uploads\/sites\/32\/revista\/Revista\/portada_diciembre2014.pdf\"><i class=\"far fa-file-pdf fa-2x\">&nbsp;<\/i><\/a><\/div>\n<\/td>\n<\/tr>\n<\/tbody>\n<\/table>\n<div id=\"separator\"><\/div>\n<table border=\"0\">\n<tbody>\n<tr>\n<td>\n<div id=\"label_vol\"><strong>Volumen 2, N\u00famero 3 (Original)<\/strong><\/div>\n<\/td>\n<\/tr>\n<tr>\n<td>\n<div id=\"label_art\">Estandarizaci\u00f3n de un protocolo de PCR para la detecci\u00f3n de Leptospirosis aguda. <a href=\"\/salud\/wp-content\/uploads\/sites\/32\/revista\/Revista\/ACISAMED_0204_03_Original1_RamirezPalacios.pdf\"><i class=\"far fa-file-pdf fa-2x\">&nbsp;<\/i><\/a><\/div>\n<p>Ram\u00edrez-Palacios Luis Rom\u00e1Urbieta-M\u00e9ndez Eduardo,V\u00e1squez-G\u00f3mez Edith Magaly, Velasco-Aquino Virginia Margarita, Arellanes-Velasco Marisol Florencia, Ruiz-Jim\u00e9nez Raquel<\/td>\n<\/tr>\n<\/tbody>\n<\/table>\n<div id=\"separator\"><\/div>\n<table border=\"0\">\n<tbody>\n<tr>\n<td>\n<div id=\"label_vol\"><strong>Volumen 2, N\u00famero 4 (Original)<\/strong><\/div>\n<\/td>\n<\/tr>\n<tr>\n<td>\n<div id=\"label_art\">Atenci\u00f3n tanatol\u00f3gica: una experiencia en el Hospital Regional Presidente Ju\u00e1rez del ISSSTE en Oaxaca <a href=\"\/salud\/wp-content\/uploads\/sites\/32\/revista\/Revista\/ACISAMED_0204_04_Original2_AzconaCruz.pdf\"><i class=\"far fa-file-pdf fa-2x\">&nbsp;<\/i><\/a><\/div>\n<p>Azcona-Cruz Mar\u00eda Isabel, Cacique-S\u00e1nchez Consuelo, Escobar-Ruiz Tania, Dur\u00e1n-Rodr\u00edguez Agustina Juana, Vicente-Flores Gabriela<\/td>\n<\/tr>\n<\/tbody>\n<\/table>\n<div id=\"separator\"><\/div>\n<table border=\"0\">\n<tbody>\n<tr>\n<td>\n<div id=\"label_vol\"><strong>Volumen 2, N\u00famero 5 (Art\u00edculo especial)<\/strong><\/div>\n<\/td>\n<\/tr>\n<tr>\n<td>\n<div id=\"label_art\">Obstetricia azteca, Ritos y manejos desde el embarazo hasta el trabajo de parto.<a href=\"\/salud\/wp-content\/uploads\/sites\/32\/revista\/Revista\/ACISAMED_0204_05_Especial1_RojasGranados.pdf\"><i class=\"far fa-file-pdf fa-2x\">&nbsp;<\/i><\/a><\/div>\n<p>Rojas Granados Adelina, Octavio Lescas M\u00e9ndez, Manuel S\u00e1nchez S\u00e1nchez, Manuel \u00c1ngeles Castellanos<\/td>\n<\/tr>\n<\/tbody>\n<\/table>\n<div id=\"separator\"><\/div>\n<table border=\"0\">\n<tbody>\n<tr>\n<td>\n<div id=\"label_vol\"><strong>El Arte de la Ciencia<\/strong><\/div>\n<\/td>\n<\/tr>\n<tr>\n<td>\n<div id=\"label_art\">La historia que ya no se quiere contar <a href=\"\/salud\/wp-content\/uploads\/sites\/32\/revista\/Revista\/ACISAMED_0204_06_Arte1_MunozFernandez.pdf\"><i class=\"far fa-file-pdf fa-2x\">&nbsp;<\/i><\/a><\/div>\n<p>Mu\u00f1oz-Fern\u00e1ndez Luis.<\/td>\n<\/tr>\n<\/tbody>\n<\/table>\n<div id=\"separator\"><\/div>\n<table border=\"0\">\n<tbody>\n<tr>\n<td>\n<div id=\"label_vol\"><strong>Volumen 2, N\u00famero 7 (Caso Cl\u00ednico Patol\u00f3gico)<\/strong><\/div>\n<\/td>\n<\/tr>\n<tr>\n<td>\n<div id=\"label_art\">Abordaje diagn\u00f3stico molecular en una paciente con obesidad, discapacidad intelectual y otras manifesta- ciones cl\u00ednicas. <a href=\"\/salud\/wp-content\/uploads\/sites\/32\/revista\/Revista\/ACISAMED_0204_07_CasoClinPat1_VelasquezWong.pdf\"><i class=\"far fa-file-pdf fa-2x\">&nbsp;<\/i><\/a><\/div>\n<p>Vel\u00e1zquez-Wong Ana Claudia, Araujo-Sol\u00eds Mar\u00eda Antonieta, Esparza-Garrido Ruth Ruiz, Vel\u00e1zquez-Flores Miguel \u00c1ngel, Huicochea-Montiel Juan Carlos, C\u00e1rdenas-Conejo Alan, Salamanca-G\u00f3mez Fabio<\/td>\n<\/tr>\n<\/tbody>\n<\/table>\n<p><a href=\"\/salud\/revista-avance-en-ciencia-salud-y-medicina\/\"><img loading=\"lazy\" decoding=\"async\" class=\"alignleft wp-image-492\" src=\"https:\/\/www.oaxaca.gob.mx\/salud\/wp-content\/uploads\/sites\/32\/2016\/01\/regresar.png\" alt=\"regresar\" width=\"30\" height=\"30\" srcset=\"https:\/\/www.oaxaca.gob.mx\/salud\/wp-content\/uploads\/sites\/32\/2016\/01\/regresar.png 512w, https:\/\/www.oaxaca.gob.mx\/salud\/wp-content\/uploads\/sites\/32\/2016\/01\/regresar-150x150.png 150w, https:\/\/www.oaxaca.gob.mx\/salud\/wp-content\/uploads\/sites\/32\/2016\/01\/regresar-300x300.png 300w\" sizes=\"auto, (max-width: 30px) 100vw, 30px\" \/><\/a>\t\t<\/p>\n","protected":false},"excerpt":{"rendered":"<p>Portada N\u00fam. 2 Vol. 4 &nbsp; Volumen 2, N\u00famero 3 (Original) Estandarizaci\u00f3n de un protocolo de PCR para la detecci\u00f3n de Leptospirosis aguda. &nbsp; Ram\u00edrez-Palacios Luis Rom\u00e1Urbieta-M\u00e9ndez Eduardo,V\u00e1squez-G\u00f3mez Edith Magaly, Velasco-Aquino Virginia Margarita, Arellanes-Velasco Marisol Florencia, Ruiz-Jim\u00e9nez Raquel Volumen 2, N\u00famero 4 (Original) Atenci\u00f3n tanatol\u00f3gica: una experiencia en el Hospital Regional Presidente Ju\u00e1rez del ISSSTE [&hellip;]<\/p>\n","protected":false},"author":1,"featured_media":0,"parent":0,"menu_order":0,"comment_status":"closed","ping_status":"closed","template":"","meta":{"episode_type":"","audio_file":"","podmotor_file_id":"","podmotor_episode_id":"","cover_image":"","cover_image_id":"","duration":"","filesize":"","filesize_raw":"","date_recorded":"","explicit":"","block":"","itunes_episode_number":"","itunes_title":"","itunes_season_number":"","itunes_episode_type":"","footnotes":""},"categories":[],"tags":[],"class_list":["post-467","page","type-page","status-publish","hentry"],"acf":[],"publishpress_future_action":{"enabled":false,"date":"2026-05-11 11:59:49","action":"change-status","newStatus":"draft","terms":[],"taxonomy":"category","extraData":[]},"publishpress_future_workflow_manual_trigger":{"enabledWorkflows":[]},"_links":{"self":[{"href":"https:\/\/www.oaxaca.gob.mx\/salud\/wp-json\/wp\/v2\/pages\/467","targetHints":{"allow":["GET"]}}],"collection":[{"href":"https:\/\/www.oaxaca.gob.mx\/salud\/wp-json\/wp\/v2\/pages"}],"about":[{"href":"https:\/\/www.oaxaca.gob.mx\/salud\/wp-json\/wp\/v2\/types\/page"}],"author":[{"embeddable":true,"href":"https:\/\/www.oaxaca.gob.mx\/salud\/wp-json\/wp\/v2\/users\/1"}],"replies":[{"embeddable":true,"href":"https:\/\/www.oaxaca.gob.mx\/salud\/wp-json\/wp\/v2\/comments?post=467"}],"version-history":[{"count":0,"href":"https:\/\/www.oaxaca.gob.mx\/salud\/wp-json\/wp\/v2\/pages\/467\/revisions"}],"wp:attachment":[{"href":"https:\/\/www.oaxaca.gob.mx\/salud\/wp-json\/wp\/v2\/media?parent=467"}],"wp:term":[{"taxonomy":"category","embeddable":true,"href":"https:\/\/www.oaxaca.gob.mx\/salud\/wp-json\/wp\/v2\/categories?post=467"},{"taxonomy":"post_tag","embeddable":true,"href":"https:\/\/www.oaxaca.gob.mx\/salud\/wp-json\/wp\/v2\/tags?post=467"}],"curies":[{"name":"wp","href":"https:\/\/api.w.org\/{rel}","templated":true}]}}