{"id":250,"date":"2015-12-17T13:57:20","date_gmt":"2015-12-17T19:57:20","guid":{"rendered":"http:\/\/sipevo.plataformagob.net\/?page_id=250"},"modified":"2015-12-17T13:57:20","modified_gmt":"2015-12-17T19:57:20","slug":"programas-de-atencion-medica","status":"publish","type":"page","link":"https:\/\/www.oaxaca.gob.mx\/salud\/programas-de-atencion-medica\/","title":{"rendered":"Programas de Atenci\u00f3n M\u00e9dica"},"content":{"rendered":"<p>\t\t\t\tOtorgar la prestaci\u00f3n de servicios de atenci\u00f3n m\u00e9dica, medicamentos, material de curaci\u00f3n, equipo e instrumental y mobiliario m\u00e9dico, a la poblaci\u00f3n sin servicios formales de salud, acorde a la normatividad vigente y propiciar una relaci\u00f3n confiable entre el prestador del servicio y el usuario.<\/p>\n<p>&nbsp;\t\t<\/p>\n","protected":false},"excerpt":{"rendered":"<p>Otorgar la prestaci\u00f3n de servicios de atenci\u00f3n m\u00e9dica, medicamentos, material de curaci\u00f3n, equipo e instrumental y mobiliario m\u00e9dico, a la poblaci\u00f3n sin servicios formales de salud, acorde a la normatividad vigente y propiciar una relaci\u00f3n confiable entre el prestador del servicio y el usuario. &nbsp;<\/p>\n","protected":false},"author":1,"featured_media":0,"parent":0,"menu_order":0,"comment_status":"closed","ping_status":"closed","template":"","meta":{"episode_type":"","audio_file":"","podmotor_file_id":"","podmotor_episode_id":"","cover_image":"","cover_image_id":"","duration":"","filesize":"","filesize_raw":"","date_recorded":"","explicit":"","block":"","itunes_episode_number":"","itunes_title":"","itunes_season_number":"","itunes_episode_type":"","footnotes":""},"categories":[],"tags":[],"class_list":["post-250","page","type-page","status-publish","hentry"],"acf":[],"publishpress_future_action":{"enabled":false,"date":"2026-05-11 07:42:08","action":"change-status","newStatus":"draft","terms":[],"taxonomy":"category","extraData":[]},"publishpress_future_workflow_manual_trigger":{"enabledWorkflows":[]},"_links":{"self":[{"href":"https:\/\/www.oaxaca.gob.mx\/salud\/wp-json\/wp\/v2\/pages\/250","targetHints":{"allow":["GET"]}}],"collection":[{"href":"https:\/\/www.oaxaca.gob.mx\/salud\/wp-json\/wp\/v2\/pages"}],"about":[{"href":"https:\/\/www.oaxaca.gob.mx\/salud\/wp-json\/wp\/v2\/types\/page"}],"author":[{"embeddable":true,"href":"https:\/\/www.oaxaca.gob.mx\/salud\/wp-json\/wp\/v2\/users\/1"}],"replies":[{"embeddable":true,"href":"https:\/\/www.oaxaca.gob.mx\/salud\/wp-json\/wp\/v2\/comments?post=250"}],"version-history":[{"count":0,"href":"https:\/\/www.oaxaca.gob.mx\/salud\/wp-json\/wp\/v2\/pages\/250\/revisions"}],"wp:attachment":[{"href":"https:\/\/www.oaxaca.gob.mx\/salud\/wp-json\/wp\/v2\/media?parent=250"}],"wp:term":[{"taxonomy":"category","embeddable":true,"href":"https:\/\/www.oaxaca.gob.mx\/salud\/wp-json\/wp\/v2\/categories?post=250"},{"taxonomy":"post_tag","embeddable":true,"href":"https:\/\/www.oaxaca.gob.mx\/salud\/wp-json\/wp\/v2\/tags?post=250"}],"curies":[{"name":"wp","href":"https:\/\/api.w.org\/{rel}","templated":true}]}}