{"id":124,"date":"2015-12-10T14:01:27","date_gmt":"2015-12-10T20:01:27","guid":{"rendered":"http:\/\/localhost\/salud_oaxaca\/?page_id=124"},"modified":"2015-12-10T14:01:27","modified_gmt":"2015-12-10T20:01:27","slug":"direccion-de-prevencion-y-promocion-de-la-salud","status":"publish","type":"page","link":"https:\/\/www.oaxaca.gob.mx\/salud\/direccion-de-prevencion-y-promocion-de-la-salud\/","title":{"rendered":"Direcci\u00f3n de Prevenci\u00f3n y Promoci\u00f3n de la Salud"},"content":{"rendered":"<p>\t\t\t\t<strong>Objetivo <\/strong><\/p>\n<p>Verificar el mejoramiento de las condiciones de salud de la poblaci\u00f3n a trav\u00e9s de la coordinaci\u00f3n de actividades multisectoriales sobre los determinantes de la salud de la poblaci\u00f3n, con el fin de concretar acciones de prevenci\u00f3n, detecci\u00f3n oportuna, control y seguimiento de las enfermedades que afectan a la poblaci\u00f3n infantil y adolescente, as\u00ed como de las enfermedades transmitidas por vector, logrando la participaci\u00f3n corresponsable en el mantenimiento y mejoramiento del bienestar.<\/p>\n<p><strong>Contacto<\/strong><\/p>\n<p>Direcci\u00f3n: Miguel Cabrera No. 514 C.P. 68000, Col. Centro, Oaxaca de Ju\u00e1rez, Oax.<br \/>\nTel\u00e9fono: (951) 513 6456, 515 9285, 518 5539\t\t<\/p>\n","protected":false},"excerpt":{"rendered":"<p>Objetivo Verificar el mejoramiento de las condiciones de salud de la poblaci\u00f3n a trav\u00e9s de la coordinaci\u00f3n de actividades multisectoriales sobre los determinantes de la salud de la poblaci\u00f3n, con el fin de concretar acciones de prevenci\u00f3n, detecci\u00f3n oportuna, control y seguimiento de las enfermedades que afectan a la poblaci\u00f3n infantil y adolescente, as\u00ed como [&hellip;]<\/p>\n","protected":false},"author":1,"featured_media":0,"parent":0,"menu_order":0,"comment_status":"closed","ping_status":"closed","template":"","meta":{"episode_type":"","audio_file":"","podmotor_file_id":"","podmotor_episode_id":"","cover_image":"","cover_image_id":"","duration":"","filesize":"","filesize_raw":"","date_recorded":"","explicit":"","block":"","itunes_episode_number":"","itunes_title":"","itunes_season_number":"","itunes_episode_type":"","footnotes":""},"categories":[],"tags":[],"class_list":["post-124","page","type-page","status-publish","hentry"],"acf":[],"publishpress_future_action":{"enabled":false,"date":"2026-05-11 07:40:17","action":"change-status","newStatus":"draft","terms":[],"taxonomy":"category","extraData":[]},"publishpress_future_workflow_manual_trigger":{"enabledWorkflows":[]},"_links":{"self":[{"href":"https:\/\/www.oaxaca.gob.mx\/salud\/wp-json\/wp\/v2\/pages\/124","targetHints":{"allow":["GET"]}}],"collection":[{"href":"https:\/\/www.oaxaca.gob.mx\/salud\/wp-json\/wp\/v2\/pages"}],"about":[{"href":"https:\/\/www.oaxaca.gob.mx\/salud\/wp-json\/wp\/v2\/types\/page"}],"author":[{"embeddable":true,"href":"https:\/\/www.oaxaca.gob.mx\/salud\/wp-json\/wp\/v2\/users\/1"}],"replies":[{"embeddable":true,"href":"https:\/\/www.oaxaca.gob.mx\/salud\/wp-json\/wp\/v2\/comments?post=124"}],"version-history":[{"count":0,"href":"https:\/\/www.oaxaca.gob.mx\/salud\/wp-json\/wp\/v2\/pages\/124\/revisions"}],"wp:attachment":[{"href":"https:\/\/www.oaxaca.gob.mx\/salud\/wp-json\/wp\/v2\/media?parent=124"}],"wp:term":[{"taxonomy":"category","embeddable":true,"href":"https:\/\/www.oaxaca.gob.mx\/salud\/wp-json\/wp\/v2\/categories?post=124"},{"taxonomy":"post_tag","embeddable":true,"href":"https:\/\/www.oaxaca.gob.mx\/salud\/wp-json\/wp\/v2\/tags?post=124"}],"curies":[{"name":"wp","href":"https:\/\/api.w.org\/{rel}","templated":true}]}}