{"id":12160,"date":"2025-02-11T12:20:06","date_gmt":"2025-02-11T18:20:06","guid":{"rendered":"https:\/\/www.oaxaca.gob.mx\/salud\/?page_id=12160"},"modified":"2026-04-16T09:51:02","modified_gmt":"2026-04-16T15:51:02","slug":"mir","status":"publish","type":"page","link":"https:\/\/www.oaxaca.gob.mx\/salud\/mir\/","title":{"rendered":"MIR"},"content":{"rendered":"<p><b>Matriz de Indicadores de Resultados<\/b> <b>(MIR)<\/b><b>.<\/b><\/p>\n<p>&nbsp;<\/p>\n<table border=\"0\" width=\"550\" align=\"center\">\n<tbody>\n<tr>\n<td align=\"left\"><strong>A\u00f1o 2026<\/strong><\/td>\n<\/tr>\n<tr>\n<td><strong>REPORTE DE INDICADORES DE AVANCE DE GESTI\u00d3N.<\/strong><\/p>\n<p><a href=\"https:\/\/www.oaxaca.gob.mx\/salud\/wp-content\/uploads\/sites\/32\/2026\/04\/MIR.zip\" target=\"_blank\" rel=\"noopener noreferrer\">-MIR Inicial.<\/a><br \/>\n<a href=\"https:\/\/www.oaxaca.gob.mx\/salud\/wp-content\/uploads\/sites\/32\/2026\/04\/MIR.zip\" target=\"_blank\" rel=\"noopener noreferrer\">-1er Trimestre 2026<\/a><\/td>\n<\/tr>\n<tr>\n<td align=\"left\"><strong>A\u00f1o 2025<\/strong><\/td>\n<\/tr>\n<tr>\n<td><strong>REPORTE DE INDICADORES DE AVANCE DE GESTI\u00d3N.<\/strong><\/p>\n<p><a href=\"https:\/\/www.oaxaca.gob.mx\/salud\/wp-content\/uploads\/sites\/32\/2025\/07\/MIR-INICIAL.zip\" target=\"_blank\" rel=\"noopener noreferrer\">-MIR Inicial.<\/a><br \/>\n<a href=\"https:\/\/www.oaxaca.gob.mx\/salud\/wp-content\/uploads\/sites\/32\/2025\/07\/1ER-TRIM-2025.zip\" target=\"_blank\" rel=\"noopener noreferrer\">-1er Trimestre 2025.<\/a><br \/>\n<a href=\"https:\/\/www.oaxaca.gob.mx\/salud\/wp-content\/uploads\/sites\/32\/2025\/07\/2DO-TRIM-2025.zip\" target=\"_blank\" rel=\"noopener noreferrer\">-2do Trimestre 2025.<\/a><br \/>\n<a href=\"https:\/\/www.oaxaca.gob.mx\/salud\/wp-content\/uploads\/sites\/32\/2025\/10\/MIR-3T.zip\" target=\"_blank\" rel=\"noopener noreferrer\">-3er Trimestre 2025.<\/a><br \/>\n<a href=\"https:\/\/www.oaxaca.gob.mx\/salud\/wp-content\/uploads\/sites\/32\/2026\/01\/MIR-4TO.zip\" target=\"_blank\" rel=\"noopener noreferrer\">-4to Trimestre 2025.<\/a><\/td>\n<\/tr>\n<tr>\n<td align=\"left\"><strong>A\u00f1o 2024<\/strong><\/td>\n<\/tr>\n<tr>\n<td><strong>REPORTE DE INDICADORES DE AVANCE DE GESTI\u00d3N.<\/strong><\/p>\n<p><a href=\"https:\/\/www.oaxaca.gob.mx\/salud\/wp-content\/uploads\/sites\/32\/2025\/02\/M.I.R.-2024-20250204T234627Z-001.zip\" target=\"_blank\" rel=\"noopener noreferrer\">-MIR Inicial.<\/a><br \/>\n<a href=\"https:\/\/www.oaxaca.gob.mx\/salud\/wp-content\/uploads\/sites\/32\/2025\/02\/MIR-SEGUIMIENTO-1ER.-TRIMESTRE-2024-20250204T235135Z-001.zip\" target=\"_blank\" rel=\"noopener noreferrer\">-1er Trimestre 2024.<\/a><br \/>\n<a href=\"https:\/\/www.oaxaca.gob.mx\/salud\/wp-content\/uploads\/sites\/32\/2025\/02\/MIR-SEGUIMIENTO-2DO.-TRIMESTRE-2024-20250204T235048Z-001.zip\" target=\"_blank\" rel=\"noopener noreferrer\">-2do Semestre 2024.<\/a><br \/>\n<a href=\"https:\/\/www.oaxaca.gob.mx\/salud\/wp-content\/uploads\/sites\/32\/2025\/02\/MIR-SEGUIMIENTO-3ER.-TRIMESTRE-2024-20250204T234859Z-001.zip\" target=\"_blank\" rel=\"noopener noreferrer\">-3er Trimestre 2024.<\/a><\/td>\n<\/tr>\n<\/tbody>\n<\/table>\n","protected":false},"excerpt":{"rendered":"<p>Matriz de Indicadores de Resultados (MIR). &nbsp; A\u00f1o 2026 REPORTE DE INDICADORES DE AVANCE DE GESTI\u00d3N. -MIR Inicial. -1er Trimestre 2026 A\u00f1o 2025 REPORTE DE INDICADORES DE AVANCE DE GESTI\u00d3N. -MIR Inicial. -1er Trimestre 2025. -2do Trimestre 2025. -3er Trimestre 2025. -4to Trimestre 2025. A\u00f1o 2024 REPORTE DE INDICADORES DE AVANCE DE GESTI\u00d3N. -MIR Inicial. [&hellip;]<\/p>\n","protected":false},"author":41,"featured_media":0,"parent":0,"menu_order":0,"comment_status":"closed","ping_status":"closed","template":"","meta":{"episode_type":"","audio_file":"","podmotor_file_id":"","podmotor_episode_id":"","cover_image":"","cover_image_id":"","duration":"","filesize":"","filesize_raw":"","date_recorded":"","explicit":"","block":"","itunes_episode_number":"","itunes_title":"","itunes_season_number":"","itunes_episode_type":"","footnotes":""},"categories":[],"tags":[],"class_list":["post-12160","page","type-page","status-publish","hentry"],"acf":[],"publishpress_future_action":{"enabled":false,"date":"2026-05-11 15:10:20","action":"change-status","newStatus":"draft","terms":[],"taxonomy":"category","extraData":[]},"publishpress_future_workflow_manual_trigger":{"enabledWorkflows":[]},"_links":{"self":[{"href":"https:\/\/www.oaxaca.gob.mx\/salud\/wp-json\/wp\/v2\/pages\/12160","targetHints":{"allow":["GET"]}}],"collection":[{"href":"https:\/\/www.oaxaca.gob.mx\/salud\/wp-json\/wp\/v2\/pages"}],"about":[{"href":"https:\/\/www.oaxaca.gob.mx\/salud\/wp-json\/wp\/v2\/types\/page"}],"author":[{"embeddable":true,"href":"https:\/\/www.oaxaca.gob.mx\/salud\/wp-json\/wp\/v2\/users\/41"}],"replies":[{"embeddable":true,"href":"https:\/\/www.oaxaca.gob.mx\/salud\/wp-json\/wp\/v2\/comments?post=12160"}],"version-history":[{"count":2,"href":"https:\/\/www.oaxaca.gob.mx\/salud\/wp-json\/wp\/v2\/pages\/12160\/revisions"}],"predecessor-version":[{"id":14014,"href":"https:\/\/www.oaxaca.gob.mx\/salud\/wp-json\/wp\/v2\/pages\/12160\/revisions\/14014"}],"wp:attachment":[{"href":"https:\/\/www.oaxaca.gob.mx\/salud\/wp-json\/wp\/v2\/media?parent=12160"}],"wp:term":[{"taxonomy":"category","embeddable":true,"href":"https:\/\/www.oaxaca.gob.mx\/salud\/wp-json\/wp\/v2\/categories?post=12160"},{"taxonomy":"post_tag","embeddable":true,"href":"https:\/\/www.oaxaca.gob.mx\/salud\/wp-json\/wp\/v2\/tags?post=12160"}],"curies":[{"name":"wp","href":"https:\/\/api.w.org\/{rel}","templated":true}]}}