{"id":118,"date":"2015-12-10T12:59:21","date_gmt":"2015-12-10T18:59:21","guid":{"rendered":"http:\/\/localhost\/salud_oaxaca\/?page_id=118"},"modified":"2015-12-10T12:59:21","modified_gmt":"2015-12-10T18:59:21","slug":"h1","status":"publish","type":"page","link":"https:\/\/www.oaxaca.gob.mx\/salud\/h1\/","title":{"rendered":"Direcci\u00f3n de Asuntos Jur\u00eddicos"},"content":{"rendered":"<p>\t\t\t\t<strong>Objetivo<\/strong><\/p>\n<p>Otorgar consultor\u00eda, asesor\u00eda y solventaci\u00f3n jur\u00eddica a las \u00e1reas administrativas y unidades m\u00e9dicas que conforman los SSO; con apego al cumplimiento de las leyes, reglamentos y normas existentes.<\/p>\n<p><strong>Contacto<\/strong><\/p>\n<p>Direcci\u00f3n: Priv. de La Paz No. 101, C.P. 68070, Col. Figueroa, Oaxaca de Ju\u00e1rez, Oax.<br \/>\nTel\u00e9fono: (951) 515 6716<\/p>\n<p>&nbsp;\t\t<\/p>\n","protected":false},"excerpt":{"rendered":"<p>Objetivo Otorgar consultor\u00eda, asesor\u00eda y solventaci\u00f3n jur\u00eddica a las \u00e1reas administrativas y unidades m\u00e9dicas que conforman los SSO; con apego al cumplimiento de las leyes, reglamentos y normas existentes. Contacto Direcci\u00f3n: Priv. de La Paz No. 101, C.P. 68070, Col. Figueroa, Oaxaca de Ju\u00e1rez, Oax. Tel\u00e9fono: (951) 515 6716 &nbsp;<\/p>\n","protected":false},"author":1,"featured_media":0,"parent":0,"menu_order":0,"comment_status":"closed","ping_status":"closed","template":"","meta":{"episode_type":"","audio_file":"","podmotor_file_id":"","podmotor_episode_id":"","cover_image":"","cover_image_id":"","duration":"","filesize":"","filesize_raw":"","date_recorded":"","explicit":"","block":"","itunes_episode_number":"","itunes_title":"","itunes_season_number":"","itunes_episode_type":"","footnotes":""},"categories":[],"tags":[],"class_list":["post-118","page","type-page","status-publish","hentry"],"acf":[],"publishpress_future_action":{"enabled":false,"date":"2026-05-11 07:41:04","action":"change-status","newStatus":"draft","terms":[],"taxonomy":"category","extraData":[]},"publishpress_future_workflow_manual_trigger":{"enabledWorkflows":[]},"_links":{"self":[{"href":"https:\/\/www.oaxaca.gob.mx\/salud\/wp-json\/wp\/v2\/pages\/118","targetHints":{"allow":["GET"]}}],"collection":[{"href":"https:\/\/www.oaxaca.gob.mx\/salud\/wp-json\/wp\/v2\/pages"}],"about":[{"href":"https:\/\/www.oaxaca.gob.mx\/salud\/wp-json\/wp\/v2\/types\/page"}],"author":[{"embeddable":true,"href":"https:\/\/www.oaxaca.gob.mx\/salud\/wp-json\/wp\/v2\/users\/1"}],"replies":[{"embeddable":true,"href":"https:\/\/www.oaxaca.gob.mx\/salud\/wp-json\/wp\/v2\/comments?post=118"}],"version-history":[{"count":0,"href":"https:\/\/www.oaxaca.gob.mx\/salud\/wp-json\/wp\/v2\/pages\/118\/revisions"}],"wp:attachment":[{"href":"https:\/\/www.oaxaca.gob.mx\/salud\/wp-json\/wp\/v2\/media?parent=118"}],"wp:term":[{"taxonomy":"category","embeddable":true,"href":"https:\/\/www.oaxaca.gob.mx\/salud\/wp-json\/wp\/v2\/categories?post=118"},{"taxonomy":"post_tag","embeddable":true,"href":"https:\/\/www.oaxaca.gob.mx\/salud\/wp-json\/wp\/v2\/tags?post=118"}],"curies":[{"name":"wp","href":"https:\/\/api.w.org\/{rel}","templated":true}]}}